-- EXPORT FOR: 1;

TRUNCATE TABLE `oc_attribute`;

INSERT INTO `oc_attribute` (`attribute_id`, `attribute_group_id`, `sort_order`) VALUES ('1', '6', '1');
INSERT INTO `oc_attribute` (`attribute_id`, `attribute_group_id`, `sort_order`) VALUES ('2', '6', '5');
INSERT INTO `oc_attribute` (`attribute_id`, `attribute_group_id`, `sort_order`) VALUES ('3', '6', '3');
INSERT INTO `oc_attribute` (`attribute_id`, `attribute_group_id`, `sort_order`) VALUES ('4', '3', '1');
INSERT INTO `oc_attribute` (`attribute_id`, `attribute_group_id`, `sort_order`) VALUES ('5', '3', '2');
INSERT INTO `oc_attribute` (`attribute_id`, `attribute_group_id`, `sort_order`) VALUES ('6', '3', '3');
INSERT INTO `oc_attribute` (`attribute_id`, `attribute_group_id`, `sort_order`) VALUES ('7', '3', '4');
INSERT INTO `oc_attribute` (`attribute_id`, `attribute_group_id`, `sort_order`) VALUES ('8', '3', '5');
INSERT INTO `oc_attribute` (`attribute_id`, `attribute_group_id`, `sort_order`) VALUES ('9', '3', '6');
INSERT INTO `oc_attribute` (`attribute_id`, `attribute_group_id`, `sort_order`) VALUES ('10', '3', '7');
INSERT INTO `oc_attribute` (`attribute_id`, `attribute_group_id`, `sort_order`) VALUES ('11', '3', '8');
INSERT INTO `oc_attribute` (`attribute_id`, `attribute_group_id`, `sort_order`) VALUES ('12', '7', '0');
INSERT INTO `oc_attribute` (`attribute_id`, `attribute_group_id`, `sort_order`) VALUES ('13', '7', '0');
INSERT INTO `oc_attribute` (`attribute_id`, `attribute_group_id`, `sort_order`) VALUES ('14', '7', '0');
INSERT INTO `oc_attribute` (`attribute_id`, `attribute_group_id`, `sort_order`) VALUES ('15', '7', '0');
INSERT INTO `oc_attribute` (`attribute_id`, `attribute_group_id`, `sort_order`) VALUES ('23', '7', '0');
INSERT INTO `oc_attribute` (`attribute_id`, `attribute_group_id`, `sort_order`) VALUES ('22', '7', '0');
INSERT INTO `oc_attribute` (`attribute_id`, `attribute_group_id`, `sort_order`) VALUES ('24', '3', '0');
INSERT INTO `oc_attribute` (`attribute_id`, `attribute_group_id`, `sort_order`) VALUES ('25', '3', '0');
INSERT INTO `oc_attribute` (`attribute_id`, `attribute_group_id`, `sort_order`) VALUES ('26', '7', '0');
INSERT INTO `oc_attribute` (`attribute_id`, `attribute_group_id`, `sort_order`) VALUES ('27', '7', '0');


TRUNCATE TABLE `oc_attribute_description`;

INSERT INTO `oc_attribute_description` (`attribute_id`, `language_id`, `name`) VALUES ('1', '1', 'Description');
INSERT INTO `oc_attribute_description` (`attribute_id`, `language_id`, `name`) VALUES ('2', '1', 'No. of Cores');
INSERT INTO `oc_attribute_description` (`attribute_id`, `language_id`, `name`) VALUES ('4', '1', 'test 1');
INSERT INTO `oc_attribute_description` (`attribute_id`, `language_id`, `name`) VALUES ('5', '1', 'test 2');
INSERT INTO `oc_attribute_description` (`attribute_id`, `language_id`, `name`) VALUES ('6', '1', 'test 3');
INSERT INTO `oc_attribute_description` (`attribute_id`, `language_id`, `name`) VALUES ('7', '1', 'test 4');
INSERT INTO `oc_attribute_description` (`attribute_id`, `language_id`, `name`) VALUES ('8', '1', 'test 5');
INSERT INTO `oc_attribute_description` (`attribute_id`, `language_id`, `name`) VALUES ('9', '1', 'test 6');
INSERT INTO `oc_attribute_description` (`attribute_id`, `language_id`, `name`) VALUES ('10', '1', 'test 7');
INSERT INTO `oc_attribute_description` (`attribute_id`, `language_id`, `name`) VALUES ('11', '1', 'test 8');
INSERT INTO `oc_attribute_description` (`attribute_id`, `language_id`, `name`) VALUES ('3', '1', 'Clockspeed');
INSERT INTO `oc_attribute_description` (`attribute_id`, `language_id`, `name`) VALUES ('12', '1', 'Occasion');
INSERT INTO `oc_attribute_description` (`attribute_id`, `language_id`, `name`) VALUES ('13', '1', 'Style');
INSERT INTO `oc_attribute_description` (`attribute_id`, `language_id`, `name`) VALUES ('14', '1', 'Dress Length');
INSERT INTO `oc_attribute_description` (`attribute_id`, `language_id`, `name`) VALUES ('15', '1', 'Material');
INSERT INTO `oc_attribute_description` (`attribute_id`, `language_id`, `name`) VALUES ('23', '1', 'Type');
INSERT INTO `oc_attribute_description` (`attribute_id`, `language_id`, `name`) VALUES ('22', '1', 'Taste');
INSERT INTO `oc_attribute_description` (`attribute_id`, `language_id`, `name`) VALUES ('24', '1', 'Ingredients');
INSERT INTO `oc_attribute_description` (`attribute_id`, `language_id`, `name`) VALUES ('25', '1', 'Hot / Cold');
INSERT INTO `oc_attribute_description` (`attribute_id`, `language_id`, `name`) VALUES ('26', '1', 'Attribute 1');
INSERT INTO `oc_attribute_description` (`attribute_id`, `language_id`, `name`) VALUES ('27', '1', 'Attribute 2');
INSERT INTO `oc_attribute_description` (`attribute_id`, `language_id`, `name`) VALUES ('23', '3', 'Type');
INSERT INTO `oc_attribute_description` (`attribute_id`, `language_id`, `name`) VALUES ('15', '3', 'Material');
INSERT INTO `oc_attribute_description` (`attribute_id`, `language_id`, `name`) VALUES ('14', '3', 'Dress Length');
INSERT INTO `oc_attribute_description` (`attribute_id`, `language_id`, `name`) VALUES ('13', '3', 'Style');
INSERT INTO `oc_attribute_description` (`attribute_id`, `language_id`, `name`) VALUES ('12', '3', 'Occasion');
INSERT INTO `oc_attribute_description` (`attribute_id`, `language_id`, `name`) VALUES ('3', '3', 'Clockspeed');
INSERT INTO `oc_attribute_description` (`attribute_id`, `language_id`, `name`) VALUES ('11', '3', 'test 8');
INSERT INTO `oc_attribute_description` (`attribute_id`, `language_id`, `name`) VALUES ('10', '3', 'test 7');
INSERT INTO `oc_attribute_description` (`attribute_id`, `language_id`, `name`) VALUES ('9', '3', 'test 6');
INSERT INTO `oc_attribute_description` (`attribute_id`, `language_id`, `name`) VALUES ('8', '3', 'test 5');
INSERT INTO `oc_attribute_description` (`attribute_id`, `language_id`, `name`) VALUES ('7', '3', 'test 4');
INSERT INTO `oc_attribute_description` (`attribute_id`, `language_id`, `name`) VALUES ('6', '3', 'test 3');
INSERT INTO `oc_attribute_description` (`attribute_id`, `language_id`, `name`) VALUES ('5', '3', 'test 2');
INSERT INTO `oc_attribute_description` (`attribute_id`, `language_id`, `name`) VALUES ('4', '3', 'test 1');
INSERT INTO `oc_attribute_description` (`attribute_id`, `language_id`, `name`) VALUES ('2', '3', 'No. of Cores');
INSERT INTO `oc_attribute_description` (`attribute_id`, `language_id`, `name`) VALUES ('1', '3', 'Description');
INSERT INTO `oc_attribute_description` (`attribute_id`, `language_id`, `name`) VALUES ('22', '3', 'Taste');
INSERT INTO `oc_attribute_description` (`attribute_id`, `language_id`, `name`) VALUES ('24', '3', 'Ingredients');
INSERT INTO `oc_attribute_description` (`attribute_id`, `language_id`, `name`) VALUES ('25', '3', 'Hot / Cold');
INSERT INTO `oc_attribute_description` (`attribute_id`, `language_id`, `name`) VALUES ('26', '3', 'Attribute 1');
INSERT INTO `oc_attribute_description` (`attribute_id`, `language_id`, `name`) VALUES ('27', '3', 'Attribute 2');


TRUNCATE TABLE `oc_attribute_group`;

INSERT INTO `oc_attribute_group` (`attribute_group_id`, `sort_order`) VALUES ('3', '2');
INSERT INTO `oc_attribute_group` (`attribute_group_id`, `sort_order`) VALUES ('4', '1');
INSERT INTO `oc_attribute_group` (`attribute_group_id`, `sort_order`) VALUES ('5', '3');
INSERT INTO `oc_attribute_group` (`attribute_group_id`, `sort_order`) VALUES ('6', '4');
INSERT INTO `oc_attribute_group` (`attribute_group_id`, `sort_order`) VALUES ('7', '0');


TRUNCATE TABLE `oc_attribute_group_description`;

INSERT INTO `oc_attribute_group_description` (`attribute_group_id`, `language_id`, `name`) VALUES ('3', '1', 'Memory');
INSERT INTO `oc_attribute_group_description` (`attribute_group_id`, `language_id`, `name`) VALUES ('4', '1', 'Technical');
INSERT INTO `oc_attribute_group_description` (`attribute_group_id`, `language_id`, `name`) VALUES ('5', '1', 'Motherboard');
INSERT INTO `oc_attribute_group_description` (`attribute_group_id`, `language_id`, `name`) VALUES ('6', '1', 'Processor');
INSERT INTO `oc_attribute_group_description` (`attribute_group_id`, `language_id`, `name`) VALUES ('7', '1', 'Style');
INSERT INTO `oc_attribute_group_description` (`attribute_group_id`, `language_id`, `name`) VALUES ('7', '3', 'Style');
INSERT INTO `oc_attribute_group_description` (`attribute_group_id`, `language_id`, `name`) VALUES ('6', '3', 'Processor');
INSERT INTO `oc_attribute_group_description` (`attribute_group_id`, `language_id`, `name`) VALUES ('5', '3', 'Motherboard');
INSERT INTO `oc_attribute_group_description` (`attribute_group_id`, `language_id`, `name`) VALUES ('4', '3', 'Technical');
INSERT INTO `oc_attribute_group_description` (`attribute_group_id`, `language_id`, `name`) VALUES ('3', '3', 'Memory');


TRUNCATE TABLE `oc_category`;

INSERT INTO `oc_category` (`category_id`, `image`, `parent_id`, `top`, `column`, `sort_order`, `status`, `date_added`, `date_modified`) VALUES ('25', '', '69', '1', '1', '3', '1', '2009-01-31 01:04:25', '2014-04-10 15:14:23');
INSERT INTO `oc_category` (`category_id`, `image`, `parent_id`, `top`, `column`, `sort_order`, `status`, `date_added`, `date_modified`) VALUES ('27', '', '20', '0', '0', '2', '1', '2009-01-31 01:55:34', '2010-08-22 06:32:15');
INSERT INTO `oc_category` (`category_id`, `image`, `parent_id`, `top`, `column`, `sort_order`, `status`, `date_added`, `date_modified`) VALUES ('20', 'data/journal2/no_image_large.jpg', '69', '1', '1', '1', '1', '2009-01-05 21:49:43', '2014-04-10 15:14:31');
INSERT INTO `oc_category` (`category_id`, `image`, `parent_id`, `top`, `column`, `sort_order`, `status`, `date_added`, `date_modified`) VALUES ('24', '', '69', '1', '1', '5', '1', '2009-01-20 02:36:26', '2014-04-10 15:15:21');
INSERT INTO `oc_category` (`category_id`, `image`, `parent_id`, `top`, `column`, `sort_order`, `status`, `date_added`, `date_modified`) VALUES ('18', 'data/journal2/no_image_large.jpg', '69', '1', '0', '2', '1', '2009-01-05 21:49:15', '2014-04-10 15:14:56');
INSERT INTO `oc_category` (`category_id`, `image`, `parent_id`, `top`, `column`, `sort_order`, `status`, `date_added`, `date_modified`) VALUES ('28', '', '25', '0', '0', '1', '1', '2009-02-02 13:11:12', '2010-08-22 06:32:46');
INSERT INTO `oc_category` (`category_id`, `image`, `parent_id`, `top`, `column`, `sort_order`, `status`, `date_added`, `date_modified`) VALUES ('26', '', '20', '0', '0', '1', '1', '2009-01-31 01:55:14', '2010-08-22 06:31:45');
INSERT INTO `oc_category` (`category_id`, `image`, `parent_id`, `top`, `column`, `sort_order`, `status`, `date_added`, `date_modified`) VALUES ('59', 'data/journal2/no_image_large.jpg', '0', '1', '1', '0', '1', '2014-03-31 00:24:37', '2015-01-22 20:21:23');
INSERT INTO `oc_category` (`category_id`, `image`, `parent_id`, `top`, `column`, `sort_order`, `status`, `date_added`, `date_modified`) VALUES ('30', '', '25', '0', '0', '1', '1', '2009-02-02 13:11:59', '2010-08-22 06:33:00');
INSERT INTO `oc_category` (`category_id`, `image`, `parent_id`, `top`, `column`, `sort_order`, `status`, `date_added`, `date_modified`) VALUES ('31', '', '25', '0', '0', '1', '1', '2009-02-03 14:17:24', '2010-08-22 06:33:06');
INSERT INTO `oc_category` (`category_id`, `image`, `parent_id`, `top`, `column`, `sort_order`, `status`, `date_added`, `date_modified`) VALUES ('32', '', '25', '0', '0', '1', '1', '2009-02-03 14:17:34', '2010-08-22 06:33:12');
INSERT INTO `oc_category` (`category_id`, `image`, `parent_id`, `top`, `column`, `sort_order`, `status`, `date_added`, `date_modified`) VALUES ('33', '', '69', '1', '1', '6', '1', '2009-02-03 14:17:55', '2014-04-10 15:14:15');
INSERT INTO `oc_category` (`category_id`, `image`, `parent_id`, `top`, `column`, `sort_order`, `status`, `date_added`, `date_modified`) VALUES ('34', 'data/journal2/no_image_large.jpg', '69', '1', '4', '7', '1', '2009-02-03 14:18:11', '2014-04-10 15:15:07');
INSERT INTO `oc_category` (`category_id`, `image`, `parent_id`, `top`, `column`, `sort_order`, `status`, `date_added`, `date_modified`) VALUES ('35', 'data/journal2/no_image_large.jpg', '20', '0', '0', '0', '1', '2010-09-17 10:06:48', '2014-05-28 22:37:48');
INSERT INTO `oc_category` (`category_id`, `image`, `parent_id`, `top`, `column`, `sort_order`, `status`, `date_added`, `date_modified`) VALUES ('60', 'data/journal2/no_image_large.jpg', '59', '0', '1', '0', '1', '2014-03-31 00:25:23', '2015-03-25 17:12:56');
INSERT INTO `oc_category` (`category_id`, `image`, `parent_id`, `top`, `column`, `sort_order`, `status`, `date_added`, `date_modified`) VALUES ('45', '', '18', '0', '0', '0', '1', '2010-09-24 18:29:16', '2011-04-26 08:52:11');
INSERT INTO `oc_category` (`category_id`, `image`, `parent_id`, `top`, `column`, `sort_order`, `status`, `date_added`, `date_modified`) VALUES ('46', '', '18', '0', '0', '0', '1', '2010-09-24 18:29:31', '2011-04-26 08:52:23');
INSERT INTO `oc_category` (`category_id`, `image`, `parent_id`, `top`, `column`, `sort_order`, `status`, `date_added`, `date_modified`) VALUES ('69', 'data/journal2/no_image_large.jpg', '0', '1', '1', '0', '1', '2014-04-10 15:11:16', '2014-06-03 10:05:53');
INSERT INTO `oc_category` (`category_id`, `image`, `parent_id`, `top`, `column`, `sort_order`, `status`, `date_added`, `date_modified`) VALUES ('105', 'data/journal2/no_image_large.jpg', '59', '0', '1', '0', '1', '2014-04-10 17:31:05', '2015-03-25 17:10:36');
INSERT INTO `oc_category` (`category_id`, `image`, `parent_id`, `top`, `column`, `sort_order`, `status`, `date_added`, `date_modified`) VALUES ('106', 'data/journal2/no_image_large.jpg', '108', '0', '1', '0', '1', '2014-04-10 17:31:50', '2014-05-18 15:40:53');
INSERT INTO `oc_category` (`category_id`, `image`, `parent_id`, `top`, `column`, `sort_order`, `status`, `date_added`, `date_modified`) VALUES ('107', 'data/journal2/no_image_large.jpg', '59', '0', '1', '0', '1', '2014-04-10 17:34:03', '2015-03-25 17:11:52');
INSERT INTO `oc_category` (`category_id`, `image`, `parent_id`, `top`, `column`, `sort_order`, `status`, `date_added`, `date_modified`) VALUES ('108', 'data/journal2/no_image_large.jpg', '59', '0', '1', '0', '1', '2014-04-10 17:36:38', '2014-04-10 18:14:38');
INSERT INTO `oc_category` (`category_id`, `image`, `parent_id`, `top`, `column`, `sort_order`, `status`, `date_added`, `date_modified`) VALUES ('109', 'data/journal2/no_image_large.jpg', '59', '0', '1', '0', '1', '2014-04-10 17:38:20', '2015-03-25 17:12:40');
INSERT INTO `oc_category` (`category_id`, `image`, `parent_id`, `top`, `column`, `sort_order`, `status`, `date_added`, `date_modified`) VALUES ('110', 'data/journal2/no_image_large.jpg', '105', '0', '1', '0', '1', '2014-04-10 17:39:00', '2015-03-25 17:11:20');
INSERT INTO `oc_category` (`category_id`, `image`, `parent_id`, `top`, `column`, `sort_order`, `status`, `date_added`, `date_modified`) VALUES ('111', 'data/journal2/no_image_large.jpg', '59', '0', '1', '0', '1', '2014-04-10 17:44:07', '2014-04-10 17:44:07');
INSERT INTO `oc_category` (`category_id`, `image`, `parent_id`, `top`, `column`, `sort_order`, `status`, `date_added`, `date_modified`) VALUES ('112', 'data/journal2/no_image_large.jpg', '59', '0', '1', '0', '1', '2014-04-10 17:45:18', '2014-04-14 00:15:15');
INSERT INTO `oc_category` (`category_id`, `image`, `parent_id`, `top`, `column`, `sort_order`, `status`, `date_added`, `date_modified`) VALUES ('113', 'data/journal2/no_image_large.jpg', '59', '0', '1', '0', '1', '2014-04-10 17:45:49', '2014-04-14 00:01:41');
INSERT INTO `oc_category` (`category_id`, `image`, `parent_id`, `top`, `column`, `sort_order`, `status`, `date_added`, `date_modified`) VALUES ('114', 'data/journal2/no_image_large.jpg', '110', '0', '1', '0', '1', '2014-04-10 17:56:25', '2014-04-17 19:38:50');
INSERT INTO `oc_category` (`category_id`, `image`, `parent_id`, `top`, `column`, `sort_order`, `status`, `date_added`, `date_modified`) VALUES ('115', 'data/journal2/no_image_large.jpg', '110', '0', '1', '0', '1', '2014-04-10 17:59:13', '2014-04-30 14:30:18');
INSERT INTO `oc_category` (`category_id`, `image`, `parent_id`, `top`, `column`, `sort_order`, `status`, `date_added`, `date_modified`) VALUES ('116', 'data/journal2/no_image_large.jpg', '105', '0', '1', '0', '1', '2014-04-10 17:59:50', '2015-03-25 17:11:05');
INSERT INTO `oc_category` (`category_id`, `image`, `parent_id`, `top`, `column`, `sort_order`, `status`, `date_added`, `date_modified`) VALUES ('117', 'data/journal2/no_image_large.jpg', '110', '0', '1', '0', '1', '2014-04-10 18:01:10', '2014-04-17 19:35:15');
INSERT INTO `oc_category` (`category_id`, `image`, `parent_id`, `top`, `column`, `sort_order`, `status`, `date_added`, `date_modified`) VALUES ('118', 'data/journal2/no_image_large.jpg', '107', '0', '1', '0', '1', '2014-04-10 18:06:14', '2014-04-14 00:00:34');
INSERT INTO `oc_category` (`category_id`, `image`, `parent_id`, `top`, `column`, `sort_order`, `status`, `date_added`, `date_modified`) VALUES ('119', 'data/journal2/no_image_large.jpg', '107', '0', '1', '0', '1', '2014-04-10 18:06:42', '2014-04-13 23:59:41');
INSERT INTO `oc_category` (`category_id`, `image`, `parent_id`, `top`, `column`, `sort_order`, `status`, `date_added`, `date_modified`) VALUES ('120', 'data/journal2/no_image_large.jpg', '107', '0', '1', '0', '1', '2014-04-10 18:07:01', '2015-03-25 17:12:25');
INSERT INTO `oc_category` (`category_id`, `image`, `parent_id`, `top`, `column`, `sort_order`, `status`, `date_added`, `date_modified`) VALUES ('121', 'data/journal2/no_image_large.jpg', '107', '0', '1', '0', '1', '2014-04-10 18:07:20', '2014-04-30 14:46:51');
INSERT INTO `oc_category` (`category_id`, `image`, `parent_id`, `top`, `column`, `sort_order`, `status`, `date_added`, `date_modified`) VALUES ('122', 'data/journal2/no_image_large.jpg', '109', '0', '1', '0', '1', '2014-04-10 18:10:13', '2014-04-14 00:06:19');
INSERT INTO `oc_category` (`category_id`, `image`, `parent_id`, `top`, `column`, `sort_order`, `status`, `date_added`, `date_modified`) VALUES ('123', 'data/journal2/no_image_large.jpg', '109', '0', '1', '0', '1', '2014-04-10 18:10:24', '2014-04-14 00:05:41');
INSERT INTO `oc_category` (`category_id`, `image`, `parent_id`, `top`, `column`, `sort_order`, `status`, `date_added`, `date_modified`) VALUES ('124', 'data/journal2/no_image_large.jpg', '109', '0', '1', '0', '1', '2014-04-10 18:10:43', '2014-04-14 00:09:40');
INSERT INTO `oc_category` (`category_id`, `image`, `parent_id`, `top`, `column`, `sort_order`, `status`, `date_added`, `date_modified`) VALUES ('125', 'data/journal2/no_image_large.jpg', '109', '0', '1', '0', '1', '2014-04-10 18:12:46', '2014-04-14 00:09:13');
INSERT INTO `oc_category` (`category_id`, `image`, `parent_id`, `top`, `column`, `sort_order`, `status`, `date_added`, `date_modified`) VALUES ('126', 'data/journal2/no_image_large.jpg', '113', '0', '1', '0', '1', '2014-04-10 18:13:21', '2014-04-15 21:08:52');
INSERT INTO `oc_category` (`category_id`, `image`, `parent_id`, `top`, `column`, `sort_order`, `status`, `date_added`, `date_modified`) VALUES ('127', 'data/journal2/no_image_large.jpg', '108', '0', '1', '0', '1', '2014-04-10 18:13:41', '2014-04-13 17:13:20');
INSERT INTO `oc_category` (`category_id`, `image`, `parent_id`, `top`, `column`, `sort_order`, `status`, `date_added`, `date_modified`) VALUES ('128', 'data/journal2/no_image_large.jpg', '108', '0', '1', '0', '1', '2014-04-10 18:16:18', '2014-05-08 14:46:24');
INSERT INTO `oc_category` (`category_id`, `image`, `parent_id`, `top`, `column`, `sort_order`, `status`, `date_added`, `date_modified`) VALUES ('129', 'data/journal2/no_image_large.jpg', '108', '0', '1', '0', '1', '2014-04-10 18:16:44', '2014-04-14 01:08:15');
INSERT INTO `oc_category` (`category_id`, `image`, `parent_id`, `top`, `column`, `sort_order`, `status`, `date_added`, `date_modified`) VALUES ('130', 'data/journal2/no_image_large.jpg', '108', '0', '1', '0', '1', '2014-04-10 18:18:03', '2014-05-08 14:45:20');
INSERT INTO `oc_category` (`category_id`, `image`, `parent_id`, `top`, `column`, `sort_order`, `status`, `date_added`, `date_modified`) VALUES ('131', 'data/journal2/no_image_large.jpg', '111', '0', '1', '0', '1', '2014-04-10 18:18:42', '2014-04-30 14:31:22');
INSERT INTO `oc_category` (`category_id`, `image`, `parent_id`, `top`, `column`, `sort_order`, `status`, `date_added`, `date_modified`) VALUES ('132', 'data/journal2/no_image_large.jpg', '111', '0', '1', '0', '1', '2014-04-10 18:18:56', '2014-04-30 14:32:01');
INSERT INTO `oc_category` (`category_id`, `image`, `parent_id`, `top`, `column`, `sort_order`, `status`, `date_added`, `date_modified`) VALUES ('133', 'data/journal2/no_image_large.jpg', '111', '0', '1', '0', '1', '2014-04-10 18:19:11', '2014-05-22 14:23:23');
INSERT INTO `oc_category` (`category_id`, `image`, `parent_id`, `top`, `column`, `sort_order`, `status`, `date_added`, `date_modified`) VALUES ('134', 'data/journal2/no_image_large.jpg', '111', '0', '1', '0', '1', '2014-04-10 18:19:41', '2014-04-27 13:38:08');
INSERT INTO `oc_category` (`category_id`, `image`, `parent_id`, `top`, `column`, `sort_order`, `status`, `date_added`, `date_modified`) VALUES ('135', 'data/journal2/no_image_large.jpg', '113', '0', '1', '0', '1', '2014-04-10 18:20:11', '2014-04-14 00:03:00');
INSERT INTO `oc_category` (`category_id`, `image`, `parent_id`, `top`, `column`, `sort_order`, `status`, `date_added`, `date_modified`) VALUES ('136', 'data/journal2/no_image_large.jpg', '113', '0', '1', '0', '1', '2014-04-10 18:20:40', '2014-04-13 17:15:05');
INSERT INTO `oc_category` (`category_id`, `image`, `parent_id`, `top`, `column`, `sort_order`, `status`, `date_added`, `date_modified`) VALUES ('137', 'data/journal2/no_image_large.jpg', '113', '0', '1', '0', '1', '2014-04-10 18:21:52', '2014-04-13 17:14:28');
INSERT INTO `oc_category` (`category_id`, `image`, `parent_id`, `top`, `column`, `sort_order`, `status`, `date_added`, `date_modified`) VALUES ('138', 'data/journal2/no_image_large.jpg', '112', '0', '1', '0', '1', '2014-04-10 18:22:45', '2014-04-27 13:35:43');
INSERT INTO `oc_category` (`category_id`, `image`, `parent_id`, `top`, `column`, `sort_order`, `status`, `date_added`, `date_modified`) VALUES ('139', 'data/journal2/no_image_large.jpg', '112', '0', '1', '0', '1', '2014-04-10 18:23:01', '2014-04-14 00:14:27');
INSERT INTO `oc_category` (`category_id`, `image`, `parent_id`, `top`, `column`, `sort_order`, `status`, `date_added`, `date_modified`) VALUES ('140', 'data/journal2/no_image_large.jpg', '112', '0', '1', '0', '1', '2014-04-10 18:23:16', '2014-04-14 00:16:06');
INSERT INTO `oc_category` (`category_id`, `image`, `parent_id`, `top`, `column`, `sort_order`, `status`, `date_added`, `date_modified`) VALUES ('141', 'data/journal2/no_image_large.jpg', '112', '0', '1', '0', '1', '2014-04-10 18:23:42', '2014-04-14 00:13:22');
INSERT INTO `oc_category` (`category_id`, `image`, `parent_id`, `top`, `column`, `sort_order`, `status`, `date_added`, `date_modified`) VALUES ('142', 'data/journal2/no_image_large.jpg', '106', '0', '1', '0', '1', '2014-04-10 18:25:32', '2014-04-13 16:31:03');
INSERT INTO `oc_category` (`category_id`, `image`, `parent_id`, `top`, `column`, `sort_order`, `status`, `date_added`, `date_modified`) VALUES ('143', 'data/journal2/no_image_large.jpg', '106', '0', '1', '0', '1', '2014-04-10 18:25:51', '2014-04-13 16:30:21');
INSERT INTO `oc_category` (`category_id`, `image`, `parent_id`, `top`, `column`, `sort_order`, `status`, `date_added`, `date_modified`) VALUES ('144', 'data/journal2/no_image_large.jpg', '106', '0', '1', '0', '1', '2014-04-10 18:26:20', '2014-04-13 16:29:11');
INSERT INTO `oc_category` (`category_id`, `image`, `parent_id`, `top`, `column`, `sort_order`, `status`, `date_added`, `date_modified`) VALUES ('145', 'data/journal2/no_image_large.jpg', '106', '0', '1', '0', '1', '2014-04-10 18:26:47', '2014-04-13 16:29:50');
INSERT INTO `oc_category` (`category_id`, `image`, `parent_id`, `top`, `column`, `sort_order`, `status`, `date_added`, `date_modified`) VALUES ('146', 'data/journal2/no_image_large.jpg', '110', '0', '1', '0', '1', '2014-04-10 18:32:33', '2014-04-17 19:44:28');
INSERT INTO `oc_category` (`category_id`, `image`, `parent_id`, `top`, `column`, `sort_order`, `status`, `date_added`, `date_modified`) VALUES ('147', 'data/journal2/no_image_large.jpg', '60', '0', '1', '0', '1', '2014-04-10 18:34:14', '2014-04-13 16:22:56');
INSERT INTO `oc_category` (`category_id`, `image`, `parent_id`, `top`, `column`, `sort_order`, `status`, `date_added`, `date_modified`) VALUES ('148', 'data/journal2/no_image_large.jpg', '60', '0', '1', '0', '1', '2014-04-10 18:34:31', '2014-04-13 16:23:30');
INSERT INTO `oc_category` (`category_id`, `image`, `parent_id`, `top`, `column`, `sort_order`, `status`, `date_added`, `date_modified`) VALUES ('149', 'data/journal2/no_image_large.jpg', '60', '0', '1', '0', '1', '2014-04-10 18:34:50', '2014-04-13 16:22:16');
INSERT INTO `oc_category` (`category_id`, `image`, `parent_id`, `top`, `column`, `sort_order`, `status`, `date_added`, `date_modified`) VALUES ('150', 'data/journal2/no_image_large.jpg', '60', '0', '1', '0', '1', '2014-04-10 18:35:48', '2014-04-13 16:25:00');
INSERT INTO `oc_category` (`category_id`, `image`, `parent_id`, `top`, `column`, `sort_order`, `status`, `date_added`, `date_modified`) VALUES ('151', 'data/journal2/no_image_large.jpg', '105', '0', '1', '0', '1', '2014-04-10 18:37:03', '2014-04-15 21:21:43');
INSERT INTO `oc_category` (`category_id`, `image`, `parent_id`, `top`, `column`, `sort_order`, `status`, `date_added`, `date_modified`) VALUES ('152', 'data/journal2/no_image_large.jpg', '105', '0', '1', '0', '1', '2014-04-10 18:37:18', '2015-02-11 12:33:27');
INSERT INTO `oc_category` (`category_id`, `image`, `parent_id`, `top`, `column`, `sort_order`, `status`, `date_added`, `date_modified`) VALUES ('153', 'data/journal2/no_image_large.jpg', '105', '0', '1', '0', '1', '2014-04-10 18:37:33', '2014-04-15 21:15:36');
INSERT INTO `oc_category` (`category_id`, `image`, `parent_id`, `top`, `column`, `sort_order`, `status`, `date_added`, `date_modified`) VALUES ('154', 'data/journal2/no_image_large.jpg', '60', '0', '1', '0', '1', '2014-04-13 16:13:20', '2014-04-13 16:13:20');
INSERT INTO `oc_category` (`category_id`, `image`, `parent_id`, `top`, `column`, `sort_order`, `status`, `date_added`, `date_modified`) VALUES ('155', 'data/journal2/no_image_large.jpg', '0', '1', '1', '0', '1', '2014-04-27 01:34:25', '2014-04-27 16:43:11');
INSERT INTO `oc_category` (`category_id`, `image`, `parent_id`, `top`, `column`, `sort_order`, `status`, `date_added`, `date_modified`) VALUES ('156', 'data/journal2/no_image_large.jpg', '155', '0', '1', '0', '1', '2014-04-27 01:35:15', '2014-04-27 01:35:15');
INSERT INTO `oc_category` (`category_id`, `image`, `parent_id`, `top`, `column`, `sort_order`, `status`, `date_added`, `date_modified`) VALUES ('157', 'data/journal2/no_image_large.jpg', '155', '0', '1', '0', '1', '2014-04-27 01:35:49', '2014-04-27 01:35:49');
INSERT INTO `oc_category` (`category_id`, `image`, `parent_id`, `top`, `column`, `sort_order`, `status`, `date_added`, `date_modified`) VALUES ('158', 'data/journal2/no_image_large.jpg', '155', '0', '1', '0', '1', '2014-04-27 01:36:36', '2014-04-27 01:36:36');
INSERT INTO `oc_category` (`category_id`, `image`, `parent_id`, `top`, `column`, `sort_order`, `status`, `date_added`, `date_modified`) VALUES ('159', 'data/journal2/no_image_large.jpg', '155', '0', '1', '0', '1', '2014-04-27 01:37:03', '2014-04-27 01:37:03');
INSERT INTO `oc_category` (`category_id`, `image`, `parent_id`, `top`, `column`, `sort_order`, `status`, `date_added`, `date_modified`) VALUES ('160', 'data/journal2/no_image_large.jpg', '155', '0', '1', '0', '1', '2014-04-27 01:37:51', '2014-04-27 01:37:51');
INSERT INTO `oc_category` (`category_id`, `image`, `parent_id`, `top`, `column`, `sort_order`, `status`, `date_added`, `date_modified`) VALUES ('161', 'data/journal2/no_image_large.jpg', '155', '0', '1', '0', '1', '2014-04-27 01:38:17', '2014-04-27 01:38:17');
INSERT INTO `oc_category` (`category_id`, `image`, `parent_id`, `top`, `column`, `sort_order`, `status`, `date_added`, `date_modified`) VALUES ('162', 'data/journal2/no_image_large.jpg', '155', '0', '1', '0', '1', '2014-04-27 01:38:48', '2014-04-27 01:38:48');
INSERT INTO `oc_category` (`category_id`, `image`, `parent_id`, `top`, `column`, `sort_order`, `status`, `date_added`, `date_modified`) VALUES ('163', 'data/journal2/no_image_large.jpg', '155', '0', '1', '0', '1', '2014-04-27 01:39:12', '2014-04-27 01:39:12');
INSERT INTO `oc_category` (`category_id`, `image`, `parent_id`, `top`, `column`, `sort_order`, `status`, `date_added`, `date_modified`) VALUES ('164', 'data/journal2/no_image_large.jpg', '109', '0', '1', '0', '1', '2014-05-22 12:29:53', '2014-05-22 12:29:53');
INSERT INTO `oc_category` (`category_id`, `image`, `parent_id`, `top`, `column`, `sort_order`, `status`, `date_added`, `date_modified`) VALUES ('165', '', '114', '0', '1', '0', '1', '2014-06-06 14:35:50', '2014-06-06 14:35:50');
INSERT INTO `oc_category` (`category_id`, `image`, `parent_id`, `top`, `column`, `sort_order`, `status`, `date_added`, `date_modified`) VALUES ('166', '', '123', '0', '1', '0', '1', '2014-06-06 14:36:17', '2014-06-06 14:36:17');
INSERT INTO `oc_category` (`category_id`, `image`, `parent_id`, `top`, `column`, `sort_order`, `status`, `date_added`, `date_modified`) VALUES ('167', '', '165', '0', '1', '0', '1', '2014-06-06 14:36:35', '2014-06-06 14:36:35');


TRUNCATE TABLE `oc_category_description`;

INSERT INTO `oc_category_description` (`category_id`, `language_id`, `name`, `description`, `meta_description`, `meta_keyword`) VALUES ('28', '1', 'Monitors', '', '', '');
INSERT INTO `oc_category_description` (`category_id`, `language_id`, `name`, `description`, `meta_description`, `meta_keyword`) VALUES ('33', '1', 'Cameras', '', '', '');
INSERT INTO `oc_category_description` (`category_id`, `language_id`, `name`, `description`, `meta_description`, `meta_keyword`) VALUES ('32', '1', 'Web Cameras', '', '', '');
INSERT INTO `oc_category_description` (`category_id`, `language_id`, `name`, `description`, `meta_description`, `meta_keyword`) VALUES ('31', '1', 'Scanners', '', '', '');
INSERT INTO `oc_category_description` (`category_id`, `language_id`, `name`, `description`, `meta_description`, `meta_keyword`) VALUES ('30', '1', 'Printers', '', '', '');
INSERT INTO `oc_category_description` (`category_id`, `language_id`, `name`, `description`, `meta_description`, `meta_keyword`) VALUES ('27', '1', 'Mac', '', '', '');
INSERT INTO `oc_category_description` (`category_id`, `language_id`, `name`, `description`, `meta_description`, `meta_keyword`) VALUES ('26', '1', 'PC', '', '', '');
INSERT INTO `oc_category_description` (`category_id`, `language_id`, `name`, `description`, `meta_description`, `meta_keyword`) VALUES ('25', '1', 'Components', '', '', '');
INSERT INTO `oc_category_description` (`category_id`, `language_id`, `name`, `description`, `meta_description`, `meta_keyword`) VALUES ('24', '1', 'Phones &amp; PDAs', '', '', '');
INSERT INTO `oc_category_description` (`category_id`, `language_id`, `name`, `description`, `meta_description`, `meta_keyword`) VALUES ('20', '1', 'Desktops', '&lt;p&gt;Example of category description text&lt;/p&gt;\r\n', 'Example of category description', '');
INSERT INTO `oc_category_description` (`category_id`, `language_id`, `name`, `description`, `meta_description`, `meta_keyword`) VALUES ('60', '1', 'Dresses', '', '', '');
INSERT INTO `oc_category_description` (`category_id`, `language_id`, `name`, `description`, `meta_description`, `meta_keyword`) VALUES ('34', '1', 'MP3 Players', '&lt;p&gt;Shop Laptop feature only the best laptop deals on the market. By comparing laptop deals from the likes of PC World, Comet, Dixons, The Link and Carphone Warehouse, Shop Laptop has the most comprehensive selection of laptops on the internet. At Shop Laptop, we pride ourselves on offering customers the very best laptop deals. From refurbished laptops to netbooks, Shop Laptop ensures that every laptop - in every colour, style, size and technical spec - is featured on the site at the lowest possible price.&lt;/p&gt;\r\n', '', '');
INSERT INTO `oc_category_description` (`category_id`, `language_id`, `name`, `description`, `meta_description`, `meta_keyword`) VALUES ('18', '1', 'Laptops &amp; Notebooks', '&lt;p&gt;Shop Laptop feature only the best laptop deals on the market. By comparing laptop deals from the likes of PC World, Comet, Dixons, The Link and Carphone Warehouse, Shop Laptop has the most comprehensive selection of laptops on the internet. At Shop Laptop, we pride ourselves on offering customers the very best laptop deals. From refurbished laptops to netbooks, Shop Laptop ensures that every laptop - in every colour, style, size and technical spec - is featured on the site at the lowest possible price.&lt;/p&gt;\r\n', '', '');
INSERT INTO `oc_category_description` (`category_id`, `language_id`, `name`, `description`, `meta_description`, `meta_keyword`) VALUES ('45', '1', 'Windows', '', '', '');
INSERT INTO `oc_category_description` (`category_id`, `language_id`, `name`, `description`, `meta_description`, `meta_keyword`) VALUES ('46', '1', 'Macs', '', '', '');
INSERT INTO `oc_category_description` (`category_id`, `language_id`, `name`, `description`, `meta_description`, `meta_keyword`) VALUES ('130', '3', 'Blouses', '', '', '');
INSERT INTO `oc_category_description` (`category_id`, `language_id`, `name`, `description`, `meta_description`, `meta_keyword`) VALUES ('131', '3', 'Boots', '', '', '');
INSERT INTO `oc_category_description` (`category_id`, `language_id`, `name`, `description`, `meta_description`, `meta_keyword`) VALUES ('132', '3', 'Heels', '', '', '');
INSERT INTO `oc_category_description` (`category_id`, `language_id`, `name`, `description`, `meta_description`, `meta_keyword`) VALUES ('133', '3', 'Sandals', '', '', '');
INSERT INTO `oc_category_description` (`category_id`, `language_id`, `name`, `description`, `meta_description`, `meta_keyword`) VALUES ('134', '3', 'Running', '', '', '');
INSERT INTO `oc_category_description` (`category_id`, `language_id`, `name`, `description`, `meta_description`, `meta_keyword`) VALUES ('135', '3', 'Jeans', '', '', '');
INSERT INTO `oc_category_description` (`category_id`, `language_id`, `name`, `description`, `meta_description`, `meta_keyword`) VALUES ('136', '3', 'Leggings', '', '', '');
INSERT INTO `oc_category_description` (`category_id`, `language_id`, `name`, `description`, `meta_description`, `meta_keyword`) VALUES ('126', '3', 'Training', '', '', '');
INSERT INTO `oc_category_description` (`category_id`, `language_id`, `name`, `description`, `meta_description`, `meta_keyword`) VALUES ('105', '1', 'Accesories', '', '', '');
INSERT INTO `oc_category_description` (`category_id`, `language_id`, `name`, `description`, `meta_description`, `meta_keyword`) VALUES ('106', '1', 'Jackets', '', '', '');
INSERT INTO `oc_category_description` (`category_id`, `language_id`, `name`, `description`, `meta_description`, `meta_keyword`) VALUES ('107', '1', 'Bags', '', '', '');
INSERT INTO `oc_category_description` (`category_id`, `language_id`, `name`, `description`, `meta_description`, `meta_keyword`) VALUES ('108', '1', 'Tops', '', '', '');
INSERT INTO `oc_category_description` (`category_id`, `language_id`, `name`, `description`, `meta_description`, `meta_keyword`) VALUES ('109', '1', 'Beauty', '', '', '');
INSERT INTO `oc_category_description` (`category_id`, `language_id`, `name`, `description`, `meta_description`, `meta_keyword`) VALUES ('110', '1', 'Jewelry', '', '', '');
INSERT INTO `oc_category_description` (`category_id`, `language_id`, `name`, `description`, `meta_description`, `meta_keyword`) VALUES ('111', '1', 'Shoes', '', '', '');
INSERT INTO `oc_category_description` (`category_id`, `language_id`, `name`, `description`, `meta_description`, `meta_keyword`) VALUES ('112', '1', 'Lingerie', '', '', '');
INSERT INTO `oc_category_description` (`category_id`, `language_id`, `name`, `description`, `meta_description`, `meta_keyword`) VALUES ('113', '1', 'Pants', '', '', '');
INSERT INTO `oc_category_description` (`category_id`, `language_id`, `name`, `description`, `meta_description`, `meta_keyword`) VALUES ('114', '1', 'Necklaces', '', '', '');
INSERT INTO `oc_category_description` (`category_id`, `language_id`, `name`, `description`, `meta_description`, `meta_keyword`) VALUES ('115', '1', 'Rings', '', '', '');
INSERT INTO `oc_category_description` (`category_id`, `language_id`, `name`, `description`, `meta_description`, `meta_keyword`) VALUES ('116', '1', 'Hats', '', '', '');
INSERT INTO `oc_category_description` (`category_id`, `language_id`, `name`, `description`, `meta_description`, `meta_keyword`) VALUES ('117', '1', 'Bracelets', '', '', '');
INSERT INTO `oc_category_description` (`category_id`, `language_id`, `name`, `description`, `meta_description`, `meta_keyword`) VALUES ('118', '1', 'Formal', '', '', '');
INSERT INTO `oc_category_description` (`category_id`, `language_id`, `name`, `description`, `meta_description`, `meta_keyword`) VALUES ('120', '1', 'Clutches', '', '', '');
INSERT INTO `oc_category_description` (`category_id`, `language_id`, `name`, `description`, `meta_description`, `meta_keyword`) VALUES ('121', '1', 'Purses', '', '', '');
INSERT INTO `oc_category_description` (`category_id`, `language_id`, `name`, `description`, `meta_description`, `meta_keyword`) VALUES ('119', '1', 'Shoulder', '', '', '');
INSERT INTO `oc_category_description` (`category_id`, `language_id`, `name`, `description`, `meta_description`, `meta_keyword`) VALUES ('122', '1', 'Makeup', '', '', '');
INSERT INTO `oc_category_description` (`category_id`, `language_id`, `name`, `description`, `meta_description`, `meta_keyword`) VALUES ('123', '1', 'Lipstick', '', '', '');
INSERT INTO `oc_category_description` (`category_id`, `language_id`, `name`, `description`, `meta_description`, `meta_keyword`) VALUES ('124', '1', 'Mascara', '', '', '');
INSERT INTO `oc_category_description` (`category_id`, `language_id`, `name`, `description`, `meta_description`, `meta_keyword`) VALUES ('125', '1', 'Foundation', '', '', '');
INSERT INTO `oc_category_description` (`category_id`, `language_id`, `name`, `description`, `meta_description`, `meta_keyword`) VALUES ('127', '1', 'Summer', '', '', '');
INSERT INTO `oc_category_description` (`category_id`, `language_id`, `name`, `description`, `meta_description`, `meta_keyword`) VALUES ('128', '1', 'Shirts', '', '', '');
INSERT INTO `oc_category_description` (`category_id`, `language_id`, `name`, `description`, `meta_description`, `meta_keyword`) VALUES ('129', '1', 'Sleeveless', '', '', '');
INSERT INTO `oc_category_description` (`category_id`, `language_id`, `name`, `description`, `meta_description`, `meta_keyword`) VALUES ('130', '1', 'Blouses', '', '', '');
INSERT INTO `oc_category_description` (`category_id`, `language_id`, `name`, `description`, `meta_description`, `meta_keyword`) VALUES ('131', '1', 'Boots', '', '', '');
INSERT INTO `oc_category_description` (`category_id`, `language_id`, `name`, `description`, `meta_description`, `meta_keyword`) VALUES ('132', '1', 'Heels', '', '', '');
INSERT INTO `oc_category_description` (`category_id`, `language_id`, `name`, `description`, `meta_description`, `meta_keyword`) VALUES ('133', '1', 'Sandals', '', '', '');
INSERT INTO `oc_category_description` (`category_id`, `language_id`, `name`, `description`, `meta_description`, `meta_keyword`) VALUES ('134', '1', 'Running', '', '', '');
INSERT INTO `oc_category_description` (`category_id`, `language_id`, `name`, `description`, `meta_description`, `meta_keyword`) VALUES ('135', '1', 'Jeans', '', '', '');
INSERT INTO `oc_category_description` (`category_id`, `language_id`, `name`, `description`, `meta_description`, `meta_keyword`) VALUES ('136', '1', 'Leggings', '', '', '');
INSERT INTO `oc_category_description` (`category_id`, `language_id`, `name`, `description`, `meta_description`, `meta_keyword`) VALUES ('126', '1', 'Training', '', '', '');
INSERT INTO `oc_category_description` (`category_id`, `language_id`, `name`, `description`, `meta_description`, `meta_keyword`) VALUES ('137', '1', 'Formal', '', '', '');
INSERT INTO `oc_category_description` (`category_id`, `language_id`, `name`, `description`, `meta_description`, `meta_keyword`) VALUES ('138', '1', 'Bras', '', '', '');
INSERT INTO `oc_category_description` (`category_id`, `language_id`, `name`, `description`, `meta_description`, `meta_keyword`) VALUES ('139', '1', 'Panties', '', '', '');
INSERT INTO `oc_category_description` (`category_id`, `language_id`, `name`, `description`, `meta_description`, `meta_keyword`) VALUES ('140', '1', 'Nightgowns', '', '', '');
INSERT INTO `oc_category_description` (`category_id`, `language_id`, `name`, `description`, `meta_description`, `meta_keyword`) VALUES ('141', '1', 'Corsets', '', '', '');
INSERT INTO `oc_category_description` (`category_id`, `language_id`, `name`, `description`, `meta_description`, `meta_keyword`) VALUES ('142', '1', 'Suit', '', '', '');
INSERT INTO `oc_category_description` (`category_id`, `language_id`, `name`, `description`, `meta_description`, `meta_keyword`) VALUES ('143', '1', 'Leather', '', '', '');
INSERT INTO `oc_category_description` (`category_id`, `language_id`, `name`, `description`, `meta_description`, `meta_keyword`) VALUES ('144', '1', 'Blazers', '', '', '');
INSERT INTO `oc_category_description` (`category_id`, `language_id`, `name`, `description`, `meta_description`, `meta_keyword`) VALUES ('145', '1', 'Coats', '', '', '');
INSERT INTO `oc_category_description` (`category_id`, `language_id`, `name`, `description`, `meta_description`, `meta_keyword`) VALUES ('146', '1', 'Earrings', '', '', '');
INSERT INTO `oc_category_description` (`category_id`, `language_id`, `name`, `description`, `meta_description`, `meta_keyword`) VALUES ('147', '1', 'Casual', '', '', '');
INSERT INTO `oc_category_description` (`category_id`, `language_id`, `name`, `description`, `meta_description`, `meta_keyword`) VALUES ('148', '1', 'Occasion', '', '', '');
INSERT INTO `oc_category_description` (`category_id`, `language_id`, `name`, `description`, `meta_description`, `meta_keyword`) VALUES ('149', '1', 'Evening', '', '', '');
INSERT INTO `oc_category_description` (`category_id`, `language_id`, `name`, `description`, `meta_description`, `meta_keyword`) VALUES ('150', '1', 'Summer', '', '', '');
INSERT INTO `oc_category_description` (`category_id`, `language_id`, `name`, `description`, `meta_description`, `meta_keyword`) VALUES ('151', '1', 'Scarves', '', '', '');
INSERT INTO `oc_category_description` (`category_id`, `language_id`, `name`, `description`, `meta_description`, `meta_keyword`) VALUES ('152', '1', 'Belts', '', '', '');
INSERT INTO `oc_category_description` (`category_id`, `language_id`, `name`, `description`, `meta_description`, `meta_keyword`) VALUES ('153', '1', 'Sunglasses', '', '', '');
INSERT INTO `oc_category_description` (`category_id`, `language_id`, `name`, `description`, `meta_description`, `meta_keyword`) VALUES ('154', '1', 'Skirt', '', '', '');
INSERT INTO `oc_category_description` (`category_id`, `language_id`, `name`, `description`, `meta_description`, `meta_keyword`) VALUES ('155', '1', 'Food', '', '', '');
INSERT INTO `oc_category_description` (`category_id`, `language_id`, `name`, `description`, `meta_description`, `meta_keyword`) VALUES ('156', '1', 'Breakfast', '', '', '');
INSERT INTO `oc_category_description` (`category_id`, `language_id`, `name`, `description`, `meta_description`, `meta_keyword`) VALUES ('157', '1', 'Dessert', '', '', '');
INSERT INTO `oc_category_description` (`category_id`, `language_id`, `name`, `description`, `meta_description`, `meta_keyword`) VALUES ('158', '1', 'Grill', '', '', '');
INSERT INTO `oc_category_description` (`category_id`, `language_id`, `name`, `description`, `meta_description`, `meta_keyword`) VALUES ('159', '1', 'Pasta', '', '', '');
INSERT INTO `oc_category_description` (`category_id`, `language_id`, `name`, `description`, `meta_description`, `meta_keyword`) VALUES ('160', '1', 'Pizza', '', '', '');
INSERT INTO `oc_category_description` (`category_id`, `language_id`, `name`, `description`, `meta_description`, `meta_keyword`) VALUES ('161', '1', 'Salads', '', '', '');
INSERT INTO `oc_category_description` (`category_id`, `language_id`, `name`, `description`, `meta_description`, `meta_keyword`) VALUES ('162', '1', 'Sandwiches', '', '', '');
INSERT INTO `oc_category_description` (`category_id`, `language_id`, `name`, `description`, `meta_description`, `meta_keyword`) VALUES ('163', '1', 'Sushi', '', '', '');
INSERT INTO `oc_category_description` (`category_id`, `language_id`, `name`, `description`, `meta_description`, `meta_keyword`) VALUES ('164', '1', 'Nails', '', '', '');
INSERT INTO `oc_category_description` (`category_id`, `language_id`, `name`, `description`, `meta_description`, `meta_keyword`) VALUES ('35', '1', 'Subcategory', '&lt;p&gt;Lorem ipsum dolor sit amet, consectetur adipiscing elit. Aliquam iaculis egestas laoreet. Etiam faucibus massa sed risus lacinia in vulputate dolor imperdiet. Curabitur pharetra, purus a commodo dignissim, sapien nulla tempus nisi, et varius nulla urna at arcu.&lt;/p&gt;\r\n', '', '');
INSERT INTO `oc_category_description` (`category_id`, `language_id`, `name`, `description`, `meta_description`, `meta_keyword`) VALUES ('69', '1', 'Electronics', '&lt;p&gt;Lorem ipsum dolor sit amet, consectetur adipiscing elit. Aliquam iaculis egestas laoreet. Etiam faucibus massa sed risus lacinia in vulputate dolor imperdiet. Curabitur pharetra, purus a commodo dignissim, sapien nulla tempus nisi, et varius nulla urna at arcu.&lt;/p&gt;\r\n', '', '');
INSERT INTO `oc_category_description` (`category_id`, `language_id`, `name`, `description`, `meta_description`, `meta_keyword`) VALUES ('165', '1', 'Subcategory', '&lt;p&gt;Lorem ipsum dolor sit amet, consectetur adipiscing elit. Aliquam iaculis egestas laoreet. Etiam faucibus massa sed risus lacinia in vulputate dolor imperdiet. Curabitur pharetra, purus a commodo dignissim, sapien nulla tempus nisi, et varius nulla urna at arcu.&lt;/p&gt;\r\n', '', '');
INSERT INTO `oc_category_description` (`category_id`, `language_id`, `name`, `description`, `meta_description`, `meta_keyword`) VALUES ('166', '1', 'Subcategory', '&lt;p&gt;Lorem ipsum dolor sit amet, consectetur adipiscing elit. Aliquam iaculis egestas laoreet. Etiam faucibus massa sed risus lacinia in vulputate dolor imperdiet. Curabitur pharetra, purus a commodo dignissim, sapien nulla tempus nisi, et varius nulla urna at arcu.&lt;/p&gt;\r\n', '', '');
INSERT INTO `oc_category_description` (`category_id`, `language_id`, `name`, `description`, `meta_description`, `meta_keyword`) VALUES ('167', '1', 'Infinite Levels', '&lt;p&gt;Lorem ipsum dolor sit amet, consectetur adipiscing elit. Aliquam iaculis egestas laoreet. Etiam faucibus massa sed risus lacinia in vulputate dolor imperdiet. Curabitur pharetra, purus a commodo dignissim, sapien nulla tempus nisi, et varius nulla urna at arcu.&lt;/p&gt;\r\n', '', '');
INSERT INTO `oc_category_description` (`category_id`, `language_id`, `name`, `description`, `meta_description`, `meta_keyword`) VALUES ('129', '3', 'Sleeveless', '', '', '');
INSERT INTO `oc_category_description` (`category_id`, `language_id`, `name`, `description`, `meta_description`, `meta_keyword`) VALUES ('128', '3', 'Shirts', '', '', '');
INSERT INTO `oc_category_description` (`category_id`, `language_id`, `name`, `description`, `meta_description`, `meta_keyword`) VALUES ('127', '3', 'Summer', '', '', '');
INSERT INTO `oc_category_description` (`category_id`, `language_id`, `name`, `description`, `meta_description`, `meta_keyword`) VALUES ('125', '3', 'Foundation', '', '', '');
INSERT INTO `oc_category_description` (`category_id`, `language_id`, `name`, `description`, `meta_description`, `meta_keyword`) VALUES ('124', '3', 'Mascara', '', '', '');
INSERT INTO `oc_category_description` (`category_id`, `language_id`, `name`, `description`, `meta_description`, `meta_keyword`) VALUES ('123', '3', 'Lipstick', '', '', '');
INSERT INTO `oc_category_description` (`category_id`, `language_id`, `name`, `description`, `meta_description`, `meta_keyword`) VALUES ('122', '3', 'Makeup', '', '', '');
INSERT INTO `oc_category_description` (`category_id`, `language_id`, `name`, `description`, `meta_description`, `meta_keyword`) VALUES ('120', '3', 'Clutches', '', '', '');
INSERT INTO `oc_category_description` (`category_id`, `language_id`, `name`, `description`, `meta_description`, `meta_keyword`) VALUES ('121', '3', 'Purses', '', '', '');
INSERT INTO `oc_category_description` (`category_id`, `language_id`, `name`, `description`, `meta_description`, `meta_keyword`) VALUES ('119', '3', 'Shoulder', '', '', '');
INSERT INTO `oc_category_description` (`category_id`, `language_id`, `name`, `description`, `meta_description`, `meta_keyword`) VALUES ('118', '3', 'Formal', '', '', '');
INSERT INTO `oc_category_description` (`category_id`, `language_id`, `name`, `description`, `meta_description`, `meta_keyword`) VALUES ('45', '3', 'Windows', '', '', '');
INSERT INTO `oc_category_description` (`category_id`, `language_id`, `name`, `description`, `meta_description`, `meta_keyword`) VALUES ('46', '3', 'Macs', '', '', '');
INSERT INTO `oc_category_description` (`category_id`, `language_id`, `name`, `description`, `meta_description`, `meta_keyword`) VALUES ('105', '3', 'Accesories', '', '', '');
INSERT INTO `oc_category_description` (`category_id`, `language_id`, `name`, `description`, `meta_description`, `meta_keyword`) VALUES ('106', '3', 'Jackets', '', '', '');
INSERT INTO `oc_category_description` (`category_id`, `language_id`, `name`, `description`, `meta_description`, `meta_keyword`) VALUES ('107', '3', 'Bags', '', '', '');
INSERT INTO `oc_category_description` (`category_id`, `language_id`, `name`, `description`, `meta_description`, `meta_keyword`) VALUES ('108', '3', 'Tops', '', '', '');
INSERT INTO `oc_category_description` (`category_id`, `language_id`, `name`, `description`, `meta_description`, `meta_keyword`) VALUES ('109', '3', 'Beauty', '', '', '');
INSERT INTO `oc_category_description` (`category_id`, `language_id`, `name`, `description`, `meta_description`, `meta_keyword`) VALUES ('110', '3', 'Jewelry', '', '', '');
INSERT INTO `oc_category_description` (`category_id`, `language_id`, `name`, `description`, `meta_description`, `meta_keyword`) VALUES ('111', '3', 'Shoes', '', '', '');
INSERT INTO `oc_category_description` (`category_id`, `language_id`, `name`, `description`, `meta_description`, `meta_keyword`) VALUES ('112', '3', 'Lingerie', '', '', '');
INSERT INTO `oc_category_description` (`category_id`, `language_id`, `name`, `description`, `meta_description`, `meta_keyword`) VALUES ('113', '3', 'Pants', '', '', '');
INSERT INTO `oc_category_description` (`category_id`, `language_id`, `name`, `description`, `meta_description`, `meta_keyword`) VALUES ('114', '3', 'Necklaces', '', '', '');
INSERT INTO `oc_category_description` (`category_id`, `language_id`, `name`, `description`, `meta_description`, `meta_keyword`) VALUES ('115', '3', 'Rings', '', '', '');
INSERT INTO `oc_category_description` (`category_id`, `language_id`, `name`, `description`, `meta_description`, `meta_keyword`) VALUES ('116', '3', 'Hats', '', '', '');
INSERT INTO `oc_category_description` (`category_id`, `language_id`, `name`, `description`, `meta_description`, `meta_keyword`) VALUES ('117', '3', 'Bracelets', '', '', '');
INSERT INTO `oc_category_description` (`category_id`, `language_id`, `name`, `description`, `meta_description`, `meta_keyword`) VALUES ('18', '3', 'Laptops &amp; Notebooks', '&lt;p&gt;Shop Laptop feature only the best laptop deals on the market. By comparing laptop deals from the likes of PC World, Comet, Dixons, The Link and Carphone Warehouse, Shop Laptop has the most comprehensive selection of laptops on the internet. At Shop Laptop, we pride ourselves on offering customers the very best laptop deals. From refurbished laptops to netbooks, Shop Laptop ensures that every laptop - in every colour, style, size and technical spec - is featured on the site at the lowest possible price.&lt;/p&gt;\r\n', '', '');
INSERT INTO `oc_category_description` (`category_id`, `language_id`, `name`, `description`, `meta_description`, `meta_keyword`) VALUES ('34', '3', 'MP3 Players', '&lt;p&gt;Shop Laptop feature only the best laptop deals on the market. By comparing laptop deals from the likes of PC World, Comet, Dixons, The Link and Carphone Warehouse, Shop Laptop has the most comprehensive selection of laptops on the internet. At Shop Laptop, we pride ourselves on offering customers the very best laptop deals. From refurbished laptops to netbooks, Shop Laptop ensures that every laptop - in every colour, style, size and technical spec - is featured on the site at the lowest possible price.&lt;/p&gt;\r\n', '', '');
INSERT INTO `oc_category_description` (`category_id`, `language_id`, `name`, `description`, `meta_description`, `meta_keyword`) VALUES ('60', '3', 'Dresses', '', '', '');
INSERT INTO `oc_category_description` (`category_id`, `language_id`, `name`, `description`, `meta_description`, `meta_keyword`) VALUES ('20', '3', 'Desktops', '&lt;p&gt;Example of category description text&lt;/p&gt;\r\n', 'Example of category description', '');
INSERT INTO `oc_category_description` (`category_id`, `language_id`, `name`, `description`, `meta_description`, `meta_keyword`) VALUES ('24', '3', 'Phones &amp; PDAs', '', '', '');
INSERT INTO `oc_category_description` (`category_id`, `language_id`, `name`, `description`, `meta_description`, `meta_keyword`) VALUES ('25', '3', 'Components', '', '', '');
INSERT INTO `oc_category_description` (`category_id`, `language_id`, `name`, `description`, `meta_description`, `meta_keyword`) VALUES ('28', '3', 'Monitors', '', '', '');
INSERT INTO `oc_category_description` (`category_id`, `language_id`, `name`, `description`, `meta_description`, `meta_keyword`) VALUES ('33', '3', 'Cameras', '', '', '');
INSERT INTO `oc_category_description` (`category_id`, `language_id`, `name`, `description`, `meta_description`, `meta_keyword`) VALUES ('32', '3', 'Web Cameras', '', '', '');
INSERT INTO `oc_category_description` (`category_id`, `language_id`, `name`, `description`, `meta_description`, `meta_keyword`) VALUES ('31', '3', 'Scanners', '', '', '');
INSERT INTO `oc_category_description` (`category_id`, `language_id`, `name`, `description`, `meta_description`, `meta_keyword`) VALUES ('30', '3', 'Printers', '', '', '');
INSERT INTO `oc_category_description` (`category_id`, `language_id`, `name`, `description`, `meta_description`, `meta_keyword`) VALUES ('27', '3', 'Mac', '', '', '');
INSERT INTO `oc_category_description` (`category_id`, `language_id`, `name`, `description`, `meta_description`, `meta_keyword`) VALUES ('26', '3', 'PC', '', '', '');
INSERT INTO `oc_category_description` (`category_id`, `language_id`, `name`, `description`, `meta_description`, `meta_keyword`) VALUES ('137', '3', 'Formal', '', '', '');
INSERT INTO `oc_category_description` (`category_id`, `language_id`, `name`, `description`, `meta_description`, `meta_keyword`) VALUES ('138', '3', 'Bras', '', '', '');
INSERT INTO `oc_category_description` (`category_id`, `language_id`, `name`, `description`, `meta_description`, `meta_keyword`) VALUES ('139', '3', 'Panties', '', '', '');
INSERT INTO `oc_category_description` (`category_id`, `language_id`, `name`, `description`, `meta_description`, `meta_keyword`) VALUES ('140', '3', 'Nightgowns', '', '', '');
INSERT INTO `oc_category_description` (`category_id`, `language_id`, `name`, `description`, `meta_description`, `meta_keyword`) VALUES ('141', '3', 'Corsets', '', '', '');
INSERT INTO `oc_category_description` (`category_id`, `language_id`, `name`, `description`, `meta_description`, `meta_keyword`) VALUES ('142', '3', 'Suit', '', '', '');
INSERT INTO `oc_category_description` (`category_id`, `language_id`, `name`, `description`, `meta_description`, `meta_keyword`) VALUES ('143', '3', 'Leather', '', '', '');
INSERT INTO `oc_category_description` (`category_id`, `language_id`, `name`, `description`, `meta_description`, `meta_keyword`) VALUES ('144', '3', 'Blazers', '', '', '');
INSERT INTO `oc_category_description` (`category_id`, `language_id`, `name`, `description`, `meta_description`, `meta_keyword`) VALUES ('145', '3', 'Coats', '', '', '');
INSERT INTO `oc_category_description` (`category_id`, `language_id`, `name`, `description`, `meta_description`, `meta_keyword`) VALUES ('146', '3', 'Earrings', '', '', '');
INSERT INTO `oc_category_description` (`category_id`, `language_id`, `name`, `description`, `meta_description`, `meta_keyword`) VALUES ('147', '3', 'Casual', '', '', '');
INSERT INTO `oc_category_description` (`category_id`, `language_id`, `name`, `description`, `meta_description`, `meta_keyword`) VALUES ('148', '3', 'Occasion', '', '', '');
INSERT INTO `oc_category_description` (`category_id`, `language_id`, `name`, `description`, `meta_description`, `meta_keyword`) VALUES ('149', '3', 'Evening', '', '', '');
INSERT INTO `oc_category_description` (`category_id`, `language_id`, `name`, `description`, `meta_description`, `meta_keyword`) VALUES ('150', '3', 'Summer', '', '', '');
INSERT INTO `oc_category_description` (`category_id`, `language_id`, `name`, `description`, `meta_description`, `meta_keyword`) VALUES ('151', '3', 'Scarves', '', '', '');
INSERT INTO `oc_category_description` (`category_id`, `language_id`, `name`, `description`, `meta_description`, `meta_keyword`) VALUES ('152', '3', 'Belts', '', '', '');
INSERT INTO `oc_category_description` (`category_id`, `language_id`, `name`, `description`, `meta_description`, `meta_keyword`) VALUES ('153', '3', 'Sunglasses', '', '', '');
INSERT INTO `oc_category_description` (`category_id`, `language_id`, `name`, `description`, `meta_description`, `meta_keyword`) VALUES ('154', '3', 'Skirt', '', '', '');
INSERT INTO `oc_category_description` (`category_id`, `language_id`, `name`, `description`, `meta_description`, `meta_keyword`) VALUES ('155', '3', 'Food', '', '', '');
INSERT INTO `oc_category_description` (`category_id`, `language_id`, `name`, `description`, `meta_description`, `meta_keyword`) VALUES ('156', '3', 'Breakfast', '', '', '');
INSERT INTO `oc_category_description` (`category_id`, `language_id`, `name`, `description`, `meta_description`, `meta_keyword`) VALUES ('157', '3', 'Dessert', '', '', '');
INSERT INTO `oc_category_description` (`category_id`, `language_id`, `name`, `description`, `meta_description`, `meta_keyword`) VALUES ('158', '3', 'Grill', '', '', '');
INSERT INTO `oc_category_description` (`category_id`, `language_id`, `name`, `description`, `meta_description`, `meta_keyword`) VALUES ('159', '3', 'Pasta', '', '', '');
INSERT INTO `oc_category_description` (`category_id`, `language_id`, `name`, `description`, `meta_description`, `meta_keyword`) VALUES ('160', '3', 'Pizza', '', '', '');
INSERT INTO `oc_category_description` (`category_id`, `language_id`, `name`, `description`, `meta_description`, `meta_keyword`) VALUES ('161', '3', 'Salads', '', '', '');
INSERT INTO `oc_category_description` (`category_id`, `language_id`, `name`, `description`, `meta_description`, `meta_keyword`) VALUES ('162', '3', 'Sandwiches', '', '', '');
INSERT INTO `oc_category_description` (`category_id`, `language_id`, `name`, `description`, `meta_description`, `meta_keyword`) VALUES ('163', '3', 'Sushi', '', '', '');
INSERT INTO `oc_category_description` (`category_id`, `language_id`, `name`, `description`, `meta_description`, `meta_keyword`) VALUES ('164', '3', 'Nails', '', '', '');
INSERT INTO `oc_category_description` (`category_id`, `language_id`, `name`, `description`, `meta_description`, `meta_keyword`) VALUES ('35', '3', 'Subcategory', '&lt;p&gt;Lorem ipsum dolor sit amet, consectetur adipiscing elit. Aliquam iaculis egestas laoreet. Etiam faucibus massa sed risus lacinia in vulputate dolor imperdiet. Curabitur pharetra, purus a commodo dignissim, sapien nulla tempus nisi, et varius nulla urna at arcu.&lt;/p&gt;\r\n', '', '');
INSERT INTO `oc_category_description` (`category_id`, `language_id`, `name`, `description`, `meta_description`, `meta_keyword`) VALUES ('69', '3', 'Electronics', '&lt;p&gt;Lorem ipsum dolor sit amet, consectetur adipiscing elit. Aliquam iaculis egestas laoreet. Etiam faucibus massa sed risus lacinia in vulputate dolor imperdiet. Curabitur pharetra, purus a commodo dignissim, sapien nulla tempus nisi, et varius nulla urna at arcu.&lt;/p&gt;\r\n', '', '');
INSERT INTO `oc_category_description` (`category_id`, `language_id`, `name`, `description`, `meta_description`, `meta_keyword`) VALUES ('165', '3', 'Subcategory', '&lt;p&gt;Lorem ipsum dolor sit amet, consectetur adipiscing elit. Aliquam iaculis egestas laoreet. Etiam faucibus massa sed risus lacinia in vulputate dolor imperdiet. Curabitur pharetra, purus a commodo dignissim, sapien nulla tempus nisi, et varius nulla urna at arcu.&lt;/p&gt;\r\n', '', '');
INSERT INTO `oc_category_description` (`category_id`, `language_id`, `name`, `description`, `meta_description`, `meta_keyword`) VALUES ('166', '3', 'Subcategory', '&lt;p&gt;Lorem ipsum dolor sit amet, consectetur adipiscing elit. Aliquam iaculis egestas laoreet. Etiam faucibus massa sed risus lacinia in vulputate dolor imperdiet. Curabitur pharetra, purus a commodo dignissim, sapien nulla tempus nisi, et varius nulla urna at arcu.&lt;/p&gt;\r\n', '', '');
INSERT INTO `oc_category_description` (`category_id`, `language_id`, `name`, `description`, `meta_description`, `meta_keyword`) VALUES ('167', '3', 'Infinite Levels', '&lt;p&gt;Lorem ipsum dolor sit amet, consectetur adipiscing elit. Aliquam iaculis egestas laoreet. Etiam faucibus massa sed risus lacinia in vulputate dolor imperdiet. Curabitur pharetra, purus a commodo dignissim, sapien nulla tempus nisi, et varius nulla urna at arcu.&lt;/p&gt;\r\n', '', '');
INSERT INTO `oc_category_description` (`category_id`, `language_id`, `name`, `description`, `meta_description`, `meta_keyword`) VALUES ('59', '3', 'Fashion', '&lt;p&gt;Lorem ipsum dolor sit amet, consectetur adipiscing elit. Aliquam iaculis egestas laoreet. Etiam faucibus massa sed risus lacinia in vulputate dolor imperdiet. Curabitur pharetra, purus a commodo dignissim, sapien nulla tempus nisi, et varius nulla urna at arcu.&lt;/p&gt;\r\n', '', '');
INSERT INTO `oc_category_description` (`category_id`, `language_id`, `name`, `description`, `meta_description`, `meta_keyword`) VALUES ('59', '1', 'Fashion', '', '', '');


TRUNCATE TABLE `oc_category_filter`;



TRUNCATE TABLE `oc_category_path`;

INSERT INTO `oc_category_path` (`category_id`, `path_id`, `level`) VALUES ('25', '25', '1');
INSERT INTO `oc_category_path` (`category_id`, `path_id`, `level`) VALUES ('28', '28', '2');
INSERT INTO `oc_category_path` (`category_id`, `path_id`, `level`) VALUES ('28', '25', '1');
INSERT INTO `oc_category_path` (`category_id`, `path_id`, `level`) VALUES ('35', '35', '2');
INSERT INTO `oc_category_path` (`category_id`, `path_id`, `level`) VALUES ('35', '20', '1');
INSERT INTO `oc_category_path` (`category_id`, `path_id`, `level`) VALUES ('33', '69', '0');
INSERT INTO `oc_category_path` (`category_id`, `path_id`, `level`) VALUES ('60', '59', '0');
INSERT INTO `oc_category_path` (`category_id`, `path_id`, `level`) VALUES ('60', '60', '1');
INSERT INTO `oc_category_path` (`category_id`, `path_id`, `level`) VALUES ('59', '59', '0');
INSERT INTO `oc_category_path` (`category_id`, `path_id`, `level`) VALUES ('30', '30', '2');
INSERT INTO `oc_category_path` (`category_id`, `path_id`, `level`) VALUES ('30', '25', '1');
INSERT INTO `oc_category_path` (`category_id`, `path_id`, `level`) VALUES ('31', '31', '2');
INSERT INTO `oc_category_path` (`category_id`, `path_id`, `level`) VALUES ('31', '25', '1');
INSERT INTO `oc_category_path` (`category_id`, `path_id`, `level`) VALUES ('32', '32', '2');
INSERT INTO `oc_category_path` (`category_id`, `path_id`, `level`) VALUES ('32', '25', '1');
INSERT INTO `oc_category_path` (`category_id`, `path_id`, `level`) VALUES ('20', '20', '1');
INSERT INTO `oc_category_path` (`category_id`, `path_id`, `level`) VALUES ('27', '27', '2');
INSERT INTO `oc_category_path` (`category_id`, `path_id`, `level`) VALUES ('27', '20', '1');
INSERT INTO `oc_category_path` (`category_id`, `path_id`, `level`) VALUES ('26', '26', '2');
INSERT INTO `oc_category_path` (`category_id`, `path_id`, `level`) VALUES ('26', '20', '1');
INSERT INTO `oc_category_path` (`category_id`, `path_id`, `level`) VALUES ('24', '24', '1');
INSERT INTO `oc_category_path` (`category_id`, `path_id`, `level`) VALUES ('18', '18', '1');
INSERT INTO `oc_category_path` (`category_id`, `path_id`, `level`) VALUES ('45', '45', '2');
INSERT INTO `oc_category_path` (`category_id`, `path_id`, `level`) VALUES ('45', '18', '1');
INSERT INTO `oc_category_path` (`category_id`, `path_id`, `level`) VALUES ('46', '46', '2');
INSERT INTO `oc_category_path` (`category_id`, `path_id`, `level`) VALUES ('46', '18', '1');
INSERT INTO `oc_category_path` (`category_id`, `path_id`, `level`) VALUES ('33', '33', '1');
INSERT INTO `oc_category_path` (`category_id`, `path_id`, `level`) VALUES ('34', '34', '1');
INSERT INTO `oc_category_path` (`category_id`, `path_id`, `level`) VALUES ('24', '69', '0');
INSERT INTO `oc_category_path` (`category_id`, `path_id`, `level`) VALUES ('34', '69', '0');
INSERT INTO `oc_category_path` (`category_id`, `path_id`, `level`) VALUES ('46', '69', '0');
INSERT INTO `oc_category_path` (`category_id`, `path_id`, `level`) VALUES ('45', '69', '0');
INSERT INTO `oc_category_path` (`category_id`, `path_id`, `level`) VALUES ('18', '69', '0');
INSERT INTO `oc_category_path` (`category_id`, `path_id`, `level`) VALUES ('26', '69', '0');
INSERT INTO `oc_category_path` (`category_id`, `path_id`, `level`) VALUES ('27', '69', '0');
INSERT INTO `oc_category_path` (`category_id`, `path_id`, `level`) VALUES ('20', '69', '0');
INSERT INTO `oc_category_path` (`category_id`, `path_id`, `level`) VALUES ('32', '69', '0');
INSERT INTO `oc_category_path` (`category_id`, `path_id`, `level`) VALUES ('31', '69', '0');
INSERT INTO `oc_category_path` (`category_id`, `path_id`, `level`) VALUES ('30', '69', '0');
INSERT INTO `oc_category_path` (`category_id`, `path_id`, `level`) VALUES ('35', '69', '0');
INSERT INTO `oc_category_path` (`category_id`, `path_id`, `level`) VALUES ('28', '69', '0');
INSERT INTO `oc_category_path` (`category_id`, `path_id`, `level`) VALUES ('25', '69', '0');
INSERT INTO `oc_category_path` (`category_id`, `path_id`, `level`) VALUES ('69', '69', '0');
INSERT INTO `oc_category_path` (`category_id`, `path_id`, `level`) VALUES ('105', '105', '1');
INSERT INTO `oc_category_path` (`category_id`, `path_id`, `level`) VALUES ('105', '59', '0');
INSERT INTO `oc_category_path` (`category_id`, `path_id`, `level`) VALUES ('106', '59', '0');
INSERT INTO `oc_category_path` (`category_id`, `path_id`, `level`) VALUES ('106', '106', '2');
INSERT INTO `oc_category_path` (`category_id`, `path_id`, `level`) VALUES ('107', '107', '1');
INSERT INTO `oc_category_path` (`category_id`, `path_id`, `level`) VALUES ('107', '59', '0');
INSERT INTO `oc_category_path` (`category_id`, `path_id`, `level`) VALUES ('108', '108', '1');
INSERT INTO `oc_category_path` (`category_id`, `path_id`, `level`) VALUES ('108', '59', '0');
INSERT INTO `oc_category_path` (`category_id`, `path_id`, `level`) VALUES ('109', '109', '1');
INSERT INTO `oc_category_path` (`category_id`, `path_id`, `level`) VALUES ('109', '59', '0');
INSERT INTO `oc_category_path` (`category_id`, `path_id`, `level`) VALUES ('110', '105', '1');
INSERT INTO `oc_category_path` (`category_id`, `path_id`, `level`) VALUES ('110', '59', '0');
INSERT INTO `oc_category_path` (`category_id`, `path_id`, `level`) VALUES ('111', '111', '1');
INSERT INTO `oc_category_path` (`category_id`, `path_id`, `level`) VALUES ('111', '59', '0');
INSERT INTO `oc_category_path` (`category_id`, `path_id`, `level`) VALUES ('112', '112', '1');
INSERT INTO `oc_category_path` (`category_id`, `path_id`, `level`) VALUES ('112', '59', '0');
INSERT INTO `oc_category_path` (`category_id`, `path_id`, `level`) VALUES ('113', '113', '1');
INSERT INTO `oc_category_path` (`category_id`, `path_id`, `level`) VALUES ('113', '59', '0');
INSERT INTO `oc_category_path` (`category_id`, `path_id`, `level`) VALUES ('114', '110', '2');
INSERT INTO `oc_category_path` (`category_id`, `path_id`, `level`) VALUES ('114', '105', '1');
INSERT INTO `oc_category_path` (`category_id`, `path_id`, `level`) VALUES ('114', '59', '0');
INSERT INTO `oc_category_path` (`category_id`, `path_id`, `level`) VALUES ('115', '110', '2');
INSERT INTO `oc_category_path` (`category_id`, `path_id`, `level`) VALUES ('115', '105', '1');
INSERT INTO `oc_category_path` (`category_id`, `path_id`, `level`) VALUES ('115', '59', '0');
INSERT INTO `oc_category_path` (`category_id`, `path_id`, `level`) VALUES ('116', '59', '0');
INSERT INTO `oc_category_path` (`category_id`, `path_id`, `level`) VALUES ('116', '105', '1');
INSERT INTO `oc_category_path` (`category_id`, `path_id`, `level`) VALUES ('116', '116', '2');
INSERT INTO `oc_category_path` (`category_id`, `path_id`, `level`) VALUES ('117', '105', '1');
INSERT INTO `oc_category_path` (`category_id`, `path_id`, `level`) VALUES ('117', '110', '2');
INSERT INTO `oc_category_path` (`category_id`, `path_id`, `level`) VALUES ('117', '59', '0');
INSERT INTO `oc_category_path` (`category_id`, `path_id`, `level`) VALUES ('118', '107', '1');
INSERT INTO `oc_category_path` (`category_id`, `path_id`, `level`) VALUES ('118', '118', '2');
INSERT INTO `oc_category_path` (`category_id`, `path_id`, `level`) VALUES ('118', '59', '0');
INSERT INTO `oc_category_path` (`category_id`, `path_id`, `level`) VALUES ('119', '119', '2');
INSERT INTO `oc_category_path` (`category_id`, `path_id`, `level`) VALUES ('119', '107', '1');
INSERT INTO `oc_category_path` (`category_id`, `path_id`, `level`) VALUES ('119', '59', '0');
INSERT INTO `oc_category_path` (`category_id`, `path_id`, `level`) VALUES ('120', '107', '1');
INSERT INTO `oc_category_path` (`category_id`, `path_id`, `level`) VALUES ('120', '120', '2');
INSERT INTO `oc_category_path` (`category_id`, `path_id`, `level`) VALUES ('120', '59', '0');
INSERT INTO `oc_category_path` (`category_id`, `path_id`, `level`) VALUES ('121', '107', '1');
INSERT INTO `oc_category_path` (`category_id`, `path_id`, `level`) VALUES ('121', '121', '2');
INSERT INTO `oc_category_path` (`category_id`, `path_id`, `level`) VALUES ('121', '59', '0');
INSERT INTO `oc_category_path` (`category_id`, `path_id`, `level`) VALUES ('122', '109', '1');
INSERT INTO `oc_category_path` (`category_id`, `path_id`, `level`) VALUES ('122', '122', '2');
INSERT INTO `oc_category_path` (`category_id`, `path_id`, `level`) VALUES ('122', '59', '0');
INSERT INTO `oc_category_path` (`category_id`, `path_id`, `level`) VALUES ('123', '109', '1');
INSERT INTO `oc_category_path` (`category_id`, `path_id`, `level`) VALUES ('123', '123', '2');
INSERT INTO `oc_category_path` (`category_id`, `path_id`, `level`) VALUES ('123', '59', '0');
INSERT INTO `oc_category_path` (`category_id`, `path_id`, `level`) VALUES ('124', '109', '1');
INSERT INTO `oc_category_path` (`category_id`, `path_id`, `level`) VALUES ('124', '124', '2');
INSERT INTO `oc_category_path` (`category_id`, `path_id`, `level`) VALUES ('124', '59', '0');
INSERT INTO `oc_category_path` (`category_id`, `path_id`, `level`) VALUES ('125', '125', '2');
INSERT INTO `oc_category_path` (`category_id`, `path_id`, `level`) VALUES ('125', '109', '1');
INSERT INTO `oc_category_path` (`category_id`, `path_id`, `level`) VALUES ('125', '59', '0');
INSERT INTO `oc_category_path` (`category_id`, `path_id`, `level`) VALUES ('126', '126', '2');
INSERT INTO `oc_category_path` (`category_id`, `path_id`, `level`) VALUES ('126', '113', '1');
INSERT INTO `oc_category_path` (`category_id`, `path_id`, `level`) VALUES ('126', '59', '0');
INSERT INTO `oc_category_path` (`category_id`, `path_id`, `level`) VALUES ('127', '108', '1');
INSERT INTO `oc_category_path` (`category_id`, `path_id`, `level`) VALUES ('127', '127', '2');
INSERT INTO `oc_category_path` (`category_id`, `path_id`, `level`) VALUES ('127', '59', '0');
INSERT INTO `oc_category_path` (`category_id`, `path_id`, `level`) VALUES ('128', '108', '1');
INSERT INTO `oc_category_path` (`category_id`, `path_id`, `level`) VALUES ('128', '128', '2');
INSERT INTO `oc_category_path` (`category_id`, `path_id`, `level`) VALUES ('128', '59', '0');
INSERT INTO `oc_category_path` (`category_id`, `path_id`, `level`) VALUES ('129', '59', '0');
INSERT INTO `oc_category_path` (`category_id`, `path_id`, `level`) VALUES ('130', '108', '1');
INSERT INTO `oc_category_path` (`category_id`, `path_id`, `level`) VALUES ('130', '130', '2');
INSERT INTO `oc_category_path` (`category_id`, `path_id`, `level`) VALUES ('130', '59', '0');
INSERT INTO `oc_category_path` (`category_id`, `path_id`, `level`) VALUES ('131', '111', '1');
INSERT INTO `oc_category_path` (`category_id`, `path_id`, `level`) VALUES ('131', '131', '2');
INSERT INTO `oc_category_path` (`category_id`, `path_id`, `level`) VALUES ('131', '59', '0');
INSERT INTO `oc_category_path` (`category_id`, `path_id`, `level`) VALUES ('132', '111', '1');
INSERT INTO `oc_category_path` (`category_id`, `path_id`, `level`) VALUES ('132', '132', '2');
INSERT INTO `oc_category_path` (`category_id`, `path_id`, `level`) VALUES ('132', '59', '0');
INSERT INTO `oc_category_path` (`category_id`, `path_id`, `level`) VALUES ('133', '111', '1');
INSERT INTO `oc_category_path` (`category_id`, `path_id`, `level`) VALUES ('133', '133', '2');
INSERT INTO `oc_category_path` (`category_id`, `path_id`, `level`) VALUES ('133', '59', '0');
INSERT INTO `oc_category_path` (`category_id`, `path_id`, `level`) VALUES ('134', '111', '1');
INSERT INTO `oc_category_path` (`category_id`, `path_id`, `level`) VALUES ('134', '134', '2');
INSERT INTO `oc_category_path` (`category_id`, `path_id`, `level`) VALUES ('134', '59', '0');
INSERT INTO `oc_category_path` (`category_id`, `path_id`, `level`) VALUES ('135', '113', '1');
INSERT INTO `oc_category_path` (`category_id`, `path_id`, `level`) VALUES ('135', '135', '2');
INSERT INTO `oc_category_path` (`category_id`, `path_id`, `level`) VALUES ('135', '59', '0');
INSERT INTO `oc_category_path` (`category_id`, `path_id`, `level`) VALUES ('136', '113', '1');
INSERT INTO `oc_category_path` (`category_id`, `path_id`, `level`) VALUES ('136', '136', '2');
INSERT INTO `oc_category_path` (`category_id`, `path_id`, `level`) VALUES ('136', '59', '0');
INSERT INTO `oc_category_path` (`category_id`, `path_id`, `level`) VALUES ('129', '108', '1');
INSERT INTO `oc_category_path` (`category_id`, `path_id`, `level`) VALUES ('129', '129', '2');
INSERT INTO `oc_category_path` (`category_id`, `path_id`, `level`) VALUES ('137', '113', '1');
INSERT INTO `oc_category_path` (`category_id`, `path_id`, `level`) VALUES ('137', '137', '2');
INSERT INTO `oc_category_path` (`category_id`, `path_id`, `level`) VALUES ('137', '59', '0');
INSERT INTO `oc_category_path` (`category_id`, `path_id`, `level`) VALUES ('138', '138', '2');
INSERT INTO `oc_category_path` (`category_id`, `path_id`, `level`) VALUES ('138', '112', '1');
INSERT INTO `oc_category_path` (`category_id`, `path_id`, `level`) VALUES ('138', '59', '0');
INSERT INTO `oc_category_path` (`category_id`, `path_id`, `level`) VALUES ('139', '112', '1');
INSERT INTO `oc_category_path` (`category_id`, `path_id`, `level`) VALUES ('139', '139', '2');
INSERT INTO `oc_category_path` (`category_id`, `path_id`, `level`) VALUES ('139', '59', '0');
INSERT INTO `oc_category_path` (`category_id`, `path_id`, `level`) VALUES ('140', '112', '1');
INSERT INTO `oc_category_path` (`category_id`, `path_id`, `level`) VALUES ('140', '140', '2');
INSERT INTO `oc_category_path` (`category_id`, `path_id`, `level`) VALUES ('140', '59', '0');
INSERT INTO `oc_category_path` (`category_id`, `path_id`, `level`) VALUES ('141', '112', '1');
INSERT INTO `oc_category_path` (`category_id`, `path_id`, `level`) VALUES ('141', '141', '2');
INSERT INTO `oc_category_path` (`category_id`, `path_id`, `level`) VALUES ('141', '59', '0');
INSERT INTO `oc_category_path` (`category_id`, `path_id`, `level`) VALUES ('142', '106', '2');
INSERT INTO `oc_category_path` (`category_id`, `path_id`, `level`) VALUES ('142', '142', '3');
INSERT INTO `oc_category_path` (`category_id`, `path_id`, `level`) VALUES ('142', '59', '0');
INSERT INTO `oc_category_path` (`category_id`, `path_id`, `level`) VALUES ('143', '106', '2');
INSERT INTO `oc_category_path` (`category_id`, `path_id`, `level`) VALUES ('143', '143', '3');
INSERT INTO `oc_category_path` (`category_id`, `path_id`, `level`) VALUES ('143', '59', '0');
INSERT INTO `oc_category_path` (`category_id`, `path_id`, `level`) VALUES ('144', '106', '2');
INSERT INTO `oc_category_path` (`category_id`, `path_id`, `level`) VALUES ('144', '144', '3');
INSERT INTO `oc_category_path` (`category_id`, `path_id`, `level`) VALUES ('144', '59', '0');
INSERT INTO `oc_category_path` (`category_id`, `path_id`, `level`) VALUES ('145', '106', '2');
INSERT INTO `oc_category_path` (`category_id`, `path_id`, `level`) VALUES ('145', '145', '3');
INSERT INTO `oc_category_path` (`category_id`, `path_id`, `level`) VALUES ('145', '59', '0');
INSERT INTO `oc_category_path` (`category_id`, `path_id`, `level`) VALUES ('146', '59', '0');
INSERT INTO `oc_category_path` (`category_id`, `path_id`, `level`) VALUES ('146', '105', '1');
INSERT INTO `oc_category_path` (`category_id`, `path_id`, `level`) VALUES ('146', '110', '2');
INSERT INTO `oc_category_path` (`category_id`, `path_id`, `level`) VALUES ('147', '147', '2');
INSERT INTO `oc_category_path` (`category_id`, `path_id`, `level`) VALUES ('147', '60', '1');
INSERT INTO `oc_category_path` (`category_id`, `path_id`, `level`) VALUES ('147', '59', '0');
INSERT INTO `oc_category_path` (`category_id`, `path_id`, `level`) VALUES ('148', '60', '1');
INSERT INTO `oc_category_path` (`category_id`, `path_id`, `level`) VALUES ('148', '148', '2');
INSERT INTO `oc_category_path` (`category_id`, `path_id`, `level`) VALUES ('148', '59', '0');
INSERT INTO `oc_category_path` (`category_id`, `path_id`, `level`) VALUES ('149', '60', '1');
INSERT INTO `oc_category_path` (`category_id`, `path_id`, `level`) VALUES ('149', '149', '2');
INSERT INTO `oc_category_path` (`category_id`, `path_id`, `level`) VALUES ('149', '59', '0');
INSERT INTO `oc_category_path` (`category_id`, `path_id`, `level`) VALUES ('150', '60', '1');
INSERT INTO `oc_category_path` (`category_id`, `path_id`, `level`) VALUES ('150', '150', '2');
INSERT INTO `oc_category_path` (`category_id`, `path_id`, `level`) VALUES ('150', '59', '0');
INSERT INTO `oc_category_path` (`category_id`, `path_id`, `level`) VALUES ('151', '105', '1');
INSERT INTO `oc_category_path` (`category_id`, `path_id`, `level`) VALUES ('151', '151', '2');
INSERT INTO `oc_category_path` (`category_id`, `path_id`, `level`) VALUES ('151', '59', '0');
INSERT INTO `oc_category_path` (`category_id`, `path_id`, `level`) VALUES ('152', '152', '2');
INSERT INTO `oc_category_path` (`category_id`, `path_id`, `level`) VALUES ('152', '105', '1');
INSERT INTO `oc_category_path` (`category_id`, `path_id`, `level`) VALUES ('152', '59', '0');
INSERT INTO `oc_category_path` (`category_id`, `path_id`, `level`) VALUES ('153', '153', '2');
INSERT INTO `oc_category_path` (`category_id`, `path_id`, `level`) VALUES ('153', '105', '1');
INSERT INTO `oc_category_path` (`category_id`, `path_id`, `level`) VALUES ('153', '59', '0');
INSERT INTO `oc_category_path` (`category_id`, `path_id`, `level`) VALUES ('154', '154', '2');
INSERT INTO `oc_category_path` (`category_id`, `path_id`, `level`) VALUES ('154', '60', '1');
INSERT INTO `oc_category_path` (`category_id`, `path_id`, `level`) VALUES ('154', '59', '0');
INSERT INTO `oc_category_path` (`category_id`, `path_id`, `level`) VALUES ('155', '155', '0');
INSERT INTO `oc_category_path` (`category_id`, `path_id`, `level`) VALUES ('156', '156', '1');
INSERT INTO `oc_category_path` (`category_id`, `path_id`, `level`) VALUES ('156', '155', '0');
INSERT INTO `oc_category_path` (`category_id`, `path_id`, `level`) VALUES ('157', '157', '1');
INSERT INTO `oc_category_path` (`category_id`, `path_id`, `level`) VALUES ('157', '155', '0');
INSERT INTO `oc_category_path` (`category_id`, `path_id`, `level`) VALUES ('158', '158', '1');
INSERT INTO `oc_category_path` (`category_id`, `path_id`, `level`) VALUES ('158', '155', '0');
INSERT INTO `oc_category_path` (`category_id`, `path_id`, `level`) VALUES ('159', '159', '1');
INSERT INTO `oc_category_path` (`category_id`, `path_id`, `level`) VALUES ('159', '155', '0');
INSERT INTO `oc_category_path` (`category_id`, `path_id`, `level`) VALUES ('160', '160', '1');
INSERT INTO `oc_category_path` (`category_id`, `path_id`, `level`) VALUES ('160', '155', '0');
INSERT INTO `oc_category_path` (`category_id`, `path_id`, `level`) VALUES ('161', '161', '1');
INSERT INTO `oc_category_path` (`category_id`, `path_id`, `level`) VALUES ('161', '155', '0');
INSERT INTO `oc_category_path` (`category_id`, `path_id`, `level`) VALUES ('162', '162', '1');
INSERT INTO `oc_category_path` (`category_id`, `path_id`, `level`) VALUES ('162', '155', '0');
INSERT INTO `oc_category_path` (`category_id`, `path_id`, `level`) VALUES ('163', '163', '1');
INSERT INTO `oc_category_path` (`category_id`, `path_id`, `level`) VALUES ('163', '155', '0');
INSERT INTO `oc_category_path` (`category_id`, `path_id`, `level`) VALUES ('106', '108', '1');
INSERT INTO `oc_category_path` (`category_id`, `path_id`, `level`) VALUES ('142', '108', '1');
INSERT INTO `oc_category_path` (`category_id`, `path_id`, `level`) VALUES ('143', '108', '1');
INSERT INTO `oc_category_path` (`category_id`, `path_id`, `level`) VALUES ('144', '108', '1');
INSERT INTO `oc_category_path` (`category_id`, `path_id`, `level`) VALUES ('145', '108', '1');
INSERT INTO `oc_category_path` (`category_id`, `path_id`, `level`) VALUES ('110', '110', '2');
INSERT INTO `oc_category_path` (`category_id`, `path_id`, `level`) VALUES ('114', '114', '3');
INSERT INTO `oc_category_path` (`category_id`, `path_id`, `level`) VALUES ('115', '115', '3');
INSERT INTO `oc_category_path` (`category_id`, `path_id`, `level`) VALUES ('117', '117', '3');
INSERT INTO `oc_category_path` (`category_id`, `path_id`, `level`) VALUES ('146', '146', '3');
INSERT INTO `oc_category_path` (`category_id`, `path_id`, `level`) VALUES ('164', '164', '2');
INSERT INTO `oc_category_path` (`category_id`, `path_id`, `level`) VALUES ('164', '109', '1');
INSERT INTO `oc_category_path` (`category_id`, `path_id`, `level`) VALUES ('164', '59', '0');
INSERT INTO `oc_category_path` (`category_id`, `path_id`, `level`) VALUES ('165', '114', '3');
INSERT INTO `oc_category_path` (`category_id`, `path_id`, `level`) VALUES ('165', '165', '4');
INSERT INTO `oc_category_path` (`category_id`, `path_id`, `level`) VALUES ('165', '110', '2');
INSERT INTO `oc_category_path` (`category_id`, `path_id`, `level`) VALUES ('165', '105', '1');
INSERT INTO `oc_category_path` (`category_id`, `path_id`, `level`) VALUES ('165', '59', '0');
INSERT INTO `oc_category_path` (`category_id`, `path_id`, `level`) VALUES ('166', '166', '3');
INSERT INTO `oc_category_path` (`category_id`, `path_id`, `level`) VALUES ('166', '123', '2');
INSERT INTO `oc_category_path` (`category_id`, `path_id`, `level`) VALUES ('166', '109', '1');
INSERT INTO `oc_category_path` (`category_id`, `path_id`, `level`) VALUES ('166', '59', '0');
INSERT INTO `oc_category_path` (`category_id`, `path_id`, `level`) VALUES ('167', '167', '5');
INSERT INTO `oc_category_path` (`category_id`, `path_id`, `level`) VALUES ('167', '165', '4');
INSERT INTO `oc_category_path` (`category_id`, `path_id`, `level`) VALUES ('167', '114', '3');
INSERT INTO `oc_category_path` (`category_id`, `path_id`, `level`) VALUES ('167', '110', '2');
INSERT INTO `oc_category_path` (`category_id`, `path_id`, `level`) VALUES ('167', '105', '1');
INSERT INTO `oc_category_path` (`category_id`, `path_id`, `level`) VALUES ('167', '59', '0');


TRUNCATE TABLE `oc_category_to_layout`;

INSERT INTO `oc_category_to_layout` (`category_id`, `store_id`, `layout_id`) VALUES ('59', '0', '15');


TRUNCATE TABLE `oc_category_to_store`;

INSERT INTO `oc_category_to_store` (`category_id`, `store_id`) VALUES ('18', '0');
INSERT INTO `oc_category_to_store` (`category_id`, `store_id`) VALUES ('20', '0');
INSERT INTO `oc_category_to_store` (`category_id`, `store_id`) VALUES ('24', '0');
INSERT INTO `oc_category_to_store` (`category_id`, `store_id`) VALUES ('25', '0');
INSERT INTO `oc_category_to_store` (`category_id`, `store_id`) VALUES ('26', '0');
INSERT INTO `oc_category_to_store` (`category_id`, `store_id`) VALUES ('27', '0');
INSERT INTO `oc_category_to_store` (`category_id`, `store_id`) VALUES ('28', '0');
INSERT INTO `oc_category_to_store` (`category_id`, `store_id`) VALUES ('30', '0');
INSERT INTO `oc_category_to_store` (`category_id`, `store_id`) VALUES ('31', '0');
INSERT INTO `oc_category_to_store` (`category_id`, `store_id`) VALUES ('32', '0');
INSERT INTO `oc_category_to_store` (`category_id`, `store_id`) VALUES ('33', '0');
INSERT INTO `oc_category_to_store` (`category_id`, `store_id`) VALUES ('34', '0');
INSERT INTO `oc_category_to_store` (`category_id`, `store_id`) VALUES ('35', '0');
INSERT INTO `oc_category_to_store` (`category_id`, `store_id`) VALUES ('45', '0');
INSERT INTO `oc_category_to_store` (`category_id`, `store_id`) VALUES ('46', '0');
INSERT INTO `oc_category_to_store` (`category_id`, `store_id`) VALUES ('59', '0');
INSERT INTO `oc_category_to_store` (`category_id`, `store_id`) VALUES ('60', '0');
INSERT INTO `oc_category_to_store` (`category_id`, `store_id`) VALUES ('69', '0');
INSERT INTO `oc_category_to_store` (`category_id`, `store_id`) VALUES ('105', '0');
INSERT INTO `oc_category_to_store` (`category_id`, `store_id`) VALUES ('106', '0');
INSERT INTO `oc_category_to_store` (`category_id`, `store_id`) VALUES ('107', '0');
INSERT INTO `oc_category_to_store` (`category_id`, `store_id`) VALUES ('108', '0');
INSERT INTO `oc_category_to_store` (`category_id`, `store_id`) VALUES ('109', '0');
INSERT INTO `oc_category_to_store` (`category_id`, `store_id`) VALUES ('110', '0');
INSERT INTO `oc_category_to_store` (`category_id`, `store_id`) VALUES ('111', '0');
INSERT INTO `oc_category_to_store` (`category_id`, `store_id`) VALUES ('112', '0');
INSERT INTO `oc_category_to_store` (`category_id`, `store_id`) VALUES ('113', '0');
INSERT INTO `oc_category_to_store` (`category_id`, `store_id`) VALUES ('114', '0');
INSERT INTO `oc_category_to_store` (`category_id`, `store_id`) VALUES ('115', '0');
INSERT INTO `oc_category_to_store` (`category_id`, `store_id`) VALUES ('116', '0');
INSERT INTO `oc_category_to_store` (`category_id`, `store_id`) VALUES ('117', '0');
INSERT INTO `oc_category_to_store` (`category_id`, `store_id`) VALUES ('118', '0');
INSERT INTO `oc_category_to_store` (`category_id`, `store_id`) VALUES ('119', '0');
INSERT INTO `oc_category_to_store` (`category_id`, `store_id`) VALUES ('120', '0');
INSERT INTO `oc_category_to_store` (`category_id`, `store_id`) VALUES ('121', '0');
INSERT INTO `oc_category_to_store` (`category_id`, `store_id`) VALUES ('122', '0');
INSERT INTO `oc_category_to_store` (`category_id`, `store_id`) VALUES ('123', '0');
INSERT INTO `oc_category_to_store` (`category_id`, `store_id`) VALUES ('124', '0');
INSERT INTO `oc_category_to_store` (`category_id`, `store_id`) VALUES ('125', '0');
INSERT INTO `oc_category_to_store` (`category_id`, `store_id`) VALUES ('126', '0');
INSERT INTO `oc_category_to_store` (`category_id`, `store_id`) VALUES ('127', '0');
INSERT INTO `oc_category_to_store` (`category_id`, `store_id`) VALUES ('128', '0');
INSERT INTO `oc_category_to_store` (`category_id`, `store_id`) VALUES ('129', '0');
INSERT INTO `oc_category_to_store` (`category_id`, `store_id`) VALUES ('130', '0');
INSERT INTO `oc_category_to_store` (`category_id`, `store_id`) VALUES ('131', '0');
INSERT INTO `oc_category_to_store` (`category_id`, `store_id`) VALUES ('132', '0');
INSERT INTO `oc_category_to_store` (`category_id`, `store_id`) VALUES ('133', '0');
INSERT INTO `oc_category_to_store` (`category_id`, `store_id`) VALUES ('134', '0');
INSERT INTO `oc_category_to_store` (`category_id`, `store_id`) VALUES ('135', '0');
INSERT INTO `oc_category_to_store` (`category_id`, `store_id`) VALUES ('136', '0');
INSERT INTO `oc_category_to_store` (`category_id`, `store_id`) VALUES ('137', '0');
INSERT INTO `oc_category_to_store` (`category_id`, `store_id`) VALUES ('138', '0');
INSERT INTO `oc_category_to_store` (`category_id`, `store_id`) VALUES ('139', '0');
INSERT INTO `oc_category_to_store` (`category_id`, `store_id`) VALUES ('140', '0');
INSERT INTO `oc_category_to_store` (`category_id`, `store_id`) VALUES ('141', '0');
INSERT INTO `oc_category_to_store` (`category_id`, `store_id`) VALUES ('142', '0');
INSERT INTO `oc_category_to_store` (`category_id`, `store_id`) VALUES ('143', '0');
INSERT INTO `oc_category_to_store` (`category_id`, `store_id`) VALUES ('144', '0');
INSERT INTO `oc_category_to_store` (`category_id`, `store_id`) VALUES ('145', '0');
INSERT INTO `oc_category_to_store` (`category_id`, `store_id`) VALUES ('146', '0');
INSERT INTO `oc_category_to_store` (`category_id`, `store_id`) VALUES ('147', '0');
INSERT INTO `oc_category_to_store` (`category_id`, `store_id`) VALUES ('148', '0');
INSERT INTO `oc_category_to_store` (`category_id`, `store_id`) VALUES ('149', '0');
INSERT INTO `oc_category_to_store` (`category_id`, `store_id`) VALUES ('150', '0');
INSERT INTO `oc_category_to_store` (`category_id`, `store_id`) VALUES ('151', '0');
INSERT INTO `oc_category_to_store` (`category_id`, `store_id`) VALUES ('152', '0');
INSERT INTO `oc_category_to_store` (`category_id`, `store_id`) VALUES ('153', '0');
INSERT INTO `oc_category_to_store` (`category_id`, `store_id`) VALUES ('154', '0');
INSERT INTO `oc_category_to_store` (`category_id`, `store_id`) VALUES ('155', '0');
INSERT INTO `oc_category_to_store` (`category_id`, `store_id`) VALUES ('156', '0');
INSERT INTO `oc_category_to_store` (`category_id`, `store_id`) VALUES ('157', '0');
INSERT INTO `oc_category_to_store` (`category_id`, `store_id`) VALUES ('158', '0');
INSERT INTO `oc_category_to_store` (`category_id`, `store_id`) VALUES ('159', '0');
INSERT INTO `oc_category_to_store` (`category_id`, `store_id`) VALUES ('160', '0');
INSERT INTO `oc_category_to_store` (`category_id`, `store_id`) VALUES ('161', '0');
INSERT INTO `oc_category_to_store` (`category_id`, `store_id`) VALUES ('162', '0');
INSERT INTO `oc_category_to_store` (`category_id`, `store_id`) VALUES ('163', '0');
INSERT INTO `oc_category_to_store` (`category_id`, `store_id`) VALUES ('164', '0');
INSERT INTO `oc_category_to_store` (`category_id`, `store_id`) VALUES ('165', '0');
INSERT INTO `oc_category_to_store` (`category_id`, `store_id`) VALUES ('166', '0');
INSERT INTO `oc_category_to_store` (`category_id`, `store_id`) VALUES ('167', '0');


TRUNCATE TABLE `oc_information`;

INSERT INTO `oc_information` (`information_id`, `bottom`, `sort_order`, `status`) VALUES ('3', '1', '3', '1');
INSERT INTO `oc_information` (`information_id`, `bottom`, `sort_order`, `status`) VALUES ('4', '1', '1', '1');
INSERT INTO `oc_information` (`information_id`, `bottom`, `sort_order`, `status`) VALUES ('5', '1', '4', '1');
INSERT INTO `oc_information` (`information_id`, `bottom`, `sort_order`, `status`) VALUES ('6', '1', '2', '1');
INSERT INTO `oc_information` (`information_id`, `bottom`, `sort_order`, `status`) VALUES ('7', '0', '0', '1');
INSERT INTO `oc_information` (`information_id`, `bottom`, `sort_order`, `status`) VALUES ('8', '0', '0', '1');


TRUNCATE TABLE `oc_information_description`;

INSERT INTO `oc_information_description` (`information_id`, `language_id`, `title`, `description`) VALUES ('4', '1', 'About Us', '&lt;h1&gt;Hello&lt;/h1&gt;\r\n&lt;h2&gt;Hello&lt;/h2&gt;\r\n&lt;h3&gt;Hello&lt;/h3&gt;\r\n&lt;h4&gt;Hello&lt;/h4&gt;\r\n&lt;h5&gt;Hello&lt;/h5&gt;\r\n\r\n&lt;p&gt;Lorem ipsum dolor sit amet, consectetur adipiscing elit. Aliquam iaculis egestas laoreet. Etiam faucibus massa sed risus lacinia in vulputate dolor imperdiet. Curabitur pharetra, purus a commodo dignissim, sapien nulla tempus nisi, et varius nulla urna at arcu.&lt;/p&gt;\r\n\r\n&lt;ul&gt;\r\n\t&lt;li&gt;List&lt;/li&gt;\r\n\t&lt;li&gt;List&lt;/li&gt;\r\n\t&lt;li&gt;List&lt;/li&gt;\r\n&lt;/ul&gt;\r\n');
INSERT INTO `oc_information_description` (`information_id`, `language_id`, `title`, `description`) VALUES ('5', '1', 'Terms &amp; Conditions', '&lt;p&gt;\r\n\tTerms &amp;amp; Conditions&lt;/p&gt;\r\n');
INSERT INTO `oc_information_description` (`information_id`, `language_id`, `title`, `description`) VALUES ('3', '1', 'Privacy Policy', '&lt;p&gt;\r\n\tPrivacy Policy&lt;/p&gt;\r\n');
INSERT INTO `oc_information_description` (`information_id`, `language_id`, `title`, `description`) VALUES ('6', '1', 'Delivery Information', '&lt;p&gt;\r\n\tDelivery Information&lt;/p&gt;\r\n');
INSERT INTO `oc_information_description` (`information_id`, `language_id`, `title`, `description`) VALUES ('7', '1', 'Returns Policy', '&lt;p&gt;Lorem ipsum dolor sit amet, consectetur adipiscing elit. Aliquam iaculis egestas laoreet. Etiam faucibus massa sed risus lacinia in vulputate dolor imperdiet. Curabitur pharetra, purus a commodo dignissim, sapien nulla tempus nisi, et varius nulla urna at arcu.&amp;nbsp;Lorem ipsum dolor sit amet, consectetur adipiscing elit. Aliquam iaculis egestas laoreet. Etiam faucibus massa sed risus lacinia in vulputate dolor imperdiet. Curabitur pharetra, purus a commodo dignissim, sapien nulla tempus nisi, et varius nulla urna at arcu.&lt;/p&gt;\r\n');
INSERT INTO `oc_information_description` (`information_id`, `language_id`, `title`, `description`) VALUES ('4', '3', 'About Us', '&lt;h1&gt;Hello&lt;/h1&gt;\r\n&lt;h2&gt;Hello&lt;/h2&gt;\r\n&lt;h3&gt;Hello&lt;/h3&gt;\r\n&lt;h4&gt;Hello&lt;/h4&gt;\r\n&lt;h5&gt;Hello&lt;/h5&gt;\r\n\r\n&lt;p&gt;Lorem ipsum dolor sit amet, consectetur adipiscing elit. Aliquam iaculis egestas laoreet. Etiam faucibus massa sed risus lacinia in vulputate dolor imperdiet. Curabitur pharetra, purus a commodo dignissim, sapien nulla tempus nisi, et varius nulla urna at arcu.&lt;/p&gt;\r\n\r\n&lt;ul&gt;\r\n\t&lt;li&gt;List&lt;/li&gt;\r\n\t&lt;li&gt;List&lt;/li&gt;\r\n\t&lt;li&gt;List&lt;/li&gt;\r\n&lt;/ul&gt;\r\n');
INSERT INTO `oc_information_description` (`information_id`, `language_id`, `title`, `description`) VALUES ('8', '1', 'Theme Features', '&lt;p&gt;&amp;nbsp; &amp;nbsp;&lt;/p&gt;\r\n');
INSERT INTO `oc_information_description` (`information_id`, `language_id`, `title`, `description`) VALUES ('5', '3', 'Terms &amp; Conditions', '&lt;p&gt;\r\n\tTerms &amp;amp; Conditions&lt;/p&gt;\r\n');
INSERT INTO `oc_information_description` (`information_id`, `language_id`, `title`, `description`) VALUES ('3', '3', 'Privacy Policy', '&lt;p&gt;\r\n\tPrivacy Policy&lt;/p&gt;\r\n');
INSERT INTO `oc_information_description` (`information_id`, `language_id`, `title`, `description`) VALUES ('6', '3', 'Delivery Information', '&lt;p&gt;\r\n\tDelivery Information&lt;/p&gt;\r\n');
INSERT INTO `oc_information_description` (`information_id`, `language_id`, `title`, `description`) VALUES ('7', '3', 'Returns Policy', '&lt;p&gt;Lorem ipsum dolor sit amet, consectetur adipiscing elit. Aliquam iaculis egestas laoreet. Etiam faucibus massa sed risus lacinia in vulputate dolor imperdiet. Curabitur pharetra, purus a commodo dignissim, sapien nulla tempus nisi, et varius nulla urna at arcu.&amp;nbsp;Lorem ipsum dolor sit amet, consectetur adipiscing elit. Aliquam iaculis egestas laoreet. Etiam faucibus massa sed risus lacinia in vulputate dolor imperdiet. Curabitur pharetra, purus a commodo dignissim, sapien nulla tempus nisi, et varius nulla urna at arcu.&lt;/p&gt;\r\n');
INSERT INTO `oc_information_description` (`information_id`, `language_id`, `title`, `description`) VALUES ('8', '3', 'Theme Features', '&lt;p&gt;&amp;nbsp; &amp;nbsp;&lt;/p&gt;\r\n');


TRUNCATE TABLE `oc_information_to_layout`;

INSERT INTO `oc_information_to_layout` (`information_id`, `store_id`, `layout_id`) VALUES ('8', '0', '0');


TRUNCATE TABLE `oc_information_to_store`;

INSERT INTO `oc_information_to_store` (`information_id`, `store_id`) VALUES ('3', '0');
INSERT INTO `oc_information_to_store` (`information_id`, `store_id`) VALUES ('4', '0');
INSERT INTO `oc_information_to_store` (`information_id`, `store_id`) VALUES ('5', '0');
INSERT INTO `oc_information_to_store` (`information_id`, `store_id`) VALUES ('6', '0');
INSERT INTO `oc_information_to_store` (`information_id`, `store_id`) VALUES ('7', '0');
INSERT INTO `oc_information_to_store` (`information_id`, `store_id`) VALUES ('8', '0');


TRUNCATE TABLE `oc_layout`;

INSERT INTO `oc_layout` (`layout_id`, `name`) VALUES ('1', 'Home');
INSERT INTO `oc_layout` (`layout_id`, `name`) VALUES ('2', 'Product');
INSERT INTO `oc_layout` (`layout_id`, `name`) VALUES ('3', 'Category');
INSERT INTO `oc_layout` (`layout_id`, `name`) VALUES ('4', 'Default');
INSERT INTO `oc_layout` (`layout_id`, `name`) VALUES ('5', 'Manufacturer');
INSERT INTO `oc_layout` (`layout_id`, `name`) VALUES ('6', 'Account');
INSERT INTO `oc_layout` (`layout_id`, `name`) VALUES ('7', 'Checkout');
INSERT INTO `oc_layout` (`layout_id`, `name`) VALUES ('8', 'Contact');
INSERT INTO `oc_layout` (`layout_id`, `name`) VALUES ('9', 'Sitemap');
INSERT INTO `oc_layout` (`layout_id`, `name`) VALUES ('10', 'Affiliate');
INSERT INTO `oc_layout` (`layout_id`, `name`) VALUES ('11', 'Information');
INSERT INTO `oc_layout` (`layout_id`, `name`) VALUES ('12', 'Pav Blog');
INSERT INTO `oc_layout` (`layout_id`, `name`) VALUES ('13', 'Blog');
INSERT INTO `oc_layout` (`layout_id`, `name`) VALUES ('16', 'Journal Blog');
INSERT INTO `oc_layout` (`layout_id`, `name`) VALUES ('15', 'Fashion');
INSERT INTO `oc_layout` (`layout_id`, `name`) VALUES ('17', 'Journal Blog Post');
INSERT INTO `oc_layout` (`layout_id`, `name`) VALUES ('19', 'Search');
INSERT INTO `oc_layout` (`layout_id`, `name`) VALUES ('20', 'Special');
INSERT INTO `oc_layout` (`layout_id`, `name`) VALUES ('21', 'shopping');


TRUNCATE TABLE `oc_layout_route`;

INSERT INTO `oc_layout_route` (`layout_route_id`, `layout_id`, `store_id`, `route`) VALUES ('30', '6', '0', 'account');
INSERT INTO `oc_layout_route` (`layout_route_id`, `layout_id`, `store_id`, `route`) VALUES ('17', '10', '0', 'affiliate/');
INSERT INTO `oc_layout_route` (`layout_route_id`, `layout_id`, `store_id`, `route`) VALUES ('29', '3', '0', 'product/category');
INSERT INTO `oc_layout_route` (`layout_route_id`, `layout_id`, `store_id`, `route`) VALUES ('26', '1', '0', 'common/home');
INSERT INTO `oc_layout_route` (`layout_route_id`, `layout_id`, `store_id`, `route`) VALUES ('20', '2', '0', 'product/product');
INSERT INTO `oc_layout_route` (`layout_route_id`, `layout_id`, `store_id`, `route`) VALUES ('24', '11', '0', 'information/information');
INSERT INTO `oc_layout_route` (`layout_route_id`, `layout_id`, `store_id`, `route`) VALUES ('22', '5', '0', 'product/manufacturer');
INSERT INTO `oc_layout_route` (`layout_route_id`, `layout_id`, `store_id`, `route`) VALUES ('23', '7', '0', 'checkout/');
INSERT INTO `oc_layout_route` (`layout_route_id`, `layout_id`, `store_id`, `route`) VALUES ('31', '8', '0', 'information/contact');
INSERT INTO `oc_layout_route` (`layout_route_id`, `layout_id`, `store_id`, `route`) VALUES ('32', '9', '0', 'information/sitemap');
INSERT INTO `oc_layout_route` (`layout_route_id`, `layout_id`, `store_id`, `route`) VALUES ('33', '12', '0', 'pavblog/');
INSERT INTO `oc_layout_route` (`layout_route_id`, `layout_id`, `store_id`, `route`) VALUES ('34', '13', '0', 'blog/article');
INSERT INTO `oc_layout_route` (`layout_route_id`, `layout_id`, `store_id`, `route`) VALUES ('35', '13', '0', 'blog/category');
INSERT INTO `oc_layout_route` (`layout_route_id`, `layout_id`, `store_id`, `route`) VALUES ('36', '16', '0', 'journal2/blog');
INSERT INTO `oc_layout_route` (`layout_route_id`, `layout_id`, `store_id`, `route`) VALUES ('37', '17', '0', 'journal2/blog/post');
INSERT INTO `oc_layout_route` (`layout_route_id`, `layout_id`, `store_id`, `route`) VALUES ('38', '19', '0', 'product/search');
INSERT INTO `oc_layout_route` (`layout_route_id`, `layout_id`, `store_id`, `route`) VALUES ('39', '20', '0', 'product/special');
INSERT INTO `oc_layout_route` (`layout_route_id`, `layout_id`, `store_id`, `route`) VALUES ('40', '21', '0', 'journal2/blog/category');


TRUNCATE TABLE `oc_manufacturer`;

INSERT INTO `oc_manufacturer` (`manufacturer_id`, `name`, `image`, `sort_order`) VALUES ('5', 'HTC', 'data/journal2/no_image_large.jpg', '0');
INSERT INTO `oc_manufacturer` (`manufacturer_id`, `name`, `image`, `sort_order`) VALUES ('6', 'Palm', 'data/journal2/no_image_large.jpg', '0');
INSERT INTO `oc_manufacturer` (`manufacturer_id`, `name`, `image`, `sort_order`) VALUES ('7', 'Hewlett-Packard', 'data/journal2/no_image_large.jpg', '0');
INSERT INTO `oc_manufacturer` (`manufacturer_id`, `name`, `image`, `sort_order`) VALUES ('8', 'Apple', 'data/journal2/no_image_large.jpg', '0');
INSERT INTO `oc_manufacturer` (`manufacturer_id`, `name`, `image`, `sort_order`) VALUES ('9', 'Canon', 'data/journal2/no_image_large.jpg', '0');
INSERT INTO `oc_manufacturer` (`manufacturer_id`, `name`, `image`, `sort_order`) VALUES ('10', 'Sony', 'data/journal2/no_image_large.jpg', '0');
INSERT INTO `oc_manufacturer` (`manufacturer_id`, `name`, `image`, `sort_order`) VALUES ('11', 'SuperBrand', 'data/journal2/no_image_large.jpg', '0');
INSERT INTO `oc_manufacturer` (`manufacturer_id`, `name`, `image`, `sort_order`) VALUES ('12', 'Awesome Brand', 'data/journal2/no_image_large.jpg', '0');
INSERT INTO `oc_manufacturer` (`manufacturer_id`, `name`, `image`, `sort_order`) VALUES ('13', 'Chic D\'or', 'data/journal2/no_image_large.jpg', '0');
INSERT INTO `oc_manufacturer` (`manufacturer_id`, `name`, `image`, `sort_order`) VALUES ('14', 'Hipster', 'data/journal2/no_image_large.jpg', '0');


TRUNCATE TABLE `oc_manufacturer_to_store`;

INSERT INTO `oc_manufacturer_to_store` (`manufacturer_id`, `store_id`) VALUES ('5', '0');
INSERT INTO `oc_manufacturer_to_store` (`manufacturer_id`, `store_id`) VALUES ('6', '0');
INSERT INTO `oc_manufacturer_to_store` (`manufacturer_id`, `store_id`) VALUES ('7', '0');
INSERT INTO `oc_manufacturer_to_store` (`manufacturer_id`, `store_id`) VALUES ('8', '0');
INSERT INTO `oc_manufacturer_to_store` (`manufacturer_id`, `store_id`) VALUES ('9', '0');
INSERT INTO `oc_manufacturer_to_store` (`manufacturer_id`, `store_id`) VALUES ('10', '0');
INSERT INTO `oc_manufacturer_to_store` (`manufacturer_id`, `store_id`) VALUES ('11', '0');
INSERT INTO `oc_manufacturer_to_store` (`manufacturer_id`, `store_id`) VALUES ('12', '0');
INSERT INTO `oc_manufacturer_to_store` (`manufacturer_id`, `store_id`) VALUES ('13', '0');
INSERT INTO `oc_manufacturer_to_store` (`manufacturer_id`, `store_id`) VALUES ('14', '0');


TRUNCATE TABLE `oc_option`;

INSERT INTO `oc_option` (`option_id`, `type`, `sort_order`) VALUES ('1', 'checkbox', '2');
INSERT INTO `oc_option` (`option_id`, `type`, `sort_order`) VALUES ('2', 'image', '3');
INSERT INTO `oc_option` (`option_id`, `type`, `sort_order`) VALUES ('4', 'text', '4');
INSERT INTO `oc_option` (`option_id`, `type`, `sort_order`) VALUES ('5', 'select', '1');
INSERT INTO `oc_option` (`option_id`, `type`, `sort_order`) VALUES ('6', 'textarea', '5');
INSERT INTO `oc_option` (`option_id`, `type`, `sort_order`) VALUES ('7', 'file', '6');
INSERT INTO `oc_option` (`option_id`, `type`, `sort_order`) VALUES ('8', 'date', '7');
INSERT INTO `oc_option` (`option_id`, `type`, `sort_order`) VALUES ('9', 'time', '8');
INSERT INTO `oc_option` (`option_id`, `type`, `sort_order`) VALUES ('10', 'datetime', '9');
INSERT INTO `oc_option` (`option_id`, `type`, `sort_order`) VALUES ('11', 'select', '1');
INSERT INTO `oc_option` (`option_id`, `type`, `sort_order`) VALUES ('12', 'date', '1');


TRUNCATE TABLE `oc_option_description`;

INSERT INTO `oc_option_description` (`option_id`, `language_id`, `name`) VALUES ('1', '1', 'Radio');
INSERT INTO `oc_option_description` (`option_id`, `language_id`, `name`) VALUES ('4', '1', 'Text');
INSERT INTO `oc_option_description` (`option_id`, `language_id`, `name`) VALUES ('6', '1', 'Textarea');
INSERT INTO `oc_option_description` (`option_id`, `language_id`, `name`) VALUES ('8', '1', 'Date');
INSERT INTO `oc_option_description` (`option_id`, `language_id`, `name`) VALUES ('7', '1', 'File');
INSERT INTO `oc_option_description` (`option_id`, `language_id`, `name`) VALUES ('5', '1', 'Select');
INSERT INTO `oc_option_description` (`option_id`, `language_id`, `name`) VALUES ('9', '1', 'Time');
INSERT INTO `oc_option_description` (`option_id`, `language_id`, `name`) VALUES ('10', '1', 'Date &amp; Time');
INSERT INTO `oc_option_description` (`option_id`, `language_id`, `name`) VALUES ('12', '1', 'Delivery Date');
INSERT INTO `oc_option_description` (`option_id`, `language_id`, `name`) VALUES ('11', '1', 'Size');
INSERT INTO `oc_option_description` (`option_id`, `language_id`, `name`) VALUES ('10', '3', 'Date &amp; Time');
INSERT INTO `oc_option_description` (`option_id`, `language_id`, `name`) VALUES ('2', '1', 'Color');
INSERT INTO `oc_option_description` (`option_id`, `language_id`, `name`) VALUES ('9', '3', 'Time');
INSERT INTO `oc_option_description` (`option_id`, `language_id`, `name`) VALUES ('5', '3', 'Select');
INSERT INTO `oc_option_description` (`option_id`, `language_id`, `name`) VALUES ('7', '3', 'File');
INSERT INTO `oc_option_description` (`option_id`, `language_id`, `name`) VALUES ('8', '3', 'Date');
INSERT INTO `oc_option_description` (`option_id`, `language_id`, `name`) VALUES ('6', '3', 'Textarea');
INSERT INTO `oc_option_description` (`option_id`, `language_id`, `name`) VALUES ('4', '3', 'Text');
INSERT INTO `oc_option_description` (`option_id`, `language_id`, `name`) VALUES ('1', '3', 'Radio');
INSERT INTO `oc_option_description` (`option_id`, `language_id`, `name`) VALUES ('12', '3', 'Delivery Date');
INSERT INTO `oc_option_description` (`option_id`, `language_id`, `name`) VALUES ('11', '3', 'Size');
INSERT INTO `oc_option_description` (`option_id`, `language_id`, `name`) VALUES ('2', '3', 'Color');


TRUNCATE TABLE `oc_option_value`;

INSERT INTO `oc_option_value` (`option_value_id`, `option_id`, `image`, `sort_order`) VALUES ('31', '1', 'no_image.jpg', '2');
INSERT INTO `oc_option_value` (`option_value_id`, `option_id`, `image`, `sort_order`) VALUES ('52', '2', 'data/colors/5.png', '0');
INSERT INTO `oc_option_value` (`option_value_id`, `option_id`, `image`, `sort_order`) VALUES ('42', '5', '', '4');
INSERT INTO `oc_option_value` (`option_value_id`, `option_id`, `image`, `sort_order`) VALUES ('41', '5', '', '3');
INSERT INTO `oc_option_value` (`option_value_id`, `option_id`, `image`, `sort_order`) VALUES ('39', '5', '', '1');
INSERT INTO `oc_option_value` (`option_value_id`, `option_id`, `image`, `sort_order`) VALUES ('40', '5', '', '2');
INSERT INTO `oc_option_value` (`option_value_id`, `option_id`, `image`, `sort_order`) VALUES ('61', '11', 'no_image.jpg', '0');
INSERT INTO `oc_option_value` (`option_value_id`, `option_id`, `image`, `sort_order`) VALUES ('50', '2', 'data/colors/6.png', '0');
INSERT INTO `oc_option_value` (`option_value_id`, `option_id`, `image`, `sort_order`) VALUES ('45', '2', 'data/colors/7.png', '4');
INSERT INTO `oc_option_value` (`option_value_id`, `option_id`, `image`, `sort_order`) VALUES ('60', '11', 'no_image.jpg', '0');
INSERT INTO `oc_option_value` (`option_value_id`, `option_id`, `image`, `sort_order`) VALUES ('48', '11', 'no_image.jpg', '3');
INSERT INTO `oc_option_value` (`option_value_id`, `option_id`, `image`, `sort_order`) VALUES ('32', '1', 'no_image.jpg', '1');
INSERT INTO `oc_option_value` (`option_value_id`, `option_id`, `image`, `sort_order`) VALUES ('43', '1', 'no_image.jpg', '3');
INSERT INTO `oc_option_value` (`option_value_id`, `option_id`, `image`, `sort_order`) VALUES ('53', '2', 'data/colors/9.png', '0');
INSERT INTO `oc_option_value` (`option_value_id`, `option_id`, `image`, `sort_order`) VALUES ('44', '2', 'data/colors/4.png', '3');
INSERT INTO `oc_option_value` (`option_value_id`, `option_id`, `image`, `sort_order`) VALUES ('23', '2', 'data/colors/1.png', '1');
INSERT INTO `oc_option_value` (`option_value_id`, `option_id`, `image`, `sort_order`) VALUES ('24', '2', 'data/colors/10.png', '2');
INSERT INTO `oc_option_value` (`option_value_id`, `option_id`, `image`, `sort_order`) VALUES ('49', '2', 'data/colors/2.png', '0');
INSERT INTO `oc_option_value` (`option_value_id`, `option_id`, `image`, `sort_order`) VALUES ('54', '2', 'data/colors/12.png', '0');
INSERT INTO `oc_option_value` (`option_value_id`, `option_id`, `image`, `sort_order`) VALUES ('55', '2', 'data/colors/11.png', '0');
INSERT INTO `oc_option_value` (`option_value_id`, `option_id`, `image`, `sort_order`) VALUES ('56', '2', 'data/colors/3.png', '0');
INSERT INTO `oc_option_value` (`option_value_id`, `option_id`, `image`, `sort_order`) VALUES ('47', '11', 'no_image.jpg', '2');
INSERT INTO `oc_option_value` (`option_value_id`, `option_id`, `image`, `sort_order`) VALUES ('46', '11', 'no_image.jpg', '1');
INSERT INTO `oc_option_value` (`option_value_id`, `option_id`, `image`, `sort_order`) VALUES ('59', '11', 'no_image.jpg', '0');
INSERT INTO `oc_option_value` (`option_value_id`, `option_id`, `image`, `sort_order`) VALUES ('57', '2', 'data/colors/14.png', '0');
INSERT INTO `oc_option_value` (`option_value_id`, `option_id`, `image`, `sort_order`) VALUES ('51', '2', 'data/colors/8.png', '0');
INSERT INTO `oc_option_value` (`option_value_id`, `option_id`, `image`, `sort_order`) VALUES ('58', '2', 'data/colors/13.png', '0');


TRUNCATE TABLE `oc_option_value_description`;

INSERT INTO `oc_option_value_description` (`option_value_id`, `language_id`, `option_id`, `name`) VALUES ('31', '1', '1', 'Medium');
INSERT INTO `oc_option_value_description` (`option_value_id`, `language_id`, `option_id`, `name`) VALUES ('40', '3', '5', 'Blue');
INSERT INTO `oc_option_value_description` (`option_value_id`, `language_id`, `option_id`, `name`) VALUES ('32', '1', '1', 'Small');
INSERT INTO `oc_option_value_description` (`option_value_id`, `language_id`, `option_id`, `name`) VALUES ('42', '1', '5', 'Yellow');
INSERT INTO `oc_option_value_description` (`option_value_id`, `language_id`, `option_id`, `name`) VALUES ('41', '1', '5', 'Green');
INSERT INTO `oc_option_value_description` (`option_value_id`, `language_id`, `option_id`, `name`) VALUES ('39', '1', '5', 'Red');
INSERT INTO `oc_option_value_description` (`option_value_id`, `language_id`, `option_id`, `name`) VALUES ('40', '1', '5', 'Blue');
INSERT INTO `oc_option_value_description` (`option_value_id`, `language_id`, `option_id`, `name`) VALUES ('61', '1', '11', 'XXL');
INSERT INTO `oc_option_value_description` (`option_value_id`, `language_id`, `option_id`, `name`) VALUES ('60', '1', '11', 'XL');
INSERT INTO `oc_option_value_description` (`option_value_id`, `language_id`, `option_id`, `name`) VALUES ('48', '1', '11', 'L');
INSERT INTO `oc_option_value_description` (`option_value_id`, `language_id`, `option_id`, `name`) VALUES ('39', '3', '5', 'Red');
INSERT INTO `oc_option_value_description` (`option_value_id`, `language_id`, `option_id`, `name`) VALUES ('43', '1', '1', 'Large');
INSERT INTO `oc_option_value_description` (`option_value_id`, `language_id`, `option_id`, `name`) VALUES ('41', '3', '5', 'Green');
INSERT INTO `oc_option_value_description` (`option_value_id`, `language_id`, `option_id`, `name`) VALUES ('42', '3', '5', 'Yellow');
INSERT INTO `oc_option_value_description` (`option_value_id`, `language_id`, `option_id`, `name`) VALUES ('32', '3', '1', 'Small');
INSERT INTO `oc_option_value_description` (`option_value_id`, `language_id`, `option_id`, `name`) VALUES ('31', '3', '1', 'Medium');
INSERT INTO `oc_option_value_description` (`option_value_id`, `language_id`, `option_id`, `name`) VALUES ('47', '1', '11', 'M');
INSERT INTO `oc_option_value_description` (`option_value_id`, `language_id`, `option_id`, `name`) VALUES ('46', '1', '11', 'S');
INSERT INTO `oc_option_value_description` (`option_value_id`, `language_id`, `option_id`, `name`) VALUES ('59', '1', '11', 'XS');
INSERT INTO `oc_option_value_description` (`option_value_id`, `language_id`, `option_id`, `name`) VALUES ('50', '1', '2', 'Light Blue');
INSERT INTO `oc_option_value_description` (`option_value_id`, `language_id`, `option_id`, `name`) VALUES ('50', '3', '2', 'Light Blue');
INSERT INTO `oc_option_value_description` (`option_value_id`, `language_id`, `option_id`, `name`) VALUES ('45', '1', '2', 'Red');
INSERT INTO `oc_option_value_description` (`option_value_id`, `language_id`, `option_id`, `name`) VALUES ('45', '3', '2', 'Red');
INSERT INTO `oc_option_value_description` (`option_value_id`, `language_id`, `option_id`, `name`) VALUES ('53', '1', '2', 'Dark Blue');
INSERT INTO `oc_option_value_description` (`option_value_id`, `language_id`, `option_id`, `name`) VALUES ('53', '3', '2', 'Dark Blue');
INSERT INTO `oc_option_value_description` (`option_value_id`, `language_id`, `option_id`, `name`) VALUES ('44', '1', '2', 'Steel');
INSERT INTO `oc_option_value_description` (`option_value_id`, `language_id`, `option_id`, `name`) VALUES ('44', '3', '2', 'Steel');
INSERT INTO `oc_option_value_description` (`option_value_id`, `language_id`, `option_id`, `name`) VALUES ('23', '1', '2', 'Turquoise');
INSERT INTO `oc_option_value_description` (`option_value_id`, `language_id`, `option_id`, `name`) VALUES ('23', '3', '2', 'Turquoise');
INSERT INTO `oc_option_value_description` (`option_value_id`, `language_id`, `option_id`, `name`) VALUES ('24', '1', '2', 'Violet');
INSERT INTO `oc_option_value_description` (`option_value_id`, `language_id`, `option_id`, `name`) VALUES ('61', '3', '11', 'XXL');
INSERT INTO `oc_option_value_description` (`option_value_id`, `language_id`, `option_id`, `name`) VALUES ('60', '3', '11', 'XL');
INSERT INTO `oc_option_value_description` (`option_value_id`, `language_id`, `option_id`, `name`) VALUES ('48', '3', '11', 'L');
INSERT INTO `oc_option_value_description` (`option_value_id`, `language_id`, `option_id`, `name`) VALUES ('43', '3', '1', 'Large');
INSERT INTO `oc_option_value_description` (`option_value_id`, `language_id`, `option_id`, `name`) VALUES ('47', '3', '11', 'M');
INSERT INTO `oc_option_value_description` (`option_value_id`, `language_id`, `option_id`, `name`) VALUES ('46', '3', '11', 'S');
INSERT INTO `oc_option_value_description` (`option_value_id`, `language_id`, `option_id`, `name`) VALUES ('59', '3', '11', 'XS');
INSERT INTO `oc_option_value_description` (`option_value_id`, `language_id`, `option_id`, `name`) VALUES ('24', '3', '2', 'Violet');
INSERT INTO `oc_option_value_description` (`option_value_id`, `language_id`, `option_id`, `name`) VALUES ('49', '1', '2', 'Silver');
INSERT INTO `oc_option_value_description` (`option_value_id`, `language_id`, `option_id`, `name`) VALUES ('49', '3', '2', 'Silver');
INSERT INTO `oc_option_value_description` (`option_value_id`, `language_id`, `option_id`, `name`) VALUES ('54', '1', '2', 'Burgundy');
INSERT INTO `oc_option_value_description` (`option_value_id`, `language_id`, `option_id`, `name`) VALUES ('54', '3', '2', 'Burgundy');
INSERT INTO `oc_option_value_description` (`option_value_id`, `language_id`, `option_id`, `name`) VALUES ('55', '1', '2', 'Light Green');
INSERT INTO `oc_option_value_description` (`option_value_id`, `language_id`, `option_id`, `name`) VALUES ('55', '3', '2', 'Light Green');
INSERT INTO `oc_option_value_description` (`option_value_id`, `language_id`, `option_id`, `name`) VALUES ('56', '1', '2', 'Orange');
INSERT INTO `oc_option_value_description` (`option_value_id`, `language_id`, `option_id`, `name`) VALUES ('56', '3', '2', 'Orange');
INSERT INTO `oc_option_value_description` (`option_value_id`, `language_id`, `option_id`, `name`) VALUES ('57', '1', '2', 'Dark Gray');
INSERT INTO `oc_option_value_description` (`option_value_id`, `language_id`, `option_id`, `name`) VALUES ('57', '3', '2', 'Dark Gray');
INSERT INTO `oc_option_value_description` (`option_value_id`, `language_id`, `option_id`, `name`) VALUES ('52', '3', '2', 'Gold');
INSERT INTO `oc_option_value_description` (`option_value_id`, `language_id`, `option_id`, `name`) VALUES ('52', '1', '2', 'Gold');
INSERT INTO `oc_option_value_description` (`option_value_id`, `language_id`, `option_id`, `name`) VALUES ('51', '3', '2', 'Green');
INSERT INTO `oc_option_value_description` (`option_value_id`, `language_id`, `option_id`, `name`) VALUES ('51', '1', '2', 'Green');
INSERT INTO `oc_option_value_description` (`option_value_id`, `language_id`, `option_id`, `name`) VALUES ('58', '3', '2', 'Yellow');
INSERT INTO `oc_option_value_description` (`option_value_id`, `language_id`, `option_id`, `name`) VALUES ('58', '1', '2', 'Yellow');


TRUNCATE TABLE `oc_product`;

INSERT INTO `oc_product` (`product_id`, `model`, `sku`, `upc`, `ean`, `jan`, `isbn`, `mpn`, `location`, `quantity`, `stock_status_id`, `image`, `manufacturer_id`, `shipping`, `price`, `points`, `tax_class_id`, `date_available`, `weight`, `weight_class_id`, `length`, `width`, `height`, `length_class_id`, `subtract`, `minimum`, `sort_order`, `status`, `viewed`, `date_added`, `date_modified`) VALUES ('28', 'Product 1', '', '', '', '', '', '', '', '941', '7', 'data/journal2/no_image_large.jpg', '5', '1', '100.0000', '200', '9', '2009-02-03', '146.40000000', '2', '0.00000000', '0.00000000', '0.00000000', '1', '1', '1', '0', '1', '1458', '2009-02-03 16:06:50', '2011-09-30 01:05:39');
INSERT INTO `oc_product` (`product_id`, `model`, `sku`, `upc`, `ean`, `jan`, `isbn`, `mpn`, `location`, `quantity`, `stock_status_id`, `image`, `manufacturer_id`, `shipping`, `price`, `points`, `tax_class_id`, `date_available`, `weight`, `weight_class_id`, `length`, `width`, `height`, `length_class_id`, `subtract`, `minimum`, `sort_order`, `status`, `viewed`, `date_added`, `date_modified`) VALUES ('29', 'Product 2', '', '', '', '', '', '', '', '1001', '6', 'data/journal2/no_image_large.jpg', '6', '1', '279.9900', '0', '9', '2009-02-03', '133.00000000', '2', '0.00000000', '0.00000000', '0.00000000', '3', '1', '1', '0', '1', '1467', '2009-02-03 16:42:17', '2011-09-30 01:06:08');
INSERT INTO `oc_product` (`product_id`, `model`, `sku`, `upc`, `ean`, `jan`, `isbn`, `mpn`, `location`, `quantity`, `stock_status_id`, `image`, `manufacturer_id`, `shipping`, `price`, `points`, `tax_class_id`, `date_available`, `weight`, `weight_class_id`, `length`, `width`, `height`, `length_class_id`, `subtract`, `minimum`, `sort_order`, `status`, `viewed`, `date_added`, `date_modified`) VALUES ('30', 'Product 3', '', '', '', '', '', '', '', '8', '6', 'data/journal2/no_image_large.jpg', '9', '1', '100.0000', '0', '9', '2009-02-03', '0.00000000', '1', '0.00000000', '0.00000000', '0.00000000', '1', '1', '1', '0', '1', '1630', '2009-02-03 16:59:00', '2014-08-18 11:56:15');
INSERT INTO `oc_product` (`product_id`, `model`, `sku`, `upc`, `ean`, `jan`, `isbn`, `mpn`, `location`, `quantity`, `stock_status_id`, `image`, `manufacturer_id`, `shipping`, `price`, `points`, `tax_class_id`, `date_available`, `weight`, `weight_class_id`, `length`, `width`, `height`, `length_class_id`, `subtract`, `minimum`, `sort_order`, `status`, `viewed`, `date_added`, `date_modified`) VALUES ('31', 'Product 4', '', '', '', '', '', '', '', '1000', '6', 'data/journal2/no_image_large.jpg', '0', '1', '80.0000', '0', '9', '2009-02-03', '0.00000000', '1', '0.00000000', '0.00000000', '0.00000000', '3', '1', '1', '0', '1', '423', '2009-02-03 17:00:10', '2011-09-30 01:06:00');
INSERT INTO `oc_product` (`product_id`, `model`, `sku`, `upc`, `ean`, `jan`, `isbn`, `mpn`, `location`, `quantity`, `stock_status_id`, `image`, `manufacturer_id`, `shipping`, `price`, `points`, `tax_class_id`, `date_available`, `weight`, `weight_class_id`, `length`, `width`, `height`, `length_class_id`, `subtract`, `minimum`, `sort_order`, `status`, `viewed`, `date_added`, `date_modified`) VALUES ('32', 'Product 5', '', '', '', '', '', '', '', '999', '6', 'data/journal2/no_image_large.jpg', '8', '1', '100.0000', '0', '9', '2009-02-03', '5.00000000', '1', '0.00000000', '0.00000000', '0.00000000', '1', '1', '1', '0', '1', '1401', '2009-02-03 17:07:26', '2011-09-30 01:07:22');
INSERT INTO `oc_product` (`product_id`, `model`, `sku`, `upc`, `ean`, `jan`, `isbn`, `mpn`, `location`, `quantity`, `stock_status_id`, `image`, `manufacturer_id`, `shipping`, `price`, `points`, `tax_class_id`, `date_available`, `weight`, `weight_class_id`, `length`, `width`, `height`, `length_class_id`, `subtract`, `minimum`, `sort_order`, `status`, `viewed`, `date_added`, `date_modified`) VALUES ('33', 'Product 6', '', '', '', '', '', '', '', '1000', '6', 'data/journal2/no_image_large.jpg', '0', '1', '200.0000', '0', '9', '2009-02-03', '5.00000000', '1', '0.00000000', '0.00000000', '0.00000000', '2', '1', '1', '0', '1', '900', '2009-02-03 17:08:31', '2011-09-30 01:06:29');
INSERT INTO `oc_product` (`product_id`, `model`, `sku`, `upc`, `ean`, `jan`, `isbn`, `mpn`, `location`, `quantity`, `stock_status_id`, `image`, `manufacturer_id`, `shipping`, `price`, `points`, `tax_class_id`, `date_available`, `weight`, `weight_class_id`, `length`, `width`, `height`, `length_class_id`, `subtract`, `minimum`, `sort_order`, `status`, `viewed`, `date_added`, `date_modified`) VALUES ('34', 'Product 7', '', '', '', '', '', '', '', '1000', '6', 'data/journal2/no_image_large.jpg', '8', '1', '100.0000', '0', '9', '2009-02-03', '5.00000000', '1', '0.00000000', '0.00000000', '0.00000000', '2', '1', '1', '0', '1', '1576', '2009-02-03 18:07:54', '2011-09-30 01:07:17');
INSERT INTO `oc_product` (`product_id`, `model`, `sku`, `upc`, `ean`, `jan`, `isbn`, `mpn`, `location`, `quantity`, `stock_status_id`, `image`, `manufacturer_id`, `shipping`, `price`, `points`, `tax_class_id`, `date_available`, `weight`, `weight_class_id`, `length`, `width`, `height`, `length_class_id`, `subtract`, `minimum`, `sort_order`, `status`, `viewed`, `date_added`, `date_modified`) VALUES ('50', 'Model 0001', '', '', '', '', '', '', '', '1', '5', 'data/journal2/no_image_large.jpg', '7', '1', '99.0000', '0', '0', '2014-03-29', '0.00000000', '1', '0.00000000', '0.00000000', '0.00000000', '1', '1', '1', '1', '1', '5488', '2014-03-31 00:26:28', '2014-05-22 15:40:01');
INSERT INTO `oc_product` (`product_id`, `model`, `sku`, `upc`, `ean`, `jan`, `isbn`, `mpn`, `location`, `quantity`, `stock_status_id`, `image`, `manufacturer_id`, `shipping`, `price`, `points`, `tax_class_id`, `date_available`, `weight`, `weight_class_id`, `length`, `width`, `height`, `length_class_id`, `subtract`, `minimum`, `sort_order`, `status`, `viewed`, `date_added`, `date_modified`) VALUES ('36', 'Product 9', '', '', '', '', '', '', '', '994', '6', 'data/journal2/no_image_large.jpg', '8', '0', '100.0000', '100', '9', '2009-02-03', '5.00000000', '1', '0.00000000', '0.00000000', '0.00000000', '2', '1', '1', '0', '1', '1691', '2009-02-03 18:09:19', '2011-09-30 01:07:12');
INSERT INTO `oc_product` (`product_id`, `model`, `sku`, `upc`, `ean`, `jan`, `isbn`, `mpn`, `location`, `quantity`, `stock_status_id`, `image`, `manufacturer_id`, `shipping`, `price`, `points`, `tax_class_id`, `date_available`, `weight`, `weight_class_id`, `length`, `width`, `height`, `length_class_id`, `subtract`, `minimum`, `sort_order`, `status`, `viewed`, `date_added`, `date_modified`) VALUES ('40', 'product 11', '', '', '', '', '', '', '', '877', '5', 'data/journal2/no_image_large.jpg', '8', '1', '101.0000', '0', '9', '2009-02-03', '10.00000000', '1', '0.00000000', '0.00000000', '0.00000000', '1', '1', '1', '0', '1', '2261', '2009-02-03 21:07:12', '2011-09-30 01:06:53');
INSERT INTO `oc_product` (`product_id`, `model`, `sku`, `upc`, `ean`, `jan`, `isbn`, `mpn`, `location`, `quantity`, `stock_status_id`, `image`, `manufacturer_id`, `shipping`, `price`, `points`, `tax_class_id`, `date_available`, `weight`, `weight_class_id`, `length`, `width`, `height`, `length_class_id`, `subtract`, `minimum`, `sort_order`, `status`, `viewed`, `date_added`, `date_modified`) VALUES ('41', 'Product 14', '', '', '', '', '', '', '', '977', '5', 'data/journal2/no_image_large.jpg', '8', '1', '100.0000', '0', '9', '2009-02-03', '5.00000000', '1', '0.00000000', '0.00000000', '0.00000000', '1', '1', '1', '0', '1', '1644', '2009-02-03 21:07:26', '2011-09-30 01:06:44');
INSERT INTO `oc_product` (`product_id`, `model`, `sku`, `upc`, `ean`, `jan`, `isbn`, `mpn`, `location`, `quantity`, `stock_status_id`, `image`, `manufacturer_id`, `shipping`, `price`, `points`, `tax_class_id`, `date_available`, `weight`, `weight_class_id`, `length`, `width`, `height`, `length_class_id`, `subtract`, `minimum`, `sort_order`, `status`, `viewed`, `date_added`, `date_modified`) VALUES ('43', 'Product 16', '', '', '', '', '', '', '', '932', '5', 'data/journal2/no_image_large.jpg', '8', '0', '500.0000', '0', '9', '2009-02-03', '0.00000000', '1', '0.00000000', '0.00000000', '0.00000000', '2', '1', '1', '0', '1', '1805', '2009-02-03 21:07:49', '2011-09-30 01:05:46');
INSERT INTO `oc_product` (`product_id`, `model`, `sku`, `upc`, `ean`, `jan`, `isbn`, `mpn`, `location`, `quantity`, `stock_status_id`, `image`, `manufacturer_id`, `shipping`, `price`, `points`, `tax_class_id`, `date_available`, `weight`, `weight_class_id`, `length`, `width`, `height`, `length_class_id`, `subtract`, `minimum`, `sort_order`, `status`, `viewed`, `date_added`, `date_modified`) VALUES ('44', 'Product 17', '', '', '', '', '', '', '', '972', '5', 'data/journal2/no_image_large.jpg', '8', '1', '1000.0000', '0', '9', '2009-02-03', '0.00000000', '1', '0.00000000', '0.00000000', '0.00000000', '2', '1', '1', '0', '1', '4000', '2009-02-03 21:08:00', '2014-08-18 11:48:14');
INSERT INTO `oc_product` (`product_id`, `model`, `sku`, `upc`, `ean`, `jan`, `isbn`, `mpn`, `location`, `quantity`, `stock_status_id`, `image`, `manufacturer_id`, `shipping`, `price`, `points`, `tax_class_id`, `date_available`, `weight`, `weight_class_id`, `length`, `width`, `height`, `length_class_id`, `subtract`, `minimum`, `sort_order`, `status`, `viewed`, `date_added`, `date_modified`) VALUES ('45', 'Product 18', '', '', '', '', '', '', '', '1000', '5', 'data/journal2/no_image_large.jpg', '8', '1', '2000.0000', '0', '100', '2009-02-03', '0.00000000', '1', '0.00000000', '0.00000000', '0.00000000', '2', '1', '1', '0', '1', '1407', '2009-02-03 21:08:17', '2011-09-15 22:22:01');
INSERT INTO `oc_product` (`product_id`, `model`, `sku`, `upc`, `ean`, `jan`, `isbn`, `mpn`, `location`, `quantity`, `stock_status_id`, `image`, `manufacturer_id`, `shipping`, `price`, `points`, `tax_class_id`, `date_available`, `weight`, `weight_class_id`, `length`, `width`, `height`, `length_class_id`, `subtract`, `minimum`, `sort_order`, `status`, `viewed`, `date_added`, `date_modified`) VALUES ('46', 'Product 19', '', '', '', '', '', '', '', '1003', '5', 'data/journal2/no_image_large.jpg', '10', '1', '1000.0000', '0', '9', '2009-02-03', '0.00000000', '1', '0.00000000', '0.00000000', '0.00000000', '2', '1', '1', '0', '1', '1531', '2009-02-03 21:08:29', '2011-09-30 01:06:39');
INSERT INTO `oc_product` (`product_id`, `model`, `sku`, `upc`, `ean`, `jan`, `isbn`, `mpn`, `location`, `quantity`, `stock_status_id`, `image`, `manufacturer_id`, `shipping`, `price`, `points`, `tax_class_id`, `date_available`, `weight`, `weight_class_id`, `length`, `width`, `height`, `length_class_id`, `subtract`, `minimum`, `sort_order`, `status`, `viewed`, `date_added`, `date_modified`) VALUES ('47', 'Product 21', '', '', '', '', '', '', '', '1000', '5', 'data/journal2/no_image_large.jpg', '7', '1', '100.0000', '400', '9', '2009-02-03', '1.00000000', '1', '0.00000000', '0.00000000', '0.00000000', '1', '0', '1', '0', '1', '1660', '2009-02-03 21:08:40', '2011-09-30 01:05:28');
INSERT INTO `oc_product` (`product_id`, `model`, `sku`, `upc`, `ean`, `jan`, `isbn`, `mpn`, `location`, `quantity`, `stock_status_id`, `image`, `manufacturer_id`, `shipping`, `price`, `points`, `tax_class_id`, `date_available`, `weight`, `weight_class_id`, `length`, `width`, `height`, `length_class_id`, `subtract`, `minimum`, `sort_order`, `status`, `viewed`, `date_added`, `date_modified`) VALUES ('48', 'product 20', 'test 1', '', '', '', '', '', 'test 2', '996', '5', 'data/journal2/no_image_large.jpg', '8', '1', '100.0000', '0', '9', '2009-02-08', '1.00000000', '1', '0.00000000', '0.00000000', '0.00000000', '2', '1', '1', '0', '1', '1973', '2009-02-08 17:21:51', '2011-09-30 01:07:06');
INSERT INTO `oc_product` (`product_id`, `model`, `sku`, `upc`, `ean`, `jan`, `isbn`, `mpn`, `location`, `quantity`, `stock_status_id`, `image`, `manufacturer_id`, `shipping`, `price`, `points`, `tax_class_id`, `date_available`, `weight`, `weight_class_id`, `length`, `width`, `height`, `length_class_id`, `subtract`, `minimum`, `sort_order`, `status`, `viewed`, `date_added`, `date_modified`) VALUES ('49', 'SAM1', '', '', '', '', '', '', '', '0', '8', 'data/journal2/no_image_large.jpg', '0', '1', '199.9900', '0', '9', '2011-04-25', '0.00000000', '1', '0.00000000', '0.00000000', '0.00000000', '1', '1', '1', '1', '1', '1', '2011-04-26 08:57:34', '2011-09-30 01:06:23');
INSERT INTO `oc_product` (`product_id`, `model`, `sku`, `upc`, `ean`, `jan`, `isbn`, `mpn`, `location`, `quantity`, `stock_status_id`, `image`, `manufacturer_id`, `shipping`, `price`, `points`, `tax_class_id`, `date_available`, `weight`, `weight_class_id`, `length`, `width`, `height`, `length_class_id`, `subtract`, `minimum`, `sort_order`, `status`, `viewed`, `date_added`, `date_modified`) VALUES ('51', 'Model 45', '', '', '', '', '', '', '', '97', '5', 'data/journal2/no_image_large.jpg', '13', '1', '75.0000', '0', '0', '2014-03-31', '0.00000000', '1', '0.00000000', '0.00000000', '0.00000000', '1', '1', '1', '1', '1', '5219', '2014-04-01 14:09:34', '2014-05-22 15:40:22');
INSERT INTO `oc_product` (`product_id`, `model`, `sku`, `upc`, `ean`, `jan`, `isbn`, `mpn`, `location`, `quantity`, `stock_status_id`, `image`, `manufacturer_id`, `shipping`, `price`, `points`, `tax_class_id`, `date_available`, `weight`, `weight_class_id`, `length`, `width`, `height`, `length_class_id`, `subtract`, `minimum`, `sort_order`, `status`, `viewed`, `date_added`, `date_modified`) VALUES ('52', 'Model 46', '', '', '', '', '', '', '', '100', '5', 'data/journal2/no_image_large.jpg', '11', '1', '105.0000', '0', '0', '2014-03-31', '0.00000000', '1', '0.00000000', '0.00000000', '0.00000000', '1', '1', '1', '1', '1', '4813', '2014-04-01 14:27:00', '2014-05-22 15:46:16');
INSERT INTO `oc_product` (`product_id`, `model`, `sku`, `upc`, `ean`, `jan`, `isbn`, `mpn`, `location`, `quantity`, `stock_status_id`, `image`, `manufacturer_id`, `shipping`, `price`, `points`, `tax_class_id`, `date_available`, `weight`, `weight_class_id`, `length`, `width`, `height`, `length_class_id`, `subtract`, `minimum`, `sort_order`, `status`, `viewed`, `date_added`, `date_modified`) VALUES ('53', 'Model 47', '', '', '', '', '', '', '', '96', '5', 'data/journal2/no_image_large.jpg', '14', '1', '199.0000', '0', '0', '2014-03-31', '0.00000000', '1', '0.00000000', '0.00000000', '0.00000000', '1', '1', '1', '1', '1', '5368', '2014-04-01 14:32:41', '2014-05-22 15:38:34');
INSERT INTO `oc_product` (`product_id`, `model`, `sku`, `upc`, `ean`, `jan`, `isbn`, `mpn`, `location`, `quantity`, `stock_status_id`, `image`, `manufacturer_id`, `shipping`, `price`, `points`, `tax_class_id`, `date_available`, `weight`, `weight_class_id`, `length`, `width`, `height`, `length_class_id`, `subtract`, `minimum`, `sort_order`, `status`, `viewed`, `date_added`, `date_modified`) VALUES ('54', 'Model 48', '', '', '', '', '', '', '', '100', '5', 'data/journal2/no_image_large.jpg', '9', '1', '120.0000', '0', '0', '2014-03-31', '0.00000000', '1', '0.00000000', '0.00000000', '0.00000000', '1', '1', '1', '1', '1', '4733', '2014-04-01 14:44:04', '2014-05-22 15:42:32');
INSERT INTO `oc_product` (`product_id`, `model`, `sku`, `upc`, `ean`, `jan`, `isbn`, `mpn`, `location`, `quantity`, `stock_status_id`, `image`, `manufacturer_id`, `shipping`, `price`, `points`, `tax_class_id`, `date_available`, `weight`, `weight_class_id`, `length`, `width`, `height`, `length_class_id`, `subtract`, `minimum`, `sort_order`, `status`, `viewed`, `date_added`, `date_modified`) VALUES ('55', 'Model 49', '', '', '', '', '', '', '', '99', '5', 'data/journal2/no_image_large.jpg', '14', '1', '99.0000', '0', '0', '2014-03-31', '0.00000000', '1', '0.00000000', '0.00000000', '0.00000000', '1', '1', '1', '1', '1', '4804', '2014-04-01 14:50:27', '2014-08-11 16:44:30');
INSERT INTO `oc_product` (`product_id`, `model`, `sku`, `upc`, `ean`, `jan`, `isbn`, `mpn`, `location`, `quantity`, `stock_status_id`, `image`, `manufacturer_id`, `shipping`, `price`, `points`, `tax_class_id`, `date_available`, `weight`, `weight_class_id`, `length`, `width`, `height`, `length_class_id`, `subtract`, `minimum`, `sort_order`, `status`, `viewed`, `date_added`, `date_modified`) VALUES ('56', 'Model 50', '', '', '', '', '', '', '', '109', '5', 'data/journal2/no_image_large.jpg', '7', '1', '110.0000', '0', '0', '2014-03-31', '0.00000000', '1', '0.00000000', '0.00000000', '0.00000000', '1', '1', '1', '1', '1', '7258', '2014-04-01 14:57:54', '2014-05-22 15:49:25');
INSERT INTO `oc_product` (`product_id`, `model`, `sku`, `upc`, `ean`, `jan`, `isbn`, `mpn`, `location`, `quantity`, `stock_status_id`, `image`, `manufacturer_id`, `shipping`, `price`, `points`, `tax_class_id`, `date_available`, `weight`, `weight_class_id`, `length`, `width`, `height`, `length_class_id`, `subtract`, `minimum`, `sort_order`, `status`, `viewed`, `date_added`, `date_modified`) VALUES ('57', 'Model 51', '', '', '', '', '', '', '', '36', '5', 'data/journal2/no_image_large.jpg', '12', '1', '101.0000', '0', '0', '2014-03-31', '0.00000000', '1', '0.00000000', '0.00000000', '0.00000000', '1', '1', '1', '1', '1', '7983', '2014-04-01 15:03:51', '2015-01-15 11:09:41');
INSERT INTO `oc_product` (`product_id`, `model`, `sku`, `upc`, `ean`, `jan`, `isbn`, `mpn`, `location`, `quantity`, `stock_status_id`, `image`, `manufacturer_id`, `shipping`, `price`, `points`, `tax_class_id`, `date_available`, `weight`, `weight_class_id`, `length`, `width`, `height`, `length_class_id`, `subtract`, `minimum`, `sort_order`, `status`, `viewed`, `date_added`, `date_modified`) VALUES ('58', 'Model 52', '', '', '', '', '', '', '', '100', '5', 'data/journal2/no_image_large.jpg', '14', '1', '65.0000', '0', '0', '2014-03-31', '0.00000000', '1', '0.00000000', '0.00000000', '0.00000000', '1', '1', '1', '1', '1', '3293', '2014-04-01 15:13:04', '2014-05-22 15:56:45');
INSERT INTO `oc_product` (`product_id`, `model`, `sku`, `upc`, `ean`, `jan`, `isbn`, `mpn`, `location`, `quantity`, `stock_status_id`, `image`, `manufacturer_id`, `shipping`, `price`, `points`, `tax_class_id`, `date_available`, `weight`, `weight_class_id`, `length`, `width`, `height`, `length_class_id`, `subtract`, `minimum`, `sort_order`, `status`, `viewed`, `date_added`, `date_modified`) VALUES ('59', 'Model 53', '', '', '', '', '', '', '', '102', '5', 'data/journal2/no_image_large.jpg', '12', '1', '183.0000', '0', '0', '2014-03-31', '0.00000000', '1', '0.00000000', '0.00000000', '0.00000000', '1', '1', '1', '1', '1', '4914', '2014-04-01 15:20:07', '2014-08-11 16:49:19');
INSERT INTO `oc_product` (`product_id`, `model`, `sku`, `upc`, `ean`, `jan`, `isbn`, `mpn`, `location`, `quantity`, `stock_status_id`, `image`, `manufacturer_id`, `shipping`, `price`, `points`, `tax_class_id`, `date_available`, `weight`, `weight_class_id`, `length`, `width`, `height`, `length_class_id`, `subtract`, `minimum`, `sort_order`, `status`, `viewed`, `date_added`, `date_modified`) VALUES ('60', 'Model 54', '', '', '', '', '', '', '', '83', '5', 'data/journal2/no_image_large.jpg', '6', '1', '200.0000', '0', '0', '2014-03-31', '0.00000000', '1', '0.00000000', '0.00000000', '0.00000000', '1', '1', '1', '1', '1', '5650', '2014-04-01 15:35:51', '2014-08-11 16:40:28');
INSERT INTO `oc_product` (`product_id`, `model`, `sku`, `upc`, `ean`, `jan`, `isbn`, `mpn`, `location`, `quantity`, `stock_status_id`, `image`, `manufacturer_id`, `shipping`, `price`, `points`, `tax_class_id`, `date_available`, `weight`, `weight_class_id`, `length`, `width`, `height`, `length_class_id`, `subtract`, `minimum`, `sort_order`, `status`, `viewed`, `date_added`, `date_modified`) VALUES ('61', 'Model 55', '', '', '', '', '', '', '', '189', '5', 'data/journal2/no_image_large.jpg', '11', '1', '299.0000', '0', '0', '2014-03-31', '0.00000000', '1', '0.00000000', '0.00000000', '0.00000000', '1', '1', '1', '1', '1', '5922', '2014-04-01 15:40:40', '2014-08-11 16:41:33');
INSERT INTO `oc_product` (`product_id`, `model`, `sku`, `upc`, `ean`, `jan`, `isbn`, `mpn`, `location`, `quantity`, `stock_status_id`, `image`, `manufacturer_id`, `shipping`, `price`, `points`, `tax_class_id`, `date_available`, `weight`, `weight_class_id`, `length`, `width`, `height`, `length_class_id`, `subtract`, `minimum`, `sort_order`, `status`, `viewed`, `date_added`, `date_modified`) VALUES ('62', 'Model 56', '', '', '', '', '', '', '', '95', '5', 'data/journal2/no_image_large.jpg', '11', '1', '90.0000', '0', '0', '2014-03-31', '0.00000000', '1', '0.00000000', '0.00000000', '0.00000000', '1', '1', '1', '1', '1', '4370', '2014-04-01 15:45:24', '2014-05-22 15:38:13');
INSERT INTO `oc_product` (`product_id`, `model`, `sku`, `upc`, `ean`, `jan`, `isbn`, `mpn`, `location`, `quantity`, `stock_status_id`, `image`, `manufacturer_id`, `shipping`, `price`, `points`, `tax_class_id`, `date_available`, `weight`, `weight_class_id`, `length`, `width`, `height`, `length_class_id`, `subtract`, `minimum`, `sort_order`, `status`, `viewed`, `date_added`, `date_modified`) VALUES ('63', 'Model 57', '', '', '', '', '', '', '', '100', '5', 'data/journal2/no_image_large.jpg', '10', '1', '49.0000', '0', '0', '2014-03-31', '0.00000000', '1', '0.00000000', '0.00000000', '0.00000000', '1', '1', '1', '1', '1', '3251', '2014-04-01 16:12:04', '2014-05-22 15:44:27');
INSERT INTO `oc_product` (`product_id`, `model`, `sku`, `upc`, `ean`, `jan`, `isbn`, `mpn`, `location`, `quantity`, `stock_status_id`, `image`, `manufacturer_id`, `shipping`, `price`, `points`, `tax_class_id`, `date_available`, `weight`, `weight_class_id`, `length`, `width`, `height`, `length_class_id`, `subtract`, `minimum`, `sort_order`, `status`, `viewed`, `date_added`, `date_modified`) VALUES ('64', 'Model 58', '', '', '', '', '', '', '', '2', '5', 'data/journal2/no_image_large.jpg', '14', '1', '97.0000', '0', '0', '2014-03-31', '0.00000000', '1', '0.00000000', '0.00000000', '0.00000000', '1', '1', '99', '1', '1', '5823', '2014-04-01 16:17:49', '2014-05-22 15:53:23');
INSERT INTO `oc_product` (`product_id`, `model`, `sku`, `upc`, `ean`, `jan`, `isbn`, `mpn`, `location`, `quantity`, `stock_status_id`, `image`, `manufacturer_id`, `shipping`, `price`, `points`, `tax_class_id`, `date_available`, `weight`, `weight_class_id`, `length`, `width`, `height`, `length_class_id`, `subtract`, `minimum`, `sort_order`, `status`, `viewed`, `date_added`, `date_modified`) VALUES ('65', 'Model 59', '', '', '', '', '', '', '', '99', '5', 'data/journal2/no_image_large.jpg', '7', '1', '250.0000', '0', '0', '2014-03-31', '0.00000000', '1', '0.00000000', '0.00000000', '0.00000000', '1', '1', '1', '1', '1', '6038', '2014-04-01 16:25:12', '2014-05-22 15:58:48');
INSERT INTO `oc_product` (`product_id`, `model`, `sku`, `upc`, `ean`, `jan`, `isbn`, `mpn`, `location`, `quantity`, `stock_status_id`, `image`, `manufacturer_id`, `shipping`, `price`, `points`, `tax_class_id`, `date_available`, `weight`, `weight_class_id`, `length`, `width`, `height`, `length_class_id`, `subtract`, `minimum`, `sort_order`, `status`, `viewed`, `date_added`, `date_modified`) VALUES ('66', 'Model 60', '', '', '', '', '', '', '', '100', '5', 'data/journal2/no_image_large.jpg', '12', '1', '95.0000', '0', '0', '2014-03-31', '0.00000000', '1', '0.00000000', '0.00000000', '0.00000000', '1', '1', '1', '1', '1', '6675', '2014-04-01 16:34:06', '2014-05-22 15:48:31');
INSERT INTO `oc_product` (`product_id`, `model`, `sku`, `upc`, `ean`, `jan`, `isbn`, `mpn`, `location`, `quantity`, `stock_status_id`, `image`, `manufacturer_id`, `shipping`, `price`, `points`, `tax_class_id`, `date_available`, `weight`, `weight_class_id`, `length`, `width`, `height`, `length_class_id`, `subtract`, `minimum`, `sort_order`, `status`, `viewed`, `date_added`, `date_modified`) VALUES ('67', 'Model 61', '', '', '', '', '', '', '', '100', '5', 'data/journal2/no_image_large.jpg', '5', '1', '50.0000', '0', '0', '2014-03-31', '0.00000000', '1', '0.00000000', '0.00000000', '0.00000000', '1', '1', '1', '1', '1', '4070', '2014-04-01 16:39:32', '2014-05-22 15:04:02');
INSERT INTO `oc_product` (`product_id`, `model`, `sku`, `upc`, `ean`, `jan`, `isbn`, `mpn`, `location`, `quantity`, `stock_status_id`, `image`, `manufacturer_id`, `shipping`, `price`, `points`, `tax_class_id`, `date_available`, `weight`, `weight_class_id`, `length`, `width`, `height`, `length_class_id`, `subtract`, `minimum`, `sort_order`, `status`, `viewed`, `date_added`, `date_modified`) VALUES ('68', 'Model 62', '', '', '', '', '', '', '', '96', '5', 'data/journal2/no_image_large.jpg', '10', '1', '300.0000', '0', '0', '2014-03-31', '0.00000000', '1', '0.00000000', '0.00000000', '0.00000000', '1', '1', '1', '1', '1', '4451', '2014-04-01 17:00:55', '2014-05-22 14:58:17');
INSERT INTO `oc_product` (`product_id`, `model`, `sku`, `upc`, `ean`, `jan`, `isbn`, `mpn`, `location`, `quantity`, `stock_status_id`, `image`, `manufacturer_id`, `shipping`, `price`, `points`, `tax_class_id`, `date_available`, `weight`, `weight_class_id`, `length`, `width`, `height`, `length_class_id`, `subtract`, `minimum`, `sort_order`, `status`, `viewed`, `date_added`, `date_modified`) VALUES ('69', 'Model 63', '', '', '', '', '', '', '', '92', '5', 'data/journal2/no_image_large.jpg', '13', '1', '79.0000', '0', '0', '2014-03-31', '0.00000000', '1', '0.00000000', '0.00000000', '0.00000000', '1', '1', '1', '1', '1', '7521', '2014-04-01 17:05:07', '2014-05-22 15:37:24');
INSERT INTO `oc_product` (`product_id`, `model`, `sku`, `upc`, `ean`, `jan`, `isbn`, `mpn`, `location`, `quantity`, `stock_status_id`, `image`, `manufacturer_id`, `shipping`, `price`, `points`, `tax_class_id`, `date_available`, `weight`, `weight_class_id`, `length`, `width`, `height`, `length_class_id`, `subtract`, `minimum`, `sort_order`, `status`, `viewed`, `date_added`, `date_modified`) VALUES ('70', 'Model 64', '', '', '', '', '', '', '', '99', '5', 'data/journal2/no_image_large.jpg', '6', '1', '73.0000', '0', '0', '2014-03-31', '0.00000000', '1', '0.00000000', '0.00000000', '0.00000000', '1', '1', '1', '1', '1', '6179', '2014-04-01 17:18:18', '2014-05-22 15:43:25');
INSERT INTO `oc_product` (`product_id`, `model`, `sku`, `upc`, `ean`, `jan`, `isbn`, `mpn`, `location`, `quantity`, `stock_status_id`, `image`, `manufacturer_id`, `shipping`, `price`, `points`, `tax_class_id`, `date_available`, `weight`, `weight_class_id`, `length`, `width`, `height`, `length_class_id`, `subtract`, `minimum`, `sort_order`, `status`, `viewed`, `date_added`, `date_modified`) VALUES ('71', 'Model 65', '', '', '', '', '', '', '', '1', '5', 'data/journal2/no_image_large.jpg', '6', '1', '160.0000', '0', '0', '2014-03-31', '0.00000000', '1', '0.00000000', '0.00000000', '0.00000000', '1', '1', '1', '1', '1', '5756', '2014-04-01 17:24:20', '2014-08-11 16:50:23');
INSERT INTO `oc_product` (`product_id`, `model`, `sku`, `upc`, `ean`, `jan`, `isbn`, `mpn`, `location`, `quantity`, `stock_status_id`, `image`, `manufacturer_id`, `shipping`, `price`, `points`, `tax_class_id`, `date_available`, `weight`, `weight_class_id`, `length`, `width`, `height`, `length_class_id`, `subtract`, `minimum`, `sort_order`, `status`, `viewed`, `date_added`, `date_modified`) VALUES ('72', 'Model 66', '', '', '', '', '', '', '', '100', '5', 'data/journal2/no_image_large.jpg', '14', '1', '90.0000', '0', '0', '2014-03-31', '0.00000000', '1', '0.00000000', '0.00000000', '0.00000000', '1', '1', '1', '1', '1', '4020', '2014-04-01 19:18:14', '2014-05-22 15:08:02');
INSERT INTO `oc_product` (`product_id`, `model`, `sku`, `upc`, `ean`, `jan`, `isbn`, `mpn`, `location`, `quantity`, `stock_status_id`, `image`, `manufacturer_id`, `shipping`, `price`, `points`, `tax_class_id`, `date_available`, `weight`, `weight_class_id`, `length`, `width`, `height`, `length_class_id`, `subtract`, `minimum`, `sort_order`, `status`, `viewed`, `date_added`, `date_modified`) VALUES ('73', 'Model 67', '', '', '', '', '', '', '', '100', '5', 'data/journal2/no_image_large.jpg', '10', '1', '68.0000', '0', '0', '2014-03-31', '0.00000000', '1', '0.00000000', '0.00000000', '0.00000000', '1', '1', '1', '1', '1', '4880', '2014-04-01 19:29:15', '2014-05-22 15:48:11');
INSERT INTO `oc_product` (`product_id`, `model`, `sku`, `upc`, `ean`, `jan`, `isbn`, `mpn`, `location`, `quantity`, `stock_status_id`, `image`, `manufacturer_id`, `shipping`, `price`, `points`, `tax_class_id`, `date_available`, `weight`, `weight_class_id`, `length`, `width`, `height`, `length_class_id`, `subtract`, `minimum`, `sort_order`, `status`, `viewed`, `date_added`, `date_modified`) VALUES ('74', 'Model 68', '', '', '', '', '', '', '', '76', '5', 'data/journal2/no_image_large.jpg', '11', '1', '72.0000', '0', '0', '2014-03-31', '0.00000000', '1', '0.00000000', '0.00000000', '0.00000000', '1', '1', '1', '1', '1', '7304', '2014-04-01 19:37:36', '2015-05-26 10:17:19');
INSERT INTO `oc_product` (`product_id`, `model`, `sku`, `upc`, `ean`, `jan`, `isbn`, `mpn`, `location`, `quantity`, `stock_status_id`, `image`, `manufacturer_id`, `shipping`, `price`, `points`, `tax_class_id`, `date_available`, `weight`, `weight_class_id`, `length`, `width`, `height`, `length_class_id`, `subtract`, `minimum`, `sort_order`, `status`, `viewed`, `date_added`, `date_modified`) VALUES ('75', 'Model 69', '', '', '', '', '', '', '', '99', '5', 'data/journal2/no_image_large.jpg', '10', '1', '89.0000', '0', '0', '2014-03-31', '0.00000000', '1', '0.00000000', '0.00000000', '0.00000000', '1', '1', '1', '1', '1', '4867', '2014-04-01 19:44:56', '2014-05-22 15:45:36');
INSERT INTO `oc_product` (`product_id`, `model`, `sku`, `upc`, `ean`, `jan`, `isbn`, `mpn`, `location`, `quantity`, `stock_status_id`, `image`, `manufacturer_id`, `shipping`, `price`, `points`, `tax_class_id`, `date_available`, `weight`, `weight_class_id`, `length`, `width`, `height`, `length_class_id`, `subtract`, `minimum`, `sort_order`, `status`, `viewed`, `date_added`, `date_modified`) VALUES ('76', 'Model 70', '', '', '', '', '', '', '', '100', '5', 'data/journal2/no_image_large.jpg', '11', '1', '105.0000', '0', '0', '2014-03-31', '0.00000000', '1', '0.00000000', '0.00000000', '0.00000000', '1', '1', '1', '1', '1', '5695', '2014-04-01 19:49:13', '2014-05-22 15:57:16');
INSERT INTO `oc_product` (`product_id`, `model`, `sku`, `upc`, `ean`, `jan`, `isbn`, `mpn`, `location`, `quantity`, `stock_status_id`, `image`, `manufacturer_id`, `shipping`, `price`, `points`, `tax_class_id`, `date_available`, `weight`, `weight_class_id`, `length`, `width`, `height`, `length_class_id`, `subtract`, `minimum`, `sort_order`, `status`, `viewed`, `date_added`, `date_modified`) VALUES ('77', 'Model 71', '', '', '', '', '', '', '', '100', '5', 'data/journal2/no_image_large.jpg', '9', '1', '135.0000', '0', '0', '2014-03-31', '0.00000000', '1', '0.00000000', '0.00000000', '0.00000000', '1', '1', '1', '1', '1', '5909', '2014-04-01 20:03:42', '2014-05-22 15:54:09');
INSERT INTO `oc_product` (`product_id`, `model`, `sku`, `upc`, `ean`, `jan`, `isbn`, `mpn`, `location`, `quantity`, `stock_status_id`, `image`, `manufacturer_id`, `shipping`, `price`, `points`, `tax_class_id`, `date_available`, `weight`, `weight_class_id`, `length`, `width`, `height`, `length_class_id`, `subtract`, `minimum`, `sort_order`, `status`, `viewed`, `date_added`, `date_modified`) VALUES ('78', 'Model 72', '', '', '', '', '', '', '', '100', '5', 'data/journal2/no_image_large.jpg', '5', '1', '78.0000', '0', '0', '2014-03-31', '0.00000000', '1', '0.00000000', '0.00000000', '0.00000000', '1', '1', '1', '1', '1', '4879', '2014-04-01 20:07:41', '2014-05-22 15:44:09');
INSERT INTO `oc_product` (`product_id`, `model`, `sku`, `upc`, `ean`, `jan`, `isbn`, `mpn`, `location`, `quantity`, `stock_status_id`, `image`, `manufacturer_id`, `shipping`, `price`, `points`, `tax_class_id`, `date_available`, `weight`, `weight_class_id`, `length`, `width`, `height`, `length_class_id`, `subtract`, `minimum`, `sort_order`, `status`, `viewed`, `date_added`, `date_modified`) VALUES ('79', 'Model 73', '', '', '', '', '', '', '', '1', '5', 'data/journal2/no_image_large.jpg', '7', '1', '399.0000', '0', '0', '2014-03-31', '0.00000000', '1', '0.00000000', '0.00000000', '0.00000000', '1', '1', '1', '1', '1', '4190', '2014-04-01 22:09:13', '2014-05-22 15:18:20');
INSERT INTO `oc_product` (`product_id`, `model`, `sku`, `upc`, `ean`, `jan`, `isbn`, `mpn`, `location`, `quantity`, `stock_status_id`, `image`, `manufacturer_id`, `shipping`, `price`, `points`, `tax_class_id`, `date_available`, `weight`, `weight_class_id`, `length`, `width`, `height`, `length_class_id`, `subtract`, `minimum`, `sort_order`, `status`, `viewed`, `date_added`, `date_modified`) VALUES ('80', 'Model 74', '', '', '', '', '', '', '', '100', '5', 'data/journal2/no_image_large.jpg', '11', '1', '350.0000', '0', '0', '2014-03-31', '0.00000000', '1', '0.00000000', '0.00000000', '0.00000000', '1', '1', '1', '1', '1', '4080', '2014-04-01 22:11:44', '2014-05-22 15:34:04');
INSERT INTO `oc_product` (`product_id`, `model`, `sku`, `upc`, `ean`, `jan`, `isbn`, `mpn`, `location`, `quantity`, `stock_status_id`, `image`, `manufacturer_id`, `shipping`, `price`, `points`, `tax_class_id`, `date_available`, `weight`, `weight_class_id`, `length`, `width`, `height`, `length_class_id`, `subtract`, `minimum`, `sort_order`, `status`, `viewed`, `date_added`, `date_modified`) VALUES ('81', 'Model 75', '', '', '', '', '', '', '', '99', '5', 'data/journal2/no_image_large.jpg', '13', '1', '80.0000', '0', '0', '2014-03-31', '0.00000000', '1', '0.00000000', '0.00000000', '0.00000000', '1', '1', '1', '1', '1', '5914', '2014-04-01 22:14:48', '2014-05-22 15:52:36');
INSERT INTO `oc_product` (`product_id`, `model`, `sku`, `upc`, `ean`, `jan`, `isbn`, `mpn`, `location`, `quantity`, `stock_status_id`, `image`, `manufacturer_id`, `shipping`, `price`, `points`, `tax_class_id`, `date_available`, `weight`, `weight_class_id`, `length`, `width`, `height`, `length_class_id`, `subtract`, `minimum`, `sort_order`, `status`, `viewed`, `date_added`, `date_modified`) VALUES ('82', 'Model 76', '', '', '', '', '', '', '', '100', '5', 'data/journal2/no_image_large.jpg', '8', '1', '179.0000', '0', '0', '2014-03-31', '0.00000000', '1', '0.00000000', '0.00000000', '0.00000000', '1', '1', '1', '1', '1', '4126', '2014-04-01 22:18:49', '2014-05-22 15:56:22');
INSERT INTO `oc_product` (`product_id`, `model`, `sku`, `upc`, `ean`, `jan`, `isbn`, `mpn`, `location`, `quantity`, `stock_status_id`, `image`, `manufacturer_id`, `shipping`, `price`, `points`, `tax_class_id`, `date_available`, `weight`, `weight_class_id`, `length`, `width`, `height`, `length_class_id`, `subtract`, `minimum`, `sort_order`, `status`, `viewed`, `date_added`, `date_modified`) VALUES ('83', 'Model 77', '', '', '', '', '', '', '', '98', '5', 'data/journal2/no_image_large.jpg', '5', '1', '99.0000', '0', '0', '2014-03-31', '0.00000000', '1', '0.00000000', '0.00000000', '0.00000000', '1', '1', '1', '1', '1', '5220', '2014-04-01 22:21:30', '2014-05-22 15:40:53');
INSERT INTO `oc_product` (`product_id`, `model`, `sku`, `upc`, `ean`, `jan`, `isbn`, `mpn`, `location`, `quantity`, `stock_status_id`, `image`, `manufacturer_id`, `shipping`, `price`, `points`, `tax_class_id`, `date_available`, `weight`, `weight_class_id`, `length`, `width`, `height`, `length_class_id`, `subtract`, `minimum`, `sort_order`, `status`, `viewed`, `date_added`, `date_modified`) VALUES ('84', 'Model 79', '', '', '', '', '', '', '', '0', '5', 'data/journal2/no_image_large.jpg', '7', '1', '210.0000', '0', '0', '2014-03-31', '0.00000000', '1', '0.00000000', '0.00000000', '0.00000000', '1', '1', '1', '1', '1', '4228', '2014-04-01 22:32:18', '2014-08-11 16:48:54');
INSERT INTO `oc_product` (`product_id`, `model`, `sku`, `upc`, `ean`, `jan`, `isbn`, `mpn`, `location`, `quantity`, `stock_status_id`, `image`, `manufacturer_id`, `shipping`, `price`, `points`, `tax_class_id`, `date_available`, `weight`, `weight_class_id`, `length`, `width`, `height`, `length_class_id`, `subtract`, `minimum`, `sort_order`, `status`, `viewed`, `date_added`, `date_modified`) VALUES ('85', 'Model 80', '', '', '', '', '', '', '', '100', '5', 'data/journal2/no_image_large.jpg', '12', '1', '82.0000', '0', '0', '2014-04-01', '0.00000000', '1', '0.00000000', '0.00000000', '0.00000000', '1', '1', '1', '1', '1', '3327', '2014-04-02 13:44:12', '2014-05-22 15:29:08');
INSERT INTO `oc_product` (`product_id`, `model`, `sku`, `upc`, `ean`, `jan`, `isbn`, `mpn`, `location`, `quantity`, `stock_status_id`, `image`, `manufacturer_id`, `shipping`, `price`, `points`, `tax_class_id`, `date_available`, `weight`, `weight_class_id`, `length`, `width`, `height`, `length_class_id`, `subtract`, `minimum`, `sort_order`, `status`, `viewed`, `date_added`, `date_modified`) VALUES ('86', 'Model 81', '', '', '', '', '', '', '', '0', '5', 'data/journal2/no_image_large.jpg', '0', '1', '99.0000', '0', '0', '2014-04-01', '0.00000000', '1', '0.00000000', '0.00000000', '0.00000000', '1', '1', '1', '1', '1', '4704', '2014-04-02 13:46:31', '2014-05-22 15:50:29');
INSERT INTO `oc_product` (`product_id`, `model`, `sku`, `upc`, `ean`, `jan`, `isbn`, `mpn`, `location`, `quantity`, `stock_status_id`, `image`, `manufacturer_id`, `shipping`, `price`, `points`, `tax_class_id`, `date_available`, `weight`, `weight_class_id`, `length`, `width`, `height`, `length_class_id`, `subtract`, `minimum`, `sort_order`, `status`, `viewed`, `date_added`, `date_modified`) VALUES ('87', 'Model 84', '', '', '', '', '', '', '', '2', '5', 'data/journal2/no_image_large.jpg', '8', '1', '125.0000', '0', '0', '2014-04-04', '0.00000000', '1', '0.00000000', '0.00000000', '0.00000000', '1', '1', '1', '1', '1', '5775', '2014-04-05 10:30:17', '2014-05-22 15:54:41');
INSERT INTO `oc_product` (`product_id`, `model`, `sku`, `upc`, `ean`, `jan`, `isbn`, `mpn`, `location`, `quantity`, `stock_status_id`, `image`, `manufacturer_id`, `shipping`, `price`, `points`, `tax_class_id`, `date_available`, `weight`, `weight_class_id`, `length`, `width`, `height`, `length_class_id`, `subtract`, `minimum`, `sort_order`, `status`, `viewed`, `date_added`, `date_modified`) VALUES ('88', 'Model 85', '', '', '', '', '', '', '', '100', '5', 'data/journal2/no_image_large.jpg', '9', '1', '55.0000', '0', '0', '2014-04-04', '0.00000000', '1', '0.00000000', '0.00000000', '0.00000000', '1', '1', '1', '1', '1', '4043', '2014-04-05 10:45:24', '2014-05-22 15:24:05');
INSERT INTO `oc_product` (`product_id`, `model`, `sku`, `upc`, `ean`, `jan`, `isbn`, `mpn`, `location`, `quantity`, `stock_status_id`, `image`, `manufacturer_id`, `shipping`, `price`, `points`, `tax_class_id`, `date_available`, `weight`, `weight_class_id`, `length`, `width`, `height`, `length_class_id`, `subtract`, `minimum`, `sort_order`, `status`, `viewed`, `date_added`, `date_modified`) VALUES ('89', 'Model 86', '', '', '', '', '', '', '', '100', '5', 'data/journal2/no_image_large.jpg', '12', '1', '239.0000', '0', '0', '2014-04-04', '0.00000000', '1', '0.00000000', '0.00000000', '0.00000000', '1', '1', '1', '1', '1', '5940', '2014-04-05 10:56:16', '2014-08-11 16:52:39');
INSERT INTO `oc_product` (`product_id`, `model`, `sku`, `upc`, `ean`, `jan`, `isbn`, `mpn`, `location`, `quantity`, `stock_status_id`, `image`, `manufacturer_id`, `shipping`, `price`, `points`, `tax_class_id`, `date_available`, `weight`, `weight_class_id`, `length`, `width`, `height`, `length_class_id`, `subtract`, `minimum`, `sort_order`, `status`, `viewed`, `date_added`, `date_modified`) VALUES ('149', 'Model 170', '', '', '', '', '', '', '', '99', '5', 'data/journal2/no_image_large.jpg', '13', '1', '115.0000', '0', '0', '2014-04-12', '0.00000000', '1', '0.00000000', '0.00000000', '0.00000000', '1', '1', '1', '1', '1', '5482', '2014-04-14 00:20:21', '2014-05-22 15:52:06');
INSERT INTO `oc_product` (`product_id`, `model`, `sku`, `upc`, `ean`, `jan`, `isbn`, `mpn`, `location`, `quantity`, `stock_status_id`, `image`, `manufacturer_id`, `shipping`, `price`, `points`, `tax_class_id`, `date_available`, `weight`, `weight_class_id`, `length`, `width`, `height`, `length_class_id`, `subtract`, `minimum`, `sort_order`, `status`, `viewed`, `date_added`, `date_modified`) VALUES ('150', 'Model 171', '', '', '', '', '', '', '', '100', '5', 'data/journal2/no_image_large.jpg', '6', '1', '420.0000', '0', '0', '2014-04-12', '0.00000000', '1', '0.00000000', '0.00000000', '0.00000000', '1', '1', '1', '1', '1', '3243', '2014-04-14 00:26:30', '2014-08-11 16:52:04');
INSERT INTO `oc_product` (`product_id`, `model`, `sku`, `upc`, `ean`, `jan`, `isbn`, `mpn`, `location`, `quantity`, `stock_status_id`, `image`, `manufacturer_id`, `shipping`, `price`, `points`, `tax_class_id`, `date_available`, `weight`, `weight_class_id`, `length`, `width`, `height`, `length_class_id`, `subtract`, `minimum`, `sort_order`, `status`, `viewed`, `date_added`, `date_modified`) VALUES ('151', 'Model 172', '', '', '', '', '', '', '', '103', '5', 'data/journal2/no_image_large.jpg', '9', '1', '76.0000', '0', '0', '2014-04-12', '0.00000000', '1', '0.00000000', '0.00000000', '0.00000000', '1', '1', '1', '1', '1', '5442', '2014-04-14 00:31:50', '2014-05-22 15:44:43');
INSERT INTO `oc_product` (`product_id`, `model`, `sku`, `upc`, `ean`, `jan`, `isbn`, `mpn`, `location`, `quantity`, `stock_status_id`, `image`, `manufacturer_id`, `shipping`, `price`, `points`, `tax_class_id`, `date_available`, `weight`, `weight_class_id`, `length`, `width`, `height`, `length_class_id`, `subtract`, `minimum`, `sort_order`, `status`, `viewed`, `date_added`, `date_modified`) VALUES ('152', 'Model 173', '', '', '', '', '', '', '', '98', '5', 'data/journal2/no_image_large.jpg', '12', '1', '15.0000', '0', '0', '2014-04-12', '0.00000000', '1', '0.00000000', '0.00000000', '0.00000000', '1', '1', '1', '1', '1', '3323', '2014-04-14 00:35:13', '2014-05-22 15:59:22');
INSERT INTO `oc_product` (`product_id`, `model`, `sku`, `upc`, `ean`, `jan`, `isbn`, `mpn`, `location`, `quantity`, `stock_status_id`, `image`, `manufacturer_id`, `shipping`, `price`, `points`, `tax_class_id`, `date_available`, `weight`, `weight_class_id`, `length`, `width`, `height`, `length_class_id`, `subtract`, `minimum`, `sort_order`, `status`, `viewed`, `date_added`, `date_modified`) VALUES ('153', 'Model 174', '', '', '', '', '', '', '', '0', '5', 'data/journal2/no_image_large.jpg', '6', '1', '139.0000', '0', '0', '2014-04-12', '0.00000000', '1', '0.00000000', '0.00000000', '0.00000000', '1', '1', '1', '1', '1', '3415', '2014-04-14 00:42:53', '2014-05-22 15:41:40');
INSERT INTO `oc_product` (`product_id`, `model`, `sku`, `upc`, `ean`, `jan`, `isbn`, `mpn`, `location`, `quantity`, `stock_status_id`, `image`, `manufacturer_id`, `shipping`, `price`, `points`, `tax_class_id`, `date_available`, `weight`, `weight_class_id`, `length`, `width`, `height`, `length_class_id`, `subtract`, `minimum`, `sort_order`, `status`, `viewed`, `date_added`, `date_modified`) VALUES ('154', 'Model 175', '', '', '', '', '', '', '', '100', '5', 'data/journal2/no_image_large.jpg', '11', '1', '159.0000', '0', '0', '2014-04-12', '0.00000000', '1', '0.00000000', '0.00000000', '0.00000000', '1', '1', '1', '1', '1', '3456', '2014-04-14 00:48:14', '2014-08-11 16:54:30');
INSERT INTO `oc_product` (`product_id`, `model`, `sku`, `upc`, `ean`, `jan`, `isbn`, `mpn`, `location`, `quantity`, `stock_status_id`, `image`, `manufacturer_id`, `shipping`, `price`, `points`, `tax_class_id`, `date_available`, `weight`, `weight_class_id`, `length`, `width`, `height`, `length_class_id`, `subtract`, `minimum`, `sort_order`, `status`, `viewed`, `date_added`, `date_modified`) VALUES ('155', 'Model 176', '', '', '', '', '', '', '', '100', '5', 'data/journal2/no_image_large.jpg', '13', '1', '281.0000', '0', '0', '2014-04-12', '0.00000000', '1', '0.00000000', '0.00000000', '0.00000000', '1', '1', '1', '1', '1', '5247', '2014-04-14 00:52:25', '2014-05-22 15:51:29');
INSERT INTO `oc_product` (`product_id`, `model`, `sku`, `upc`, `ean`, `jan`, `isbn`, `mpn`, `location`, `quantity`, `stock_status_id`, `image`, `manufacturer_id`, `shipping`, `price`, `points`, `tax_class_id`, `date_available`, `weight`, `weight_class_id`, `length`, `width`, `height`, `length_class_id`, `subtract`, `minimum`, `sort_order`, `status`, `viewed`, `date_added`, `date_modified`) VALUES ('156', 'Model 177', '', '', '', '', '', '', '', '1', '5', 'data/journal2/no_image_large.jpg', '14', '1', '40.0000', '0', '0', '2014-04-12', '0.00000000', '1', '0.00000000', '0.00000000', '0.00000000', '1', '1', '1', '1', '1', '5411', '2014-04-14 00:57:02', '2014-05-22 15:52:53');
INSERT INTO `oc_product` (`product_id`, `model`, `sku`, `upc`, `ean`, `jan`, `isbn`, `mpn`, `location`, `quantity`, `stock_status_id`, `image`, `manufacturer_id`, `shipping`, `price`, `points`, `tax_class_id`, `date_available`, `weight`, `weight_class_id`, `length`, `width`, `height`, `length_class_id`, `subtract`, `minimum`, `sort_order`, `status`, `viewed`, `date_added`, `date_modified`) VALUES ('157', 'Model 178', '', '', '', '', '', '', '', '100', '5', 'data/journal2/no_image_large.jpg', '9', '1', '45.0000', '0', '0', '2014-04-12', '0.00000000', '1', '0.00000000', '0.00000000', '0.00000000', '1', '1', '1', '1', '1', '5412', '2014-04-14 01:03:21', '2014-05-22 15:48:47');
INSERT INTO `oc_product` (`product_id`, `model`, `sku`, `upc`, `ean`, `jan`, `isbn`, `mpn`, `location`, `quantity`, `stock_status_id`, `image`, `manufacturer_id`, `shipping`, `price`, `points`, `tax_class_id`, `date_available`, `weight`, `weight_class_id`, `length`, `width`, `height`, `length_class_id`, `subtract`, `minimum`, `sort_order`, `status`, `viewed`, `date_added`, `date_modified`) VALUES ('158', 'Model 179', '', '', '', '', '', '', '', '99', '5', 'data/journal2/no_image_large.jpg', '5', '1', '129.0000', '0', '0', '2014-04-12', '0.00000000', '1', '0.00000000', '0.00000000', '0.00000000', '1', '1', '1', '1', '1', '5257', '2014-04-14 01:07:19', '2014-05-22 15:57:56');
INSERT INTO `oc_product` (`product_id`, `model`, `sku`, `upc`, `ean`, `jan`, `isbn`, `mpn`, `location`, `quantity`, `stock_status_id`, `image`, `manufacturer_id`, `shipping`, `price`, `points`, `tax_class_id`, `date_available`, `weight`, `weight_class_id`, `length`, `width`, `height`, `length_class_id`, `subtract`, `minimum`, `sort_order`, `status`, `viewed`, `date_added`, `date_modified`) VALUES ('159', 'Model 180', '', '', '', '', '', '', '', '95', '5', 'data/journal2/no_image_large.jpg', '14', '1', '280.0000', '0', '0', '2014-04-14', '0.00000000', '1', '0.00000000', '0.00000000', '0.00000000', '1', '1', '1', '1', '1', '5761', '2014-04-15 20:45:12', '2015-02-11 12:34:41');
INSERT INTO `oc_product` (`product_id`, `model`, `sku`, `upc`, `ean`, `jan`, `isbn`, `mpn`, `location`, `quantity`, `stock_status_id`, `image`, `manufacturer_id`, `shipping`, `price`, `points`, `tax_class_id`, `date_available`, `weight`, `weight_class_id`, `length`, `width`, `height`, `length_class_id`, `subtract`, `minimum`, `sort_order`, `status`, `viewed`, `date_added`, `date_modified`) VALUES ('160', 'Model 181', '', '', '', '', '', '', '', '300', '5', 'data/journal2/no_image_large.jpg', '0', '1', '370.0000', '0', '0', '2014-04-14', '0.00000000', '1', '0.00000000', '0.00000000', '0.00000000', '1', '1', '1', '1', '1', '5916', '2014-04-15 20:57:30', '2014-08-11 16:44:00');
INSERT INTO `oc_product` (`product_id`, `model`, `sku`, `upc`, `ean`, `jan`, `isbn`, `mpn`, `location`, `quantity`, `stock_status_id`, `image`, `manufacturer_id`, `shipping`, `price`, `points`, `tax_class_id`, `date_available`, `weight`, `weight_class_id`, `length`, `width`, `height`, `length_class_id`, `subtract`, `minimum`, `sort_order`, `status`, `viewed`, `date_added`, `date_modified`) VALUES ('161', 'Model 182', '', '', '', '', '', '', '', '100', '5', 'data/journal2/no_image_large.jpg', '5', '1', '99.0000', '0', '0', '2014-04-14', '0.00000000', '1', '0.00000000', '0.00000000', '0.00000000', '1', '1', '1', '1', '1', '3221', '2014-04-15 21:08:04', '2014-05-22 15:56:02');
INSERT INTO `oc_product` (`product_id`, `model`, `sku`, `upc`, `ean`, `jan`, `isbn`, `mpn`, `location`, `quantity`, `stock_status_id`, `image`, `manufacturer_id`, `shipping`, `price`, `points`, `tax_class_id`, `date_available`, `weight`, `weight_class_id`, `length`, `width`, `height`, `length_class_id`, `subtract`, `minimum`, `sort_order`, `status`, `viewed`, `date_added`, `date_modified`) VALUES ('162', 'Model 183', '', '', '', '', '', '', '', '101', '5', 'data/journal2/no_image_large.jpg', '10', '1', '129.0000', '0', '0', '2014-04-14', '0.00000000', '1', '0.00000000', '0.00000000', '0.00000000', '1', '1', '1', '1', '1', '4745', '2014-04-15 21:14:24', '2014-05-22 15:50:59');
INSERT INTO `oc_product` (`product_id`, `model`, `sku`, `upc`, `ean`, `jan`, `isbn`, `mpn`, `location`, `quantity`, `stock_status_id`, `image`, `manufacturer_id`, `shipping`, `price`, `points`, `tax_class_id`, `date_available`, `weight`, `weight_class_id`, `length`, `width`, `height`, `length_class_id`, `subtract`, `minimum`, `sort_order`, `status`, `viewed`, `date_added`, `date_modified`) VALUES ('163', 'Model 184', '', '', '', '', '', '', '', '100', '5', 'data/journal2/no_image_large.jpg', '5', '1', '115.0000', '0', '0', '2014-04-14', '0.00000000', '1', '0.00000000', '0.00000000', '0.00000000', '1', '1', '1', '1', '1', '5081', '2014-04-15 21:21:04', '2014-05-22 15:51:12');
INSERT INTO `oc_product` (`product_id`, `model`, `sku`, `upc`, `ean`, `jan`, `isbn`, `mpn`, `location`, `quantity`, `stock_status_id`, `image`, `manufacturer_id`, `shipping`, `price`, `points`, `tax_class_id`, `date_available`, `weight`, `weight_class_id`, `length`, `width`, `height`, `length_class_id`, `subtract`, `minimum`, `sort_order`, `status`, `viewed`, `date_added`, `date_modified`) VALUES ('164', 'Model 185', '', '', '', '', '', '', '', '98', '5', 'data/journal2/no_image_large.jpg', '11', '1', '205.0000', '0', '0', '2014-04-16', '0.00000000', '1', '0.00000000', '0.00000000', '0.00000000', '1', '1', '1', '1', '1', '6130', '2014-04-17 19:31:07', '2014-05-22 15:59:50');
INSERT INTO `oc_product` (`product_id`, `model`, `sku`, `upc`, `ean`, `jan`, `isbn`, `mpn`, `location`, `quantity`, `stock_status_id`, `image`, `manufacturer_id`, `shipping`, `price`, `points`, `tax_class_id`, `date_available`, `weight`, `weight_class_id`, `length`, `width`, `height`, `length_class_id`, `subtract`, `minimum`, `sort_order`, `status`, `viewed`, `date_added`, `date_modified`) VALUES ('165', 'Model 186', '', '', '', '', '', '', '', '98', '5', 'data/journal2/no_image_large.jpg', '7', '1', '139.0000', '0', '0', '2014-04-16', '0.00000000', '1', '0.00000000', '0.00000000', '0.00000000', '1', '1', '1', '1', '1', '5467', '2014-04-17 19:54:44', '2014-05-22 16:00:19');
INSERT INTO `oc_product` (`product_id`, `model`, `sku`, `upc`, `ean`, `jan`, `isbn`, `mpn`, `location`, `quantity`, `stock_status_id`, `image`, `manufacturer_id`, `shipping`, `price`, `points`, `tax_class_id`, `date_available`, `weight`, `weight_class_id`, `length`, `width`, `height`, `length_class_id`, `subtract`, `minimum`, `sort_order`, `status`, `viewed`, `date_added`, `date_modified`) VALUES ('179', 'Model 198', '', '', '', '', '', '', '', '3', '5', 'data/journal2/no_image_large.jpg', '6', '1', '99.0000', '0', '0', '2014-04-22', '0.00000000', '1', '0.00000000', '0.00000000', '0.00000000', '1', '1', '1', '1', '1', '6097', '2014-04-23 16:23:26', '2014-05-22 15:37:38');
INSERT INTO `oc_product` (`product_id`, `model`, `sku`, `upc`, `ean`, `jan`, `isbn`, `mpn`, `location`, `quantity`, `stock_status_id`, `image`, `manufacturer_id`, `shipping`, `price`, `points`, `tax_class_id`, `date_available`, `weight`, `weight_class_id`, `length`, `width`, `height`, `length_class_id`, `subtract`, `minimum`, `sort_order`, `status`, `viewed`, `date_added`, `date_modified`) VALUES ('180', 'Model 199', '', '', '', '', '', '', '', '98', '5', 'data/journal2/no_image_large.jpg', '7', '1', '590.0000', '0', '0', '2014-04-26', '0.00000000', '1', '0.00000000', '0.00000000', '0.00000000', '1', '1', '1', '1', '1', '5333', '2014-04-27 13:07:47', '2014-05-22 16:00:05');
INSERT INTO `oc_product` (`product_id`, `model`, `sku`, `upc`, `ean`, `jan`, `isbn`, `mpn`, `location`, `quantity`, `stock_status_id`, `image`, `manufacturer_id`, `shipping`, `price`, `points`, `tax_class_id`, `date_available`, `weight`, `weight_class_id`, `length`, `width`, `height`, `length_class_id`, `subtract`, `minimum`, `sort_order`, `status`, `viewed`, `date_added`, `date_modified`) VALUES ('181', 'Model 200', '', '', '', '', '', '', '', '98', '5', 'data/journal2/no_image_large.jpg', '8', '1', '699.0000', '0', '0', '2014-04-26', '0.00000000', '1', '0.00000000', '0.00000000', '0.00000000', '1', '1', '1', '1', '1', '6768', '2014-04-27 13:12:15', '2014-08-11 16:51:19');
INSERT INTO `oc_product` (`product_id`, `model`, `sku`, `upc`, `ean`, `jan`, `isbn`, `mpn`, `location`, `quantity`, `stock_status_id`, `image`, `manufacturer_id`, `shipping`, `price`, `points`, `tax_class_id`, `date_available`, `weight`, `weight_class_id`, `length`, `width`, `height`, `length_class_id`, `subtract`, `minimum`, `sort_order`, `status`, `viewed`, `date_added`, `date_modified`) VALUES ('182', 'model 201', '', '', '', '', '', '', '', '99', '5', 'data/journal2/no_image_large.jpg', '10', '1', '125.0000', '0', '0', '2014-04-26', '0.00000000', '1', '0.00000000', '0.00000000', '0.00000000', '1', '1', '1', '1', '1', '3468', '2014-04-27 13:22:18', '2014-05-22 15:51:53');
INSERT INTO `oc_product` (`product_id`, `model`, `sku`, `upc`, `ean`, `jan`, `isbn`, `mpn`, `location`, `quantity`, `stock_status_id`, `image`, `manufacturer_id`, `shipping`, `price`, `points`, `tax_class_id`, `date_available`, `weight`, `weight_class_id`, `length`, `width`, `height`, `length_class_id`, `subtract`, `minimum`, `sort_order`, `status`, `viewed`, `date_added`, `date_modified`) VALUES ('183', 'Model 202', '', '', '', '', '', '', '', '91', '5', 'data/journal2/no_image_large.jpg', '14', '1', '189.0000', '0', '0', '2014-04-26', '0.00000000', '1', '0.00000000', '0.00000000', '0.00000000', '1', '1', '1', '1', '1', '3265', '2014-04-27 13:34:45', '2014-05-22 15:53:34');
INSERT INTO `oc_product` (`product_id`, `model`, `sku`, `upc`, `ean`, `jan`, `isbn`, `mpn`, `location`, `quantity`, `stock_status_id`, `image`, `manufacturer_id`, `shipping`, `price`, `points`, `tax_class_id`, `date_available`, `weight`, `weight_class_id`, `length`, `width`, `height`, `length_class_id`, `subtract`, `minimum`, `sort_order`, `status`, `viewed`, `date_added`, `date_modified`) VALUES ('189', 'Model 210', '', '', '', '', '', '', '', '100', '5', 'data/journal2/no_image_large.jpg', '7', '1', '55.0000', '0', '0', '2014-04-26', '0.00000000', '1', '0.00000000', '0.00000000', '0.00000000', '1', '1', '1', '1', '1', '1573', '2014-04-27 15:43:02', '2014-05-25 11:41:53');
INSERT INTO `oc_product` (`product_id`, `model`, `sku`, `upc`, `ean`, `jan`, `isbn`, `mpn`, `location`, `quantity`, `stock_status_id`, `image`, `manufacturer_id`, `shipping`, `price`, `points`, `tax_class_id`, `date_available`, `weight`, `weight_class_id`, `length`, `width`, `height`, `length_class_id`, `subtract`, `minimum`, `sort_order`, `status`, `viewed`, `date_added`, `date_modified`) VALUES ('190', 'Model 211', '', '', '', '', '', '', '', '100', '5', 'data/journal2/no_image_large.jpg', '14', '1', '49.0000', '0', '0', '2014-04-26', '0.00000000', '1', '0.00000000', '0.00000000', '0.00000000', '1', '1', '1', '1', '1', '2157', '2014-04-27 15:44:58', '2014-05-25 11:43:05');
INSERT INTO `oc_product` (`product_id`, `model`, `sku`, `upc`, `ean`, `jan`, `isbn`, `mpn`, `location`, `quantity`, `stock_status_id`, `image`, `manufacturer_id`, `shipping`, `price`, `points`, `tax_class_id`, `date_available`, `weight`, `weight_class_id`, `length`, `width`, `height`, `length_class_id`, `subtract`, `minimum`, `sort_order`, `status`, `viewed`, `date_added`, `date_modified`) VALUES ('191', '211', '', '', '', '', '', '', '', '1', '5', 'data/journal2/no_image_large.jpg', '12', '1', '70.0000', '0', '0', '2014-04-26', '0.00000000', '1', '0.00000000', '0.00000000', '0.00000000', '1', '1', '1', '1', '1', '1551', '2014-04-27 17:06:00', '2014-05-25 11:35:25');
INSERT INTO `oc_product` (`product_id`, `model`, `sku`, `upc`, `ean`, `jan`, `isbn`, `mpn`, `location`, `quantity`, `stock_status_id`, `image`, `manufacturer_id`, `shipping`, `price`, `points`, `tax_class_id`, `date_available`, `weight`, `weight_class_id`, `length`, `width`, `height`, `length_class_id`, `subtract`, `minimum`, `sort_order`, `status`, `viewed`, `date_added`, `date_modified`) VALUES ('192', 'Model 212', '', '', '', '', '', '', '', '100', '5', 'data/journal2/no_image_large.jpg', '12', '1', '65.0000', '0', '0', '2014-04-26', '0.00000000', '1', '0.00000000', '0.00000000', '0.00000000', '1', '1', '1', '1', '1', '1589', '2014-04-27 17:19:56', '2014-05-25 11:41:05');
INSERT INTO `oc_product` (`product_id`, `model`, `sku`, `upc`, `ean`, `jan`, `isbn`, `mpn`, `location`, `quantity`, `stock_status_id`, `image`, `manufacturer_id`, `shipping`, `price`, `points`, `tax_class_id`, `date_available`, `weight`, `weight_class_id`, `length`, `width`, `height`, `length_class_id`, `subtract`, `minimum`, `sort_order`, `status`, `viewed`, `date_added`, `date_modified`) VALUES ('193', 'Model 213', '', '', '', '', '', '', '', '100', '5', 'data/journal2/no_image_large.jpg', '9', '1', '62.0000', '0', '0', '2014-04-26', '0.00000000', '1', '0.00000000', '0.00000000', '0.00000000', '1', '1', '1', '1', '1', '1508', '2014-04-27 17:32:07', '2014-05-25 11:38:42');
INSERT INTO `oc_product` (`product_id`, `model`, `sku`, `upc`, `ean`, `jan`, `isbn`, `mpn`, `location`, `quantity`, `stock_status_id`, `image`, `manufacturer_id`, `shipping`, `price`, `points`, `tax_class_id`, `date_available`, `weight`, `weight_class_id`, `length`, `width`, `height`, `length_class_id`, `subtract`, `minimum`, `sort_order`, `status`, `viewed`, `date_added`, `date_modified`) VALUES ('194', 'Model 214', '', '', '', '', '', '', '', '100', '5', 'data/journal2/no_image_large.jpg', '13', '1', '71.0000', '0', '0', '2014-04-26', '0.00000000', '1', '0.00000000', '0.00000000', '0.00000000', '1', '1', '1', '1', '1', '1496', '2014-04-27 17:35:51', '2014-08-11 16:48:08');
INSERT INTO `oc_product` (`product_id`, `model`, `sku`, `upc`, `ean`, `jan`, `isbn`, `mpn`, `location`, `quantity`, `stock_status_id`, `image`, `manufacturer_id`, `shipping`, `price`, `points`, `tax_class_id`, `date_available`, `weight`, `weight_class_id`, `length`, `width`, `height`, `length_class_id`, `subtract`, `minimum`, `sort_order`, `status`, `viewed`, `date_added`, `date_modified`) VALUES ('195', '215', '', '', '', '', '', '', '', '100', '5', 'data/journal2/no_image_large.jpg', '5', '1', '101.0000', '0', '0', '2014-04-26', '0.00000000', '1', '0.00000000', '0.00000000', '0.00000000', '1', '1', '1', '1', '1', '1492', '2014-04-27 17:42:40', '2014-05-25 11:55:22');
INSERT INTO `oc_product` (`product_id`, `model`, `sku`, `upc`, `ean`, `jan`, `isbn`, `mpn`, `location`, `quantity`, `stock_status_id`, `image`, `manufacturer_id`, `shipping`, `price`, `points`, `tax_class_id`, `date_available`, `weight`, `weight_class_id`, `length`, `width`, `height`, `length_class_id`, `subtract`, `minimum`, `sort_order`, `status`, `viewed`, `date_added`, `date_modified`) VALUES ('196', 'Model 215', '', '', '', '', '', '', '', '100', '5', 'data/journal2/no_image_large.jpg', '6', '1', '59.0000', '0', '0', '2014-04-26', '0.00000000', '1', '0.00000000', '0.00000000', '0.00000000', '1', '1', '1', '1', '1', '1464', '2014-04-27 18:03:47', '2014-05-25 11:49:06');
INSERT INTO `oc_product` (`product_id`, `model`, `sku`, `upc`, `ean`, `jan`, `isbn`, `mpn`, `location`, `quantity`, `stock_status_id`, `image`, `manufacturer_id`, `shipping`, `price`, `points`, `tax_class_id`, `date_available`, `weight`, `weight_class_id`, `length`, `width`, `height`, `length_class_id`, `subtract`, `minimum`, `sort_order`, `status`, `viewed`, `date_added`, `date_modified`) VALUES ('197', 'Model 216', '', '', '', '', '', '', '', '1', '5', 'data/journal2/no_image_large.jpg', '11', '1', '77.0000', '0', '0', '2014-04-26', '0.00000000', '1', '0.00000000', '0.00000000', '0.00000000', '1', '1', '1', '1', '1', '2658', '2014-04-27 18:20:12', '2014-05-25 11:52:11');
INSERT INTO `oc_product` (`product_id`, `model`, `sku`, `upc`, `ean`, `jan`, `isbn`, `mpn`, `location`, `quantity`, `stock_status_id`, `image`, `manufacturer_id`, `shipping`, `price`, `points`, `tax_class_id`, `date_available`, `weight`, `weight_class_id`, `length`, `width`, `height`, `length_class_id`, `subtract`, `minimum`, `sort_order`, `status`, `viewed`, `date_added`, `date_modified`) VALUES ('198', 'Model 217', '', '', '', '', '', '', '', '100', '5', 'data/journal2/no_image_large.jpg', '8', '1', '110.0000', '0', '0', '2014-04-26', '0.00000000', '1', '0.00000000', '0.00000000', '0.00000000', '1', '1', '1', '1', '1', '1514', '2014-04-27 18:31:40', '2014-05-25 11:55:02');
INSERT INTO `oc_product` (`product_id`, `model`, `sku`, `upc`, `ean`, `jan`, `isbn`, `mpn`, `location`, `quantity`, `stock_status_id`, `image`, `manufacturer_id`, `shipping`, `price`, `points`, `tax_class_id`, `date_available`, `weight`, `weight_class_id`, `length`, `width`, `height`, `length_class_id`, `subtract`, `minimum`, `sort_order`, `status`, `viewed`, `date_added`, `date_modified`) VALUES ('199', 'Model 218', '', '', '', '', '', '', '', '100', '5', 'data/journal2/no_image_large.jpg', '10', '1', '150.0000', '0', '0', '2014-04-26', '0.00000000', '1', '0.00000000', '0.00000000', '0.00000000', '1', '1', '1', '1', '1', '1432', '2014-04-27 18:35:44', '2014-05-25 11:50:19');
INSERT INTO `oc_product` (`product_id`, `model`, `sku`, `upc`, `ean`, `jan`, `isbn`, `mpn`, `location`, `quantity`, `stock_status_id`, `image`, `manufacturer_id`, `shipping`, `price`, `points`, `tax_class_id`, `date_available`, `weight`, `weight_class_id`, `length`, `width`, `height`, `length_class_id`, `subtract`, `minimum`, `sort_order`, `status`, `viewed`, `date_added`, `date_modified`) VALUES ('200', 'Model 219', '', '', '', '', '', '', '', '100', '5', 'data/journal2/no_image_large.jpg', '12', '1', '118.0000', '0', '0', '2014-04-26', '0.00000000', '1', '0.00000000', '0.00000000', '0.00000000', '1', '1', '1', '1', '1', '1603', '2014-04-27 18:40:06', '2014-08-11 16:53:00');
INSERT INTO `oc_product` (`product_id`, `model`, `sku`, `upc`, `ean`, `jan`, `isbn`, `mpn`, `location`, `quantity`, `stock_status_id`, `image`, `manufacturer_id`, `shipping`, `price`, `points`, `tax_class_id`, `date_available`, `weight`, `weight_class_id`, `length`, `width`, `height`, `length_class_id`, `subtract`, `minimum`, `sort_order`, `status`, `viewed`, `date_added`, `date_modified`) VALUES ('201', 'Model 220', '', '', '', '', '', '', '', '100', '5', 'data/journal2/no_image_large.jpg', '7', '1', '89.0000', '0', '0', '2014-04-26', '0.00000000', '1', '0.00000000', '0.00000000', '0.00000000', '1', '1', '1', '1', '1', '1568', '2014-04-27 19:05:58', '2014-05-25 12:08:04');
INSERT INTO `oc_product` (`product_id`, `model`, `sku`, `upc`, `ean`, `jan`, `isbn`, `mpn`, `location`, `quantity`, `stock_status_id`, `image`, `manufacturer_id`, `shipping`, `price`, `points`, `tax_class_id`, `date_available`, `weight`, `weight_class_id`, `length`, `width`, `height`, `length_class_id`, `subtract`, `minimum`, `sort_order`, `status`, `viewed`, `date_added`, `date_modified`) VALUES ('202', 'Model 221', '', '', '', '', '', '', '', '1', '5', 'data/journal2/no_image_large.jpg', '13', '1', '490.0000', '0', '0', '2014-04-26', '0.00000000', '1', '0.00000000', '0.00000000', '0.00000000', '1', '1', '1', '1', '1', '1443', '2014-04-27 19:14:46', '2014-08-12 18:09:29');
INSERT INTO `oc_product` (`product_id`, `model`, `sku`, `upc`, `ean`, `jan`, `isbn`, `mpn`, `location`, `quantity`, `stock_status_id`, `image`, `manufacturer_id`, `shipping`, `price`, `points`, `tax_class_id`, `date_available`, `weight`, `weight_class_id`, `length`, `width`, `height`, `length_class_id`, `subtract`, `minimum`, `sort_order`, `status`, `viewed`, `date_added`, `date_modified`) VALUES ('203', 'Model 222', '', '', '', '', '', '', '', '100', '5', 'data/journal2/no_image_large.jpg', '9', '1', '696.0000', '0', '0', '2014-04-26', '0.00000000', '1', '0.00000000', '0.00000000', '0.00000000', '1', '1', '1', '1', '1', '1490', '2014-04-27 19:18:39', '2014-05-25 12:04:14');
INSERT INTO `oc_product` (`product_id`, `model`, `sku`, `upc`, `ean`, `jan`, `isbn`, `mpn`, `location`, `quantity`, `stock_status_id`, `image`, `manufacturer_id`, `shipping`, `price`, `points`, `tax_class_id`, `date_available`, `weight`, `weight_class_id`, `length`, `width`, `height`, `length_class_id`, `subtract`, `minimum`, `sort_order`, `status`, `viewed`, `date_added`, `date_modified`) VALUES ('204', 'Model 223', '', '', '', '', '', '', '', '100', '5', 'data/journal2/no_image_large.jpg', '5', '1', '170.0000', '0', '0', '2014-04-26', '0.00000000', '1', '0.00000000', '0.00000000', '0.00000000', '1', '1', '1', '1', '1', '1407', '2014-04-27 21:05:16', '2014-05-25 12:12:45');
INSERT INTO `oc_product` (`product_id`, `model`, `sku`, `upc`, `ean`, `jan`, `isbn`, `mpn`, `location`, `quantity`, `stock_status_id`, `image`, `manufacturer_id`, `shipping`, `price`, `points`, `tax_class_id`, `date_available`, `weight`, `weight_class_id`, `length`, `width`, `height`, `length_class_id`, `subtract`, `minimum`, `sort_order`, `status`, `viewed`, `date_added`, `date_modified`) VALUES ('205', 'Model 224', '', '', '', '', '', '', '', '98', '5', 'data/journal2/no_image_large.jpg', '14', '1', '99.0000', '0', '0', '2014-04-26', '0.00000000', '1', '0.00000000', '0.00000000', '0.00000000', '1', '1', '1', '1', '1', '1546', '2014-04-27 21:08:02', '2014-08-12 18:09:48');
INSERT INTO `oc_product` (`product_id`, `model`, `sku`, `upc`, `ean`, `jan`, `isbn`, `mpn`, `location`, `quantity`, `stock_status_id`, `image`, `manufacturer_id`, `shipping`, `price`, `points`, `tax_class_id`, `date_available`, `weight`, `weight_class_id`, `length`, `width`, `height`, `length_class_id`, `subtract`, `minimum`, `sort_order`, `status`, `viewed`, `date_added`, `date_modified`) VALUES ('206', 'Model 225', '', '', '', '', '', '', '', '100', '5', 'data/journal2/no_image_large.jpg', '5', '1', '206.0000', '0', '0', '2014-04-26', '0.00000000', '1', '0.00000000', '0.00000000', '0.00000000', '1', '1', '1', '1', '1', '1419', '2014-04-27 21:11:19', '2014-05-25 12:12:14');
INSERT INTO `oc_product` (`product_id`, `model`, `sku`, `upc`, `ean`, `jan`, `isbn`, `mpn`, `location`, `quantity`, `stock_status_id`, `image`, `manufacturer_id`, `shipping`, `price`, `points`, `tax_class_id`, `date_available`, `weight`, `weight_class_id`, `length`, `width`, `height`, `length_class_id`, `subtract`, `minimum`, `sort_order`, `status`, `viewed`, `date_added`, `date_modified`) VALUES ('207', 'Model 226', '', '', '', '', '', '', '', '100', '5', 'data/journal2/no_image_large.jpg', '7', '1', '60.0000', '0', '0', '2014-04-26', '0.00000000', '1', '0.00000000', '0.00000000', '0.00000000', '1', '1', '1', '1', '1', '1603', '2014-04-27 22:02:47', '2014-05-25 13:39:20');
INSERT INTO `oc_product` (`product_id`, `model`, `sku`, `upc`, `ean`, `jan`, `isbn`, `mpn`, `location`, `quantity`, `stock_status_id`, `image`, `manufacturer_id`, `shipping`, `price`, `points`, `tax_class_id`, `date_available`, `weight`, `weight_class_id`, `length`, `width`, `height`, `length_class_id`, `subtract`, `minimum`, `sort_order`, `status`, `viewed`, `date_added`, `date_modified`) VALUES ('208', 'Model 227', '', '', '', '', '', '', '', '100', '5', 'data/journal2/no_image_large.jpg', '5', '1', '100.0000', '0', '0', '2014-04-26', '0.00000000', '1', '0.00000000', '0.00000000', '0.00000000', '1', '1', '1', '1', '1', '1397', '2014-04-27 22:07:16', '2014-08-11 16:51:43');
INSERT INTO `oc_product` (`product_id`, `model`, `sku`, `upc`, `ean`, `jan`, `isbn`, `mpn`, `location`, `quantity`, `stock_status_id`, `image`, `manufacturer_id`, `shipping`, `price`, `points`, `tax_class_id`, `date_available`, `weight`, `weight_class_id`, `length`, `width`, `height`, `length_class_id`, `subtract`, `minimum`, `sort_order`, `status`, `viewed`, `date_added`, `date_modified`) VALUES ('209', 'Model 228', '', '', '', '', '', '', '', '100', '5', 'data/journal2/no_image_large.jpg', '6', '1', '210.0000', '0', '0', '2014-04-26', '0.00000000', '1', '0.00000000', '0.00000000', '0.00000000', '1', '1', '1', '1', '1', '1376', '2014-04-27 22:11:21', '2014-05-25 13:42:15');
INSERT INTO `oc_product` (`product_id`, `model`, `sku`, `upc`, `ean`, `jan`, `isbn`, `mpn`, `location`, `quantity`, `stock_status_id`, `image`, `manufacturer_id`, `shipping`, `price`, `points`, `tax_class_id`, `date_available`, `weight`, `weight_class_id`, `length`, `width`, `height`, `length_class_id`, `subtract`, `minimum`, `sort_order`, `status`, `viewed`, `date_added`, `date_modified`) VALUES ('210', 'Model 229', '', '', '', '', '', '', '', '100', '5', 'data/journal2/no_image_large.jpg', '10', '1', '169.0000', '0', '0', '2014-04-26', '0.00000000', '1', '0.00000000', '0.00000000', '0.00000000', '1', '1', '1', '1', '1', '1399', '2014-04-27 22:15:01', '2014-05-25 13:43:07');
INSERT INTO `oc_product` (`product_id`, `model`, `sku`, `upc`, `ean`, `jan`, `isbn`, `mpn`, `location`, `quantity`, `stock_status_id`, `image`, `manufacturer_id`, `shipping`, `price`, `points`, `tax_class_id`, `date_available`, `weight`, `weight_class_id`, `length`, `width`, `height`, `length_class_id`, `subtract`, `minimum`, `sort_order`, `status`, `viewed`, `date_added`, `date_modified`) VALUES ('211', 'Model 230', '', '', '', '', '', '', '', '1', '5', 'data/journal2/no_image_large.jpg', '14', '1', '98.0000', '0', '0', '2014-04-26', '0.00000000', '1', '0.00000000', '0.00000000', '0.00000000', '1', '1', '1', '1', '1', '1453', '2014-04-27 23:57:53', '2014-08-12 18:10:07');
INSERT INTO `oc_product` (`product_id`, `model`, `sku`, `upc`, `ean`, `jan`, `isbn`, `mpn`, `location`, `quantity`, `stock_status_id`, `image`, `manufacturer_id`, `shipping`, `price`, `points`, `tax_class_id`, `date_available`, `weight`, `weight_class_id`, `length`, `width`, `height`, `length_class_id`, `subtract`, `minimum`, `sort_order`, `status`, `viewed`, `date_added`, `date_modified`) VALUES ('212', 'Model 231', '', '', '', '', '', '', '', '100', '5', 'data/journal2/no_image_large.jpg', '13', '1', '209.0000', '0', '0', '2014-04-26', '0.00000000', '1', '0.00000000', '0.00000000', '0.00000000', '1', '1', '1', '1', '1', '1441', '2014-04-28 00:00:32', '2014-05-25 13:38:35');
INSERT INTO `oc_product` (`product_id`, `model`, `sku`, `upc`, `ean`, `jan`, `isbn`, `mpn`, `location`, `quantity`, `stock_status_id`, `image`, `manufacturer_id`, `shipping`, `price`, `points`, `tax_class_id`, `date_available`, `weight`, `weight_class_id`, `length`, `width`, `height`, `length_class_id`, `subtract`, `minimum`, `sort_order`, `status`, `viewed`, `date_added`, `date_modified`) VALUES ('213', 'Model 232', '', '', '', '', '', '', '', '100', '5', 'data/journal2/no_image_large.jpg', '8', '1', '108.0000', '0', '0', '2014-04-27', '0.00000000', '1', '0.00000000', '0.00000000', '0.00000000', '1', '1', '1', '1', '1', '1629', '2014-04-28 09:48:59', '2014-05-25 13:32:46');
INSERT INTO `oc_product` (`product_id`, `model`, `sku`, `upc`, `ean`, `jan`, `isbn`, `mpn`, `location`, `quantity`, `stock_status_id`, `image`, `manufacturer_id`, `shipping`, `price`, `points`, `tax_class_id`, `date_available`, `weight`, `weight_class_id`, `length`, `width`, `height`, `length_class_id`, `subtract`, `minimum`, `sort_order`, `status`, `viewed`, `date_added`, `date_modified`) VALUES ('214', 'Model 233', '', '', '', '', '', '', '', '2', '5', 'data/journal2/no_image_large.jpg', '9', '1', '310.0000', '0', '0', '2014-04-27', '0.00000000', '1', '0.00000000', '0.00000000', '0.00000000', '1', '1', '99', '1', '1', '2117', '2014-04-28 09:52:01', '2014-05-25 13:34:11');
INSERT INTO `oc_product` (`product_id`, `model`, `sku`, `upc`, `ean`, `jan`, `isbn`, `mpn`, `location`, `quantity`, `stock_status_id`, `image`, `manufacturer_id`, `shipping`, `price`, `points`, `tax_class_id`, `date_available`, `weight`, `weight_class_id`, `length`, `width`, `height`, `length_class_id`, `subtract`, `minimum`, `sort_order`, `status`, `viewed`, `date_added`, `date_modified`) VALUES ('215', 'Model 234', '', '', '', '', '', '', '', '100', '5', 'data/journal2/no_image_large.jpg', '11', '1', '450.0000', '0', '0', '2014-04-27', '0.00000000', '1', '0.00000000', '0.00000000', '0.00000000', '1', '1', '1', '1', '1', '1395', '2014-04-28 09:55:48', '2014-05-25 13:30:47');
INSERT INTO `oc_product` (`product_id`, `model`, `sku`, `upc`, `ean`, `jan`, `isbn`, `mpn`, `location`, `quantity`, `stock_status_id`, `image`, `manufacturer_id`, `shipping`, `price`, `points`, `tax_class_id`, `date_available`, `weight`, `weight_class_id`, `length`, `width`, `height`, `length_class_id`, `subtract`, `minimum`, `sort_order`, `status`, `viewed`, `date_added`, `date_modified`) VALUES ('216', 'Model 235', '', '', '', '', '', '', '', '100', '5', 'data/journal2/no_image_large.jpg', '12', '1', '255.0000', '0', '0', '2014-04-27', '0.00000000', '1', '0.00000000', '0.00000000', '0.00000000', '1', '1', '1', '1', '1', '1559', '2014-04-28 10:00:15', '2014-05-25 13:33:27');
INSERT INTO `oc_product` (`product_id`, `model`, `sku`, `upc`, `ean`, `jan`, `isbn`, `mpn`, `location`, `quantity`, `stock_status_id`, `image`, `manufacturer_id`, `shipping`, `price`, `points`, `tax_class_id`, `date_available`, `weight`, `weight_class_id`, `length`, `width`, `height`, `length_class_id`, `subtract`, `minimum`, `sort_order`, `status`, `viewed`, `date_added`, `date_modified`) VALUES ('217', 'Model 236', '', '', '', '', '', '', '', '100', '5', 'data/journal2/no_image_large.jpg', '9', '1', '129.0000', '0', '0', '2014-04-27', '0.00000000', '1', '0.00000000', '0.00000000', '0.00000000', '1', '1', '1', '1', '1', '1446', '2014-04-28 10:09:25', '2014-05-25 13:35:00');
INSERT INTO `oc_product` (`product_id`, `model`, `sku`, `upc`, `ean`, `jan`, `isbn`, `mpn`, `location`, `quantity`, `stock_status_id`, `image`, `manufacturer_id`, `shipping`, `price`, `points`, `tax_class_id`, `date_available`, `weight`, `weight_class_id`, `length`, `width`, `height`, `length_class_id`, `subtract`, `minimum`, `sort_order`, `status`, `viewed`, `date_added`, `date_modified`) VALUES ('218', 'Model 237', '', '', '', '', '', '', '', '100', '5', 'data/journal2/no_image_large.jpg', '6', '1', '309.0000', '0', '0', '2014-04-27', '0.00000000', '1', '0.00000000', '0.00000000', '0.00000000', '1', '1', '1', '1', '1', '1434', '2014-04-28 10:12:52', '2014-08-12 18:08:56');
INSERT INTO `oc_product` (`product_id`, `model`, `sku`, `upc`, `ean`, `jan`, `isbn`, `mpn`, `location`, `quantity`, `stock_status_id`, `image`, `manufacturer_id`, `shipping`, `price`, `points`, `tax_class_id`, `date_available`, `weight`, `weight_class_id`, `length`, `width`, `height`, `length_class_id`, `subtract`, `minimum`, `sort_order`, `status`, `viewed`, `date_added`, `date_modified`) VALUES ('219', 'Model 238', '', '', '', '', '', '', '', '100', '5', 'data/journal2/no_image_large.jpg', '10', '1', '297.0000', '0', '0', '2014-04-27', '0.00000000', '1', '0.00000000', '0.00000000', '0.00000000', '1', '1', '1', '1', '1', '1401', '2014-04-28 10:15:20', '2014-05-25 13:29:52');
INSERT INTO `oc_product` (`product_id`, `model`, `sku`, `upc`, `ean`, `jan`, `isbn`, `mpn`, `location`, `quantity`, `stock_status_id`, `image`, `manufacturer_id`, `shipping`, `price`, `points`, `tax_class_id`, `date_available`, `weight`, `weight_class_id`, `length`, `width`, `height`, `length_class_id`, `subtract`, `minimum`, `sort_order`, `status`, `viewed`, `date_added`, `date_modified`) VALUES ('220', 'Model 239', '', '', '', '', '', '', '', '100', '5', 'data/journal2/no_image_large.jpg', '12', '1', '60.0000', '0', '0', '2014-04-27', '0.00000000', '1', '0.00000000', '0.00000000', '0.00000000', '1', '1', '1', '1', '1', '1558', '2014-04-28 15:10:06', '2014-05-25 13:48:00');
INSERT INTO `oc_product` (`product_id`, `model`, `sku`, `upc`, `ean`, `jan`, `isbn`, `mpn`, `location`, `quantity`, `stock_status_id`, `image`, `manufacturer_id`, `shipping`, `price`, `points`, `tax_class_id`, `date_available`, `weight`, `weight_class_id`, `length`, `width`, `height`, `length_class_id`, `subtract`, `minimum`, `sort_order`, `status`, `viewed`, `date_added`, `date_modified`) VALUES ('221', 'Model 240', '', '', '', '', '', '', '', '100', '5', 'data/journal2/no_image_large.jpg', '8', '1', '35.0000', '0', '0', '2014-04-27', '0.00000000', '1', '0.00000000', '0.00000000', '0.00000000', '1', '1', '1', '1', '1', '1651', '2014-04-28 15:17:22', '2014-05-25 13:46:57');
INSERT INTO `oc_product` (`product_id`, `model`, `sku`, `upc`, `ean`, `jan`, `isbn`, `mpn`, `location`, `quantity`, `stock_status_id`, `image`, `manufacturer_id`, `shipping`, `price`, `points`, `tax_class_id`, `date_available`, `weight`, `weight_class_id`, `length`, `width`, `height`, `length_class_id`, `subtract`, `minimum`, `sort_order`, `status`, `viewed`, `date_added`, `date_modified`) VALUES ('222', 'Model 241', '', '', '', '', '', '', '', '92', '5', 'data/journal2/no_image_large.jpg', '10', '1', '520.0000', '0', '0', '2014-04-27', '0.00000000', '1', '0.00000000', '0.00000000', '0.00000000', '1', '1', '1', '1', '1', '1522', '2014-04-28 15:24:01', '2014-08-11 16:43:11');
INSERT INTO `oc_product` (`product_id`, `model`, `sku`, `upc`, `ean`, `jan`, `isbn`, `mpn`, `location`, `quantity`, `stock_status_id`, `image`, `manufacturer_id`, `shipping`, `price`, `points`, `tax_class_id`, `date_available`, `weight`, `weight_class_id`, `length`, `width`, `height`, `length_class_id`, `subtract`, `minimum`, `sort_order`, `status`, `viewed`, `date_added`, `date_modified`) VALUES ('223', 'Model 242', '', '', '', '', '', '', '', '100', '5', 'data/journal2/no_image_large.jpg', '11', '1', '137.0000', '0', '0', '2014-04-27', '0.00000000', '1', '0.00000000', '0.00000000', '0.00000000', '1', '1', '1', '1', '1', '1443', '2014-04-28 15:36:38', '2014-05-25 13:45:02');
INSERT INTO `oc_product` (`product_id`, `model`, `sku`, `upc`, `ean`, `jan`, `isbn`, `mpn`, `location`, `quantity`, `stock_status_id`, `image`, `manufacturer_id`, `shipping`, `price`, `points`, `tax_class_id`, `date_available`, `weight`, `weight_class_id`, `length`, `width`, `height`, `length_class_id`, `subtract`, `minimum`, `sort_order`, `status`, `viewed`, `date_added`, `date_modified`) VALUES ('224', 'Model 243', '', '', '', '', '', '', '', '1', '5', 'data/journal2/no_image_large.jpg', '8', '1', '191.0000', '0', '0', '2014-04-27', '0.00000000', '1', '0.00000000', '0.00000000', '0.00000000', '1', '1', '1', '1', '1', '1653', '2014-04-28 15:39:24', '2014-05-25 13:46:09');
INSERT INTO `oc_product` (`product_id`, `model`, `sku`, `upc`, `ean`, `jan`, `isbn`, `mpn`, `location`, `quantity`, `stock_status_id`, `image`, `manufacturer_id`, `shipping`, `price`, `points`, `tax_class_id`, `date_available`, `weight`, `weight_class_id`, `length`, `width`, `height`, `length_class_id`, `subtract`, `minimum`, `sort_order`, `status`, `viewed`, `date_added`, `date_modified`) VALUES ('225', 'Model 244', '', '', '', '', '', '', '', '100', '5', 'data/journal2/no_image_large.jpg', '6', '1', '380.0000', '0', '0', '2014-04-27', '0.00000000', '1', '0.00000000', '0.00000000', '0.00000000', '1', '1', '1', '1', '1', '1380', '2014-04-28 20:56:56', '2014-05-25 10:45:59');
INSERT INTO `oc_product` (`product_id`, `model`, `sku`, `upc`, `ean`, `jan`, `isbn`, `mpn`, `location`, `quantity`, `stock_status_id`, `image`, `manufacturer_id`, `shipping`, `price`, `points`, `tax_class_id`, `date_available`, `weight`, `weight_class_id`, `length`, `width`, `height`, `length_class_id`, `subtract`, `minimum`, `sort_order`, `status`, `viewed`, `date_added`, `date_modified`) VALUES ('226', 'Model 245', '', '', '', '', '', '', '', '100', '5', 'data/journal2/no_image_large.jpg', '7', '1', '519.0000', '0', '0', '2014-04-27', '0.00000000', '1', '0.00000000', '0.00000000', '0.00000000', '1', '1', '1', '1', '1', '1596', '2014-04-28 21:02:46', '2014-08-11 16:46:45');
INSERT INTO `oc_product` (`product_id`, `model`, `sku`, `upc`, `ean`, `jan`, `isbn`, `mpn`, `location`, `quantity`, `stock_status_id`, `image`, `manufacturer_id`, `shipping`, `price`, `points`, `tax_class_id`, `date_available`, `weight`, `weight_class_id`, `length`, `width`, `height`, `length_class_id`, `subtract`, `minimum`, `sort_order`, `status`, `viewed`, `date_added`, `date_modified`) VALUES ('227', 'Model 246', '', '', '', '', '', '', '', '100', '5', 'data/journal2/no_image_large.jpg', '5', '1', '66.0000', '0', '0', '2014-04-27', '0.00000000', '1', '0.00000000', '0.00000000', '0.00000000', '1', '1', '1', '1', '1', '1415', '2014-04-28 21:12:34', '2014-05-25 10:43:14');
INSERT INTO `oc_product` (`product_id`, `model`, `sku`, `upc`, `ean`, `jan`, `isbn`, `mpn`, `location`, `quantity`, `stock_status_id`, `image`, `manufacturer_id`, `shipping`, `price`, `points`, `tax_class_id`, `date_available`, `weight`, `weight_class_id`, `length`, `width`, `height`, `length_class_id`, `subtract`, `minimum`, `sort_order`, `status`, `viewed`, `date_added`, `date_modified`) VALUES ('228', 'Model 247', '', '', '', '', '', '', '', '100', '5', 'data/journal2/no_image_large.jpg', '13', '1', '308.0000', '0', '0', '2014-04-27', '0.00000000', '1', '0.00000000', '0.00000000', '0.00000000', '1', '1', '1', '1', '1', '1433', '2014-04-28 21:18:23', '2014-05-25 12:02:10');
INSERT INTO `oc_product` (`product_id`, `model`, `sku`, `upc`, `ean`, `jan`, `isbn`, `mpn`, `location`, `quantity`, `stock_status_id`, `image`, `manufacturer_id`, `shipping`, `price`, `points`, `tax_class_id`, `date_available`, `weight`, `weight_class_id`, `length`, `width`, `height`, `length_class_id`, `subtract`, `minimum`, `sort_order`, `status`, `viewed`, `date_added`, `date_modified`) VALUES ('229', 'Model 248', '', '', '', '', '', '', '', '100', '5', 'data/journal2/no_image_large.jpg', '14', '1', '102.0000', '0', '0', '2014-04-27', '0.00000000', '1', '0.00000000', '0.00000000', '0.00000000', '1', '1', '1', '1', '1', '1455', '2014-04-28 21:26:49', '2014-05-25 10:42:08');
INSERT INTO `oc_product` (`product_id`, `model`, `sku`, `upc`, `ean`, `jan`, `isbn`, `mpn`, `location`, `quantity`, `stock_status_id`, `image`, `manufacturer_id`, `shipping`, `price`, `points`, `tax_class_id`, `date_available`, `weight`, `weight_class_id`, `length`, `width`, `height`, `length_class_id`, `subtract`, `minimum`, `sort_order`, `status`, `viewed`, `date_added`, `date_modified`) VALUES ('230', 'Model 249', '', '', '', '', '', '', '', '1', '5', 'data/journal2/no_image_large.jpg', '9', '1', '259.0000', '0', '0', '2014-04-27', '0.00000000', '1', '0.00000000', '0.00000000', '0.00000000', '1', '1', '1', '1', '1', '1518', '2014-04-28 21:35:18', '2014-08-11 16:46:12');
INSERT INTO `oc_product` (`product_id`, `model`, `sku`, `upc`, `ean`, `jan`, `isbn`, `mpn`, `location`, `quantity`, `stock_status_id`, `image`, `manufacturer_id`, `shipping`, `price`, `points`, `tax_class_id`, `date_available`, `weight`, `weight_class_id`, `length`, `width`, `height`, `length_class_id`, `subtract`, `minimum`, `sort_order`, `status`, `viewed`, `date_added`, `date_modified`) VALUES ('231', 'Model 250', '', '', '', '', '', '', '', '100', '5', 'data/journal2/no_image_large.jpg', '12', '1', '820.0000', '0', '0', '2014-04-27', '0.00000000', '1', '0.00000000', '0.00000000', '0.00000000', '1', '1', '1', '1', '1', '1528', '2014-04-28 22:45:23', '2014-05-25 11:12:56');
INSERT INTO `oc_product` (`product_id`, `model`, `sku`, `upc`, `ean`, `jan`, `isbn`, `mpn`, `location`, `quantity`, `stock_status_id`, `image`, `manufacturer_id`, `shipping`, `price`, `points`, `tax_class_id`, `date_available`, `weight`, `weight_class_id`, `length`, `width`, `height`, `length_class_id`, `subtract`, `minimum`, `sort_order`, `status`, `viewed`, `date_added`, `date_modified`) VALUES ('232', 'Model 251', '', '', '', '', '', '', '', '100', '5', 'data/journal2/no_image_large.jpg', '9', '1', '549.0000', '0', '0', '2014-04-27', '0.00000000', '1', '0.00000000', '0.00000000', '0.00000000', '1', '1', '1', '1', '1', '1457', '2014-04-28 22:48:38', '2014-05-25 11:19:28');
INSERT INTO `oc_product` (`product_id`, `model`, `sku`, `upc`, `ean`, `jan`, `isbn`, `mpn`, `location`, `quantity`, `stock_status_id`, `image`, `manufacturer_id`, `shipping`, `price`, `points`, `tax_class_id`, `date_available`, `weight`, `weight_class_id`, `length`, `width`, `height`, `length_class_id`, `subtract`, `minimum`, `sort_order`, `status`, `viewed`, `date_added`, `date_modified`) VALUES ('233', 'Model 252', '', '', '', '', '', '', '', '21', '5', 'data/journal2/no_image_large.jpg', '13', '1', '629.0000', '0', '0', '2014-04-28', '0.00000000', '1', '0.00000000', '0.00000000', '0.00000000', '1', '1', '1', '1', '1', '1497', '2014-04-29 09:26:58', '2014-08-11 16:53:29');
INSERT INTO `oc_product` (`product_id`, `model`, `sku`, `upc`, `ean`, `jan`, `isbn`, `mpn`, `location`, `quantity`, `stock_status_id`, `image`, `manufacturer_id`, `shipping`, `price`, `points`, `tax_class_id`, `date_available`, `weight`, `weight_class_id`, `length`, `width`, `height`, `length_class_id`, `subtract`, `minimum`, `sort_order`, `status`, `viewed`, `date_added`, `date_modified`) VALUES ('234', 'Model 254', '', '', '', '', '', '', '', '100', '5', 'data/journal2/no_image_large.jpg', '11', '1', '710.0000', '0', '0', '2014-04-28', '0.00000000', '1', '0.00000000', '0.00000000', '0.00000000', '1', '1', '1', '1', '1', '1436', '2014-04-29 09:43:45', '2014-05-25 11:00:25');
INSERT INTO `oc_product` (`product_id`, `model`, `sku`, `upc`, `ean`, `jan`, `isbn`, `mpn`, `location`, `quantity`, `stock_status_id`, `image`, `manufacturer_id`, `shipping`, `price`, `points`, `tax_class_id`, `date_available`, `weight`, `weight_class_id`, `length`, `width`, `height`, `length_class_id`, `subtract`, `minimum`, `sort_order`, `status`, `viewed`, `date_added`, `date_modified`) VALUES ('235', 'Model 255', '', '', '', '', '', '', '', '95', '5', 'data/journal2/no_image_large.jpg', '8', '1', '499.0000', '0', '0', '2014-04-28', '0.00000000', '1', '0.00000000', '0.00000000', '0.00000000', '1', '1', '1', '1', '1', '1694', '2014-04-29 09:47:39', '2014-08-11 16:45:41');
INSERT INTO `oc_product` (`product_id`, `model`, `sku`, `upc`, `ean`, `jan`, `isbn`, `mpn`, `location`, `quantity`, `stock_status_id`, `image`, `manufacturer_id`, `shipping`, `price`, `points`, `tax_class_id`, `date_available`, `weight`, `weight_class_id`, `length`, `width`, `height`, `length_class_id`, `subtract`, `minimum`, `sort_order`, `status`, `viewed`, `date_added`, `date_modified`) VALUES ('236', 'Model 256', '', '', '', '', '', '', '', '100', '5', 'data/journal2/no_image_large.jpg', '10', '1', '545.0000', '0', '0', '2014-04-28', '0.00000000', '1', '0.00000000', '0.00000000', '0.00000000', '1', '1', '1', '1', '1', '1439', '2014-04-29 10:18:39', '2014-05-25 10:57:12');
INSERT INTO `oc_product` (`product_id`, `model`, `sku`, `upc`, `ean`, `jan`, `isbn`, `mpn`, `location`, `quantity`, `stock_status_id`, `image`, `manufacturer_id`, `shipping`, `price`, `points`, `tax_class_id`, `date_available`, `weight`, `weight_class_id`, `length`, `width`, `height`, `length_class_id`, `subtract`, `minimum`, `sort_order`, `status`, `viewed`, `date_added`, `date_modified`) VALUES ('237', 'Model 260', '', '', '', '', '', '', '', '95', '5', 'data/journal2/no_image_large.jpg', '9', '1', '1490.0000', '0', '0', '2014-04-29', '0.00000000', '1', '0.00000000', '0.00000000', '0.00000000', '1', '1', '1', '1', '1', '6589', '2014-04-30 14:00:50', '2014-08-11 16:42:12');
INSERT INTO `oc_product` (`product_id`, `model`, `sku`, `upc`, `ean`, `jan`, `isbn`, `mpn`, `location`, `quantity`, `stock_status_id`, `image`, `manufacturer_id`, `shipping`, `price`, `points`, `tax_class_id`, `date_available`, `weight`, `weight_class_id`, `length`, `width`, `height`, `length_class_id`, `subtract`, `minimum`, `sort_order`, `status`, `viewed`, `date_added`, `date_modified`) VALUES ('238', 'Model 261', '', '', '', '', '', '', '', '91', '5', 'data/journal2/no_image_large.jpg', '12', '1', '569.0000', '0', '0', '2014-04-29', '0.00000000', '1', '0.00000000', '0.00000000', '0.00000000', '1', '1', '1', '1', '1', '5970', '2014-04-30 14:08:53', '2014-08-11 16:36:20');
INSERT INTO `oc_product` (`product_id`, `model`, `sku`, `upc`, `ean`, `jan`, `isbn`, `mpn`, `location`, `quantity`, `stock_status_id`, `image`, `manufacturer_id`, `shipping`, `price`, `points`, `tax_class_id`, `date_available`, `weight`, `weight_class_id`, `length`, `width`, `height`, `length_class_id`, `subtract`, `minimum`, `sort_order`, `status`, `viewed`, `date_added`, `date_modified`) VALUES ('239', 'Model 262', '', '', '', '', '', '', '', '100', '5', 'data/journal2/no_image_large.jpg', '13', '1', '259.0000', '0', '0', '2014-04-29', '0.00000000', '1', '0.00000000', '0.00000000', '0.00000000', '1', '1', '1', '1', '1', '3258', '2014-04-30 14:24:00', '2014-08-11 16:54:02');
INSERT INTO `oc_product` (`product_id`, `model`, `sku`, `upc`, `ean`, `jan`, `isbn`, `mpn`, `location`, `quantity`, `stock_status_id`, `image`, `manufacturer_id`, `shipping`, `price`, `points`, `tax_class_id`, `date_available`, `weight`, `weight_class_id`, `length`, `width`, `height`, `length_class_id`, `subtract`, `minimum`, `sort_order`, `status`, `viewed`, `date_added`, `date_modified`) VALUES ('240', 'Model 263', '', '', '', '', '', '', '', '99', '5', 'data/journal2/no_image_large.jpg', '7', '1', '201.0000', '0', '0', '2014-04-29', '0.00000000', '1', '0.00000000', '0.00000000', '0.00000000', '1', '1', '1', '1', '1', '3725', '2014-04-30 14:29:05', '2014-05-22 15:41:09');
INSERT INTO `oc_product` (`product_id`, `model`, `sku`, `upc`, `ean`, `jan`, `isbn`, `mpn`, `location`, `quantity`, `stock_status_id`, `image`, `manufacturer_id`, `shipping`, `price`, `points`, `tax_class_id`, `date_available`, `weight`, `weight_class_id`, `length`, `width`, `height`, `length_class_id`, `subtract`, `minimum`, `sort_order`, `status`, `viewed`, `date_added`, `date_modified`) VALUES ('251', 'Model 300', '', '', '', '', '', '', '', '81', '5', 'data/journal2/no_image_large.jpg', '13', '1', '219.0000', '0', '0', '2014-05-07', '0.00000000', '1', '0.00000000', '0.00000000', '0.00000000', '1', '1', '1', '1', '1', '3254', '2014-05-08 14:22:28', '2014-08-11 16:50:38');
INSERT INTO `oc_product` (`product_id`, `model`, `sku`, `upc`, `ean`, `jan`, `isbn`, `mpn`, `location`, `quantity`, `stock_status_id`, `image`, `manufacturer_id`, `shipping`, `price`, `points`, `tax_class_id`, `date_available`, `weight`, `weight_class_id`, `length`, `width`, `height`, `length_class_id`, `subtract`, `minimum`, `sort_order`, `status`, `viewed`, `date_added`, `date_modified`) VALUES ('252', 'Model 301', '', '', '', '', '', '', '', '99', '5', 'data/journal2/no_image_large.jpg', '6', '1', '307.0000', '0', '0', '2014-05-07', '0.00000000', '1', '0.00000000', '0.00000000', '0.00000000', '1', '1', '1', '1', '1', '3298', '2014-05-08 14:26:41', '2014-05-22 15:00:11');
INSERT INTO `oc_product` (`product_id`, `model`, `sku`, `upc`, `ean`, `jan`, `isbn`, `mpn`, `location`, `quantity`, `stock_status_id`, `image`, `manufacturer_id`, `shipping`, `price`, `points`, `tax_class_id`, `date_available`, `weight`, `weight_class_id`, `length`, `width`, `height`, `length_class_id`, `subtract`, `minimum`, `sort_order`, `status`, `viewed`, `date_added`, `date_modified`) VALUES ('254', 'Model 309', '', '', '', '', '', '', '', '94', '5', 'data/journal2/no_image_large.jpg', '7', '1', '110.0000', '0', '0', '2014-05-21', '0.00000000', '1', '0.00000000', '0.00000000', '0.00000000', '1', '1', '1', '1', '1', '5448', '2014-05-22 12:36:44', '2014-08-11 16:36:00');
INSERT INTO `oc_product` (`product_id`, `model`, `sku`, `upc`, `ean`, `jan`, `isbn`, `mpn`, `location`, `quantity`, `stock_status_id`, `image`, `manufacturer_id`, `shipping`, `price`, `points`, `tax_class_id`, `date_available`, `weight`, `weight_class_id`, `length`, `width`, `height`, `length_class_id`, `subtract`, `minimum`, `sort_order`, `status`, `viewed`, `date_added`, `date_modified`) VALUES ('255', 'Model 310', '', '', '', '', '', '', '', '98', '5', 'data/journal2/no_image_large.jpg', '10', '1', '329.0000', '0', '0', '2014-05-21', '0.00000000', '1', '0.00000000', '0.00000000', '0.00000000', '1', '1', '1', '1', '1', '3278', '2014-05-22 14:22:03', '2014-05-22 15:44:55');
INSERT INTO `oc_product` (`product_id`, `model`, `sku`, `upc`, `ean`, `jan`, `isbn`, `mpn`, `location`, `quantity`, `stock_status_id`, `image`, `manufacturer_id`, `shipping`, `price`, `points`, `tax_class_id`, `date_available`, `weight`, `weight_class_id`, `length`, `width`, `height`, `length_class_id`, `subtract`, `minimum`, `sort_order`, `status`, `viewed`, `date_added`, `date_modified`) VALUES ('256', 'Model 340', '', '', '', '', '', '', '', '100', '5', 'data/journal2/no_image_large.jpg', '13', '1', '534.0000', '0', '0', '2014-03-31', '0.00000000', '1', '0.00000000', '0.00000000', '0.00000000', '1', '1', '1', '1', '1', '1695', '2014-05-28 22:35:13', '2014-05-29 16:08:23');
INSERT INTO `oc_product` (`product_id`, `model`, `sku`, `upc`, `ean`, `jan`, `isbn`, `mpn`, `location`, `quantity`, `stock_status_id`, `image`, `manufacturer_id`, `shipping`, `price`, `points`, `tax_class_id`, `date_available`, `weight`, `weight_class_id`, `length`, `width`, `height`, `length_class_id`, `subtract`, `minimum`, `sort_order`, `status`, `viewed`, `date_added`, `date_modified`) VALUES ('257', 'Model 341', '', '', '', '', '', '', '', '99', '5', 'data/journal2/no_image_large.jpg', '14', '1', '387.0000', '0', '0', '2014-03-31', '0.00000000', '1', '0.00000000', '0.00000000', '0.00000000', '1', '1', '1', '1', '1', '2069', '2014-05-28 22:46:38', '2014-05-29 16:02:02');
INSERT INTO `oc_product` (`product_id`, `model`, `sku`, `upc`, `ean`, `jan`, `isbn`, `mpn`, `location`, `quantity`, `stock_status_id`, `image`, `manufacturer_id`, `shipping`, `price`, `points`, `tax_class_id`, `date_available`, `weight`, `weight_class_id`, `length`, `width`, `height`, `length_class_id`, `subtract`, `minimum`, `sort_order`, `status`, `viewed`, `date_added`, `date_modified`) VALUES ('258', 'Model 342', '', '', '', '', '', '', '', '100', '5', 'data/journal2/no_image_large.jpg', '12', '1', '399.0000', '0', '0', '2014-03-31', '0.00000000', '1', '0.00000000', '0.00000000', '0.00000000', '1', '1', '1', '1', '1', '1786', '2014-05-28 22:53:00', '2014-08-11 16:49:57');
INSERT INTO `oc_product` (`product_id`, `model`, `sku`, `upc`, `ean`, `jan`, `isbn`, `mpn`, `location`, `quantity`, `stock_status_id`, `image`, `manufacturer_id`, `shipping`, `price`, `points`, `tax_class_id`, `date_available`, `weight`, `weight_class_id`, `length`, `width`, `height`, `length_class_id`, `subtract`, `minimum`, `sort_order`, `status`, `viewed`, `date_added`, `date_modified`) VALUES ('259', 'Model 343', '', '', '', '', '', '', '', '99', '5', 'data/journal2/no_image_large.jpg', '7', '1', '870.0000', '0', '0', '2014-03-31', '0.00000000', '1', '0.00000000', '0.00000000', '0.00000000', '1', '1', '1', '1', '1', '1347', '2014-05-28 23:02:49', '2014-05-29 15:59:43');
INSERT INTO `oc_product` (`product_id`, `model`, `sku`, `upc`, `ean`, `jan`, `isbn`, `mpn`, `location`, `quantity`, `stock_status_id`, `image`, `manufacturer_id`, `shipping`, `price`, `points`, `tax_class_id`, `date_available`, `weight`, `weight_class_id`, `length`, `width`, `height`, `length_class_id`, `subtract`, `minimum`, `sort_order`, `status`, `viewed`, `date_added`, `date_modified`) VALUES ('260', 'Model 344', '', '', '', '', '', '', '', '100', '5', 'data/journal2/no_image_large.jpg', '14', '1', '870.0000', '0', '0', '2014-03-31', '0.00000000', '1', '0.00000000', '0.00000000', '0.00000000', '1', '1', '1', '1', '1', '1929', '2014-05-28 23:07:01', '2014-05-29 16:02:45');
INSERT INTO `oc_product` (`product_id`, `model`, `sku`, `upc`, `ean`, `jan`, `isbn`, `mpn`, `location`, `quantity`, `stock_status_id`, `image`, `manufacturer_id`, `shipping`, `price`, `points`, `tax_class_id`, `date_available`, `weight`, `weight_class_id`, `length`, `width`, `height`, `length_class_id`, `subtract`, `minimum`, `sort_order`, `status`, `viewed`, `date_added`, `date_modified`) VALUES ('261', 'Model 345', '', '', '', '', '', '', '', '100', '5', 'data/journal2/no_image_large.jpg', '14', '1', '799.0000', '0', '0', '2014-03-31', '0.00000000', '1', '0.00000000', '0.00000000', '0.00000000', '1', '1', '1', '1', '1', '1891', '2014-05-28 23:10:44', '2014-05-29 16:04:44');
INSERT INTO `oc_product` (`product_id`, `model`, `sku`, `upc`, `ean`, `jan`, `isbn`, `mpn`, `location`, `quantity`, `stock_status_id`, `image`, `manufacturer_id`, `shipping`, `price`, `points`, `tax_class_id`, `date_available`, `weight`, `weight_class_id`, `length`, `width`, `height`, `length_class_id`, `subtract`, `minimum`, `sort_order`, `status`, `viewed`, `date_added`, `date_modified`) VALUES ('262', 'Model 350', '', '', '', '', '', '', '', '100', '5', 'data/journal2/no_image_large.jpg', '10', '1', '979.0000', '0', '0', '2014-03-31', '0.00000000', '1', '0.00000000', '0.00000000', '0.00000000', '1', '1', '1', '1', '1', '1926', '2014-05-28 23:15:13', '2014-08-11 16:48:36');
INSERT INTO `oc_product` (`product_id`, `model`, `sku`, `upc`, `ean`, `jan`, `isbn`, `mpn`, `location`, `quantity`, `stock_status_id`, `image`, `manufacturer_id`, `shipping`, `price`, `points`, `tax_class_id`, `date_available`, `weight`, `weight_class_id`, `length`, `width`, `height`, `length_class_id`, `subtract`, `minimum`, `sort_order`, `status`, `viewed`, `date_added`, `date_modified`) VALUES ('263', 'Model 347', '', '', '', '', '', '', '', '100', '5', 'data/journal2/no_image_large.jpg', '8', '1', '235.0000', '0', '0', '2014-03-31', '0.00000000', '1', '0.00000000', '0.00000000', '0.00000000', '1', '1', '1', '1', '1', '2112', '2014-05-29 12:13:05', '2014-08-11 16:47:39');
INSERT INTO `oc_product` (`product_id`, `model`, `sku`, `upc`, `ean`, `jan`, `isbn`, `mpn`, `location`, `quantity`, `stock_status_id`, `image`, `manufacturer_id`, `shipping`, `price`, `points`, `tax_class_id`, `date_available`, `weight`, `weight_class_id`, `length`, `width`, `height`, `length_class_id`, `subtract`, `minimum`, `sort_order`, `status`, `viewed`, `date_added`, `date_modified`) VALUES ('264', 'Model 343', '', '', '', '', '', '', '', '99', '5', 'data/journal2/no_image_large.jpg', '11', '1', '7450.0000', '0', '0', '2014-03-31', '0.00000000', '1', '0.00000000', '0.00000000', '0.00000000', '1', '1', '1', '1', '1', '2768', '2014-05-29 12:27:59', '2014-05-29 16:07:53');
INSERT INTO `oc_product` (`product_id`, `model`, `sku`, `upc`, `ean`, `jan`, `isbn`, `mpn`, `location`, `quantity`, `stock_status_id`, `image`, `manufacturer_id`, `shipping`, `price`, `points`, `tax_class_id`, `date_available`, `weight`, `weight_class_id`, `length`, `width`, `height`, `length_class_id`, `subtract`, `minimum`, `sort_order`, `status`, `viewed`, `date_added`, `date_modified`) VALUES ('265', 'Model 348', '', '', '', '', '', '', '', '100', '5', 'data/journal2/no_image_large.jpg', '12', '1', '799.0000', '0', '0', '2014-03-31', '0.00000000', '1', '0.00000000', '0.00000000', '0.00000000', '1', '1', '1', '1', '1', '2377', '2014-05-29 12:39:00', '2014-05-29 16:01:04');
INSERT INTO `oc_product` (`product_id`, `model`, `sku`, `upc`, `ean`, `jan`, `isbn`, `mpn`, `location`, `quantity`, `stock_status_id`, `image`, `manufacturer_id`, `shipping`, `price`, `points`, `tax_class_id`, `date_available`, `weight`, `weight_class_id`, `length`, `width`, `height`, `length_class_id`, `subtract`, `minimum`, `sort_order`, `status`, `viewed`, `date_added`, `date_modified`) VALUES ('266', 'Model 351', '', '', '', '', '', '', '', '100', '5', 'data/journal2/no_image_large.jpg', '12', '1', '540.0000', '0', '0', '2014-03-31', '0.00000000', '1', '0.00000000', '0.00000000', '0.00000000', '1', '1', '1', '1', '1', '1331', '2014-05-29 12:48:22', '2014-05-29 15:59:04');
INSERT INTO `oc_product` (`product_id`, `model`, `sku`, `upc`, `ean`, `jan`, `isbn`, `mpn`, `location`, `quantity`, `stock_status_id`, `image`, `manufacturer_id`, `shipping`, `price`, `points`, `tax_class_id`, `date_available`, `weight`, `weight_class_id`, `length`, `width`, `height`, `length_class_id`, `subtract`, `minimum`, `sort_order`, `status`, `viewed`, `date_added`, `date_modified`) VALUES ('267', 'Model 351', '', '', '', '', '', '', '', '99', '5', 'data/journal2/no_image_large.jpg', '9', '1', '353.0000', '0', '0', '2014-03-31', '0.00000000', '1', '0.00000000', '0.00000000', '0.00000000', '1', '1', '1', '1', '1', '1847', '2014-05-29 12:57:15', '2014-05-29 16:06:57');
INSERT INTO `oc_product` (`product_id`, `model`, `sku`, `upc`, `ean`, `jan`, `isbn`, `mpn`, `location`, `quantity`, `stock_status_id`, `image`, `manufacturer_id`, `shipping`, `price`, `points`, `tax_class_id`, `date_available`, `weight`, `weight_class_id`, `length`, `width`, `height`, `length_class_id`, `subtract`, `minimum`, `sort_order`, `status`, `viewed`, `date_added`, `date_modified`) VALUES ('268', 'Model 354', '', '', '', '', '', '', '', '99', '5', 'data/journal2/no_image_large.jpg', '13', '1', '559.0000', '0', '0', '2014-03-31', '0.00000000', '1', '0.00000000', '0.00000000', '0.00000000', '1', '1', '1', '1', '1', '1486', '2014-05-29 13:05:24', '2014-05-29 16:01:27');
INSERT INTO `oc_product` (`product_id`, `model`, `sku`, `upc`, `ean`, `jan`, `isbn`, `mpn`, `location`, `quantity`, `stock_status_id`, `image`, `manufacturer_id`, `shipping`, `price`, `points`, `tax_class_id`, `date_available`, `weight`, `weight_class_id`, `length`, `width`, `height`, `length_class_id`, `subtract`, `minimum`, `sort_order`, `status`, `viewed`, `date_added`, `date_modified`) VALUES ('269', 'Model 355', '', '', '', '', '', '', '', '0', '5', 'data/journal2/no_image_large.jpg', '7', '1', '779.0000', '0', '0', '2014-03-31', '0.00000000', '1', '0.00000000', '0.00000000', '0.00000000', '1', '1', '1', '1', '1', '5003', '2014-05-29 14:07:52', '2014-08-18 11:47:29');
INSERT INTO `oc_product` (`product_id`, `model`, `sku`, `upc`, `ean`, `jan`, `isbn`, `mpn`, `location`, `quantity`, `stock_status_id`, `image`, `manufacturer_id`, `shipping`, `price`, `points`, `tax_class_id`, `date_available`, `weight`, `weight_class_id`, `length`, `width`, `height`, `length_class_id`, `subtract`, `minimum`, `sort_order`, `status`, `viewed`, `date_added`, `date_modified`) VALUES ('270', 'Model 356', '', '', '', '', '', '', '', '72', '5', 'data/journal2/no_image_large.jpg', '8', '1', '559.0000', '0', '0', '2014-03-31', '0.00000000', '1', '0.00000000', '0.00000000', '0.00000000', '1', '1', '1', '1', '1', '5315', '2014-05-29 14:18:04', '2014-08-18 11:47:00');
INSERT INTO `oc_product` (`product_id`, `model`, `sku`, `upc`, `ean`, `jan`, `isbn`, `mpn`, `location`, `quantity`, `stock_status_id`, `image`, `manufacturer_id`, `shipping`, `price`, `points`, `tax_class_id`, `date_available`, `weight`, `weight_class_id`, `length`, `width`, `height`, `length_class_id`, `subtract`, `minimum`, `sort_order`, `status`, `viewed`, `date_added`, `date_modified`) VALUES ('271', 'Model 357', '', '', '', '', '', '', '', '54', '5', 'data/journal2/no_image_large.jpg', '11', '1', '397.0000', '0', '0', '2014-03-31', '0.00000000', '1', '0.00000000', '0.00000000', '0.00000000', '1', '1', '1', '1', '1', '7433', '2014-05-29 14:27:07', '2014-08-18 11:46:11');
INSERT INTO `oc_product` (`product_id`, `model`, `sku`, `upc`, `ean`, `jan`, `isbn`, `mpn`, `location`, `quantity`, `stock_status_id`, `image`, `manufacturer_id`, `shipping`, `price`, `points`, `tax_class_id`, `date_available`, `weight`, `weight_class_id`, `length`, `width`, `height`, `length_class_id`, `subtract`, `minimum`, `sort_order`, `status`, `viewed`, `date_added`, `date_modified`) VALUES ('272', 'Model 358', '', '', '', '', '', '', '', '55', '5', 'data/journal2/no_image_large.jpg', '10', '1', '3010.0000', '22', '0', '2014-03-31', '0.00000000', '1', '0.00000000', '0.00000000', '0.00000000', '1', '1', '1', '1', '1', '7861', '2014-05-29 14:33:49', '2015-05-26 10:10:38');
INSERT INTO `oc_product` (`product_id`, `model`, `sku`, `upc`, `ean`, `jan`, `isbn`, `mpn`, `location`, `quantity`, `stock_status_id`, `image`, `manufacturer_id`, `shipping`, `price`, `points`, `tax_class_id`, `date_available`, `weight`, `weight_class_id`, `length`, `width`, `height`, `length_class_id`, `subtract`, `minimum`, `sort_order`, `status`, `viewed`, `date_added`, `date_modified`) VALUES ('273', 'Model 358', '', '', '', '', '', '', '', '65', '5', 'data/journal2/no_image_large.jpg', '11', '1', '209.0000', '0', '0', '2014-03-31', '0.00000000', '1', '0.00000000', '0.00000000', '0.00000000', '1', '1', '1', '1', '1', '5221', '2014-05-29 14:33:49', '2015-03-26 12:33:00');


TRUNCATE TABLE `oc_product_attribute`;

INSERT INTO `oc_product_attribute` (`product_id`, `attribute_id`, `language_id`, `text`) VALUES ('43', '2', '1', '1');
INSERT INTO `oc_product_attribute` (`product_id`, `attribute_id`, `language_id`, `text`) VALUES ('47', '4', '1', '16GB');
INSERT INTO `oc_product_attribute` (`product_id`, `attribute_id`, `language_id`, `text`) VALUES ('43', '4', '1', '8gb');
INSERT INTO `oc_product_attribute` (`product_id`, `attribute_id`, `language_id`, `text`) VALUES ('47', '2', '1', '4');
INSERT INTO `oc_product_attribute` (`product_id`, `attribute_id`, `language_id`, `text`) VALUES ('57', '14', '1', 'Midi');
INSERT INTO `oc_product_attribute` (`product_id`, `attribute_id`, `language_id`, `text`) VALUES ('226', '25', '3', 'Cold');
INSERT INTO `oc_product_attribute` (`product_id`, `attribute_id`, `language_id`, `text`) VALUES ('57', '13', '1', 'Summer');
INSERT INTO `oc_product_attribute` (`product_id`, `attribute_id`, `language_id`, `text`) VALUES ('74', '14', '1', 'Mini');
INSERT INTO `oc_product_attribute` (`product_id`, `attribute_id`, `language_id`, `text`) VALUES ('60', '12', '3', 'Evening');
INSERT INTO `oc_product_attribute` (`product_id`, `attribute_id`, `language_id`, `text`) VALUES ('53', '14', '1', 'Mini');
INSERT INTO `oc_product_attribute` (`product_id`, `attribute_id`, `language_id`, `text`) VALUES ('53', '13', '1', 'Skirt');
INSERT INTO `oc_product_attribute` (`product_id`, `attribute_id`, `language_id`, `text`) VALUES ('50', '13', '1', 'Casual');
INSERT INTO `oc_product_attribute` (`product_id`, `attribute_id`, `language_id`, `text`) VALUES ('60', '14', '3', 'Mini');
INSERT INTO `oc_product_attribute` (`product_id`, `attribute_id`, `language_id`, `text`) VALUES ('53', '12', '1', 'Casual');
INSERT INTO `oc_product_attribute` (`product_id`, `attribute_id`, `language_id`, `text`) VALUES ('50', '14', '1', 'Midi');
INSERT INTO `oc_product_attribute` (`product_id`, `attribute_id`, `language_id`, `text`) VALUES ('50', '12', '1', 'Daytime');
INSERT INTO `oc_product_attribute` (`product_id`, `attribute_id`, `language_id`, `text`) VALUES ('51', '13', '1', 'Skirt');
INSERT INTO `oc_product_attribute` (`product_id`, `attribute_id`, `language_id`, `text`) VALUES ('83', '12', '1', 'Office');
INSERT INTO `oc_product_attribute` (`product_id`, `attribute_id`, `language_id`, `text`) VALUES ('83', '13', '1', 'Skirt');
INSERT INTO `oc_product_attribute` (`product_id`, `attribute_id`, `language_id`, `text`) VALUES ('54', '14', '1', 'Mini');
INSERT INTO `oc_product_attribute` (`product_id`, `attribute_id`, `language_id`, `text`) VALUES ('54', '13', '1', 'Going Out');
INSERT INTO `oc_product_attribute` (`product_id`, `attribute_id`, `language_id`, `text`) VALUES ('54', '12', '1', 'Party');
INSERT INTO `oc_product_attribute` (`product_id`, `attribute_id`, `language_id`, `text`) VALUES ('55', '14', '3', 'Maxi');
INSERT INTO `oc_product_attribute` (`product_id`, `attribute_id`, `language_id`, `text`) VALUES ('70', '13', '1', 'Summer');
INSERT INTO `oc_product_attribute` (`product_id`, `attribute_id`, `language_id`, `text`) VALUES ('70', '12', '1', 'Daytime');
INSERT INTO `oc_product_attribute` (`product_id`, `attribute_id`, `language_id`, `text`) VALUES ('78', '14', '1', 'Midi');
INSERT INTO `oc_product_attribute` (`product_id`, `attribute_id`, `language_id`, `text`) VALUES ('78', '13', '1', 'Formal');
INSERT INTO `oc_product_attribute` (`product_id`, `attribute_id`, `language_id`, `text`) VALUES ('78', '12', '1', 'Office');
INSERT INTO `oc_product_attribute` (`product_id`, `attribute_id`, `language_id`, `text`) VALUES ('75', '13', '1', 'Going Out');
INSERT INTO `oc_product_attribute` (`product_id`, `attribute_id`, `language_id`, `text`) VALUES ('75', '12', '1', 'Wedding');
INSERT INTO `oc_product_attribute` (`product_id`, `attribute_id`, `language_id`, `text`) VALUES ('52', '14', '1', 'Midi');
INSERT INTO `oc_product_attribute` (`product_id`, `attribute_id`, `language_id`, `text`) VALUES ('52', '13', '1', 'Formal');
INSERT INTO `oc_product_attribute` (`product_id`, `attribute_id`, `language_id`, `text`) VALUES ('52', '12', '1', 'Office');
INSERT INTO `oc_product_attribute` (`product_id`, `attribute_id`, `language_id`, `text`) VALUES ('59', '12', '1', 'Wedding');
INSERT INTO `oc_product_attribute` (`product_id`, `attribute_id`, `language_id`, `text`) VALUES ('73', '14', '1', 'Midi');
INSERT INTO `oc_product_attribute` (`product_id`, `attribute_id`, `language_id`, `text`) VALUES ('73', '13', '1', 'Formal');
INSERT INTO `oc_product_attribute` (`product_id`, `attribute_id`, `language_id`, `text`) VALUES ('73', '12', '1', 'Office');
INSERT INTO `oc_product_attribute` (`product_id`, `attribute_id`, `language_id`, `text`) VALUES ('56', '13', '1', 'Going Out');
INSERT INTO `oc_product_attribute` (`product_id`, `attribute_id`, `language_id`, `text`) VALUES ('56', '12', '1', 'Wedding');
INSERT INTO `oc_product_attribute` (`product_id`, `attribute_id`, `language_id`, `text`) VALUES ('71', '14', '3', 'Mini');
INSERT INTO `oc_product_attribute` (`product_id`, `attribute_id`, `language_id`, `text`) VALUES ('71', '14', '1', 'Mini');
INSERT INTO `oc_product_attribute` (`product_id`, `attribute_id`, `language_id`, `text`) VALUES ('81', '13', '1', 'Going Out');
INSERT INTO `oc_product_attribute` (`product_id`, `attribute_id`, `language_id`, `text`) VALUES ('81', '12', '1', 'Evening');
INSERT INTO `oc_product_attribute` (`product_id`, `attribute_id`, `language_id`, `text`) VALUES ('64', '13', '1', 'Summer');
INSERT INTO `oc_product_attribute` (`product_id`, `attribute_id`, `language_id`, `text`) VALUES ('64', '12', '1', 'Daytime');
INSERT INTO `oc_product_attribute` (`product_id`, `attribute_id`, `language_id`, `text`) VALUES ('77', '14', '1', 'Mini');
INSERT INTO `oc_product_attribute` (`product_id`, `attribute_id`, `language_id`, `text`) VALUES ('77', '13', '1', 'Casual');
INSERT INTO `oc_product_attribute` (`product_id`, `attribute_id`, `language_id`, `text`) VALUES ('77', '12', '1', 'Party');
INSERT INTO `oc_product_attribute` (`product_id`, `attribute_id`, `language_id`, `text`) VALUES ('87', '13', '1', 'Casual');
INSERT INTO `oc_product_attribute` (`product_id`, `attribute_id`, `language_id`, `text`) VALUES ('87', '12', '1', 'Daytime');
INSERT INTO `oc_product_attribute` (`product_id`, `attribute_id`, `language_id`, `text`) VALUES ('89', '14', '3', 'Mini');
INSERT INTO `oc_product_attribute` (`product_id`, `attribute_id`, `language_id`, `text`) VALUES ('89', '14', '1', 'Mini');
INSERT INTO `oc_product_attribute` (`product_id`, `attribute_id`, `language_id`, `text`) VALUES ('76', '14', '1', 'Midi');
INSERT INTO `oc_product_attribute` (`product_id`, `attribute_id`, `language_id`, `text`) VALUES ('76', '13', '1', 'Summer');
INSERT INTO `oc_product_attribute` (`product_id`, `attribute_id`, `language_id`, `text`) VALUES ('76', '12', '1', 'Office');
INSERT INTO `oc_product_attribute` (`product_id`, `attribute_id`, `language_id`, `text`) VALUES ('65', '14', '1', 'Mini');
INSERT INTO `oc_product_attribute` (`product_id`, `attribute_id`, `language_id`, `text`) VALUES ('65', '20', '1', 'Strapless');
INSERT INTO `oc_product_attribute` (`product_id`, `attribute_id`, `language_id`, `text`) VALUES ('51', '12', '1', 'Daytime');
INSERT INTO `oc_product_attribute` (`product_id`, `attribute_id`, `language_id`, `text`) VALUES ('59', '13', '1', 'Skirt');
INSERT INTO `oc_product_attribute` (`product_id`, `attribute_id`, `language_id`, `text`) VALUES ('55', '14', '1', 'Maxi');
INSERT INTO `oc_product_attribute` (`product_id`, `attribute_id`, `language_id`, `text`) VALUES ('151', '16', '1', 'Non Leather');
INSERT INTO `oc_product_attribute` (`product_id`, `attribute_id`, `language_id`, `text`) VALUES ('86', '16', '1', 'Leather');
INSERT INTO `oc_product_attribute` (`product_id`, `attribute_id`, `language_id`, `text`) VALUES ('149', '16', '1', 'Leather');
INSERT INTO `oc_product_attribute` (`product_id`, `attribute_id`, `language_id`, `text`) VALUES ('165', '16', '1', 'Non Leather');
INSERT INTO `oc_product_attribute` (`product_id`, `attribute_id`, `language_id`, `text`) VALUES ('235', '25', '1', 'Cold');
INSERT INTO `oc_product_attribute` (`product_id`, `attribute_id`, `language_id`, `text`) VALUES ('157', '18', '1', 'Face');
INSERT INTO `oc_product_attribute` (`product_id`, `attribute_id`, `language_id`, `text`) VALUES ('155', '18', '1', 'Eyes');
INSERT INTO `oc_product_attribute` (`product_id`, `attribute_id`, `language_id`, `text`) VALUES ('156', '18', '1', 'Lips');
INSERT INTO `oc_product_attribute` (`product_id`, `attribute_id`, `language_id`, `text`) VALUES ('158', '18', '1', 'Eyes');
INSERT INTO `oc_product_attribute` (`product_id`, `attribute_id`, `language_id`, `text`) VALUES ('153', '15', '1', 'Cashmere');
INSERT INTO `oc_product_attribute` (`product_id`, `attribute_id`, `language_id`, `text`) VALUES ('182', '15', '1', 'Cotton');
INSERT INTO `oc_product_attribute` (`product_id`, `attribute_id`, `language_id`, `text`) VALUES ('154', '15', '1', 'Lace');
INSERT INTO `oc_product_attribute` (`product_id`, `attribute_id`, `language_id`, `text`) VALUES ('152', '15', '1', 'Lace');
INSERT INTO `oc_product_attribute` (`product_id`, `attribute_id`, `language_id`, `text`) VALUES ('240', '16', '1', 'Leather');
INSERT INTO `oc_product_attribute` (`product_id`, `attribute_id`, `language_id`, `text`) VALUES ('255', '16', '1', 'Leather');
INSERT INTO `oc_product_attribute` (`product_id`, `attribute_id`, `language_id`, `text`) VALUES ('183', '16', '1', 'Non Leather');
INSERT INTO `oc_product_attribute` (`product_id`, `attribute_id`, `language_id`, `text`) VALUES ('218', '25', '3', 'Hot');
INSERT INTO `oc_product_attribute` (`product_id`, `attribute_id`, `language_id`, `text`) VALUES ('62', '20', '1', '3/4 Lenght Sleeve');
INSERT INTO `oc_product_attribute` (`product_id`, `attribute_id`, `language_id`, `text`) VALUES ('68', '20', '1', 'Long Sleeve');
INSERT INTO `oc_product_attribute` (`product_id`, `attribute_id`, `language_id`, `text`) VALUES ('252', '20', '1', 'Long Sleeve');
INSERT INTO `oc_product_attribute` (`product_id`, `attribute_id`, `language_id`, `text`) VALUES ('67', '20', '1', 'Strapless');
INSERT INTO `oc_product_attribute` (`product_id`, `attribute_id`, `language_id`, `text`) VALUES ('72', '20', '1', 'Long Sleeve');
INSERT INTO `oc_product_attribute` (`product_id`, `attribute_id`, `language_id`, `text`) VALUES ('59', '14', '1', 'Mini');
INSERT INTO `oc_product_attribute` (`product_id`, `attribute_id`, `language_id`, `text`) VALUES ('79', '20', '1', 'Long Sleeve');
INSERT INTO `oc_product_attribute` (`product_id`, `attribute_id`, `language_id`, `text`) VALUES ('208', '25', '1', 'Cold');
INSERT INTO `oc_product_attribute` (`product_id`, `attribute_id`, `language_id`, `text`) VALUES ('88', '20', '1', 'Short Sleeve');
INSERT INTO `oc_product_attribute` (`product_id`, `attribute_id`, `language_id`, `text`) VALUES ('85', '20', '1', 'Sleeveless');
INSERT INTO `oc_product_attribute` (`product_id`, `attribute_id`, `language_id`, `text`) VALUES ('82', '20', '1', '3/4 Lenght Sleeve');
INSERT INTO `oc_product_attribute` (`product_id`, `attribute_id`, `language_id`, `text`) VALUES ('80', '20', '1', 'Long Sleeve');
INSERT INTO `oc_product_attribute` (`product_id`, `attribute_id`, `language_id`, `text`) VALUES ('57', '12', '1', 'Evening');
INSERT INTO `oc_product_attribute` (`product_id`, `attribute_id`, `language_id`, `text`) VALUES ('74', '13', '1', 'Casual');
INSERT INTO `oc_product_attribute` (`product_id`, `attribute_id`, `language_id`, `text`) VALUES ('74', '12', '1', 'Wedding');
INSERT INTO `oc_product_attribute` (`product_id`, `attribute_id`, `language_id`, `text`) VALUES ('60', '13', '3', 'Formal');
INSERT INTO `oc_product_attribute` (`product_id`, `attribute_id`, `language_id`, `text`) VALUES ('50', '20', '1', '3/4 Lenght Sleeve');
INSERT INTO `oc_product_attribute` (`product_id`, `attribute_id`, `language_id`, `text`) VALUES ('51', '14', '1', 'Mini');
INSERT INTO `oc_product_attribute` (`product_id`, `attribute_id`, `language_id`, `text`) VALUES ('83', '14', '1', 'Midi');
INSERT INTO `oc_product_attribute` (`product_id`, `attribute_id`, `language_id`, `text`) VALUES ('240', '19', '1', 'Mid');
INSERT INTO `oc_product_attribute` (`product_id`, `attribute_id`, `language_id`, `text`) VALUES ('54', '20', '1', 'Short Sleeve');
INSERT INTO `oc_product_attribute` (`product_id`, `attribute_id`, `language_id`, `text`) VALUES ('55', '12', '1', 'Evening');
INSERT INTO `oc_product_attribute` (`product_id`, `attribute_id`, `language_id`, `text`) VALUES ('70', '14', '1', 'Midi');
INSERT INTO `oc_product_attribute` (`product_id`, `attribute_id`, `language_id`, `text`) VALUES ('78', '20', '1', 'Sleeveless');
INSERT INTO `oc_product_attribute` (`product_id`, `attribute_id`, `language_id`, `text`) VALUES ('255', '19', '1', 'Flat');
INSERT INTO `oc_product_attribute` (`product_id`, `attribute_id`, `language_id`, `text`) VALUES ('75', '14', '1', 'Maxi');
INSERT INTO `oc_product_attribute` (`product_id`, `attribute_id`, `language_id`, `text`) VALUES ('75', '20', '1', 'Strapless');
INSERT INTO `oc_product_attribute` (`product_id`, `attribute_id`, `language_id`, `text`) VALUES ('52', '20', '1', '3/4 Lenght Sleeve');
INSERT INTO `oc_product_attribute` (`product_id`, `attribute_id`, `language_id`, `text`) VALUES ('73', '20', '1', '3/4 Lenght Sleeve');
INSERT INTO `oc_product_attribute` (`product_id`, `attribute_id`, `language_id`, `text`) VALUES ('56', '14', '1', 'Mini');
INSERT INTO `oc_product_attribute` (`product_id`, `attribute_id`, `language_id`, `text`) VALUES ('56', '20', '1', 'Sleeveless');
INSERT INTO `oc_product_attribute` (`product_id`, `attribute_id`, `language_id`, `text`) VALUES ('71', '12', '1', 'Party');
INSERT INTO `oc_product_attribute` (`product_id`, `attribute_id`, `language_id`, `text`) VALUES ('81', '14', '1', 'Maxi');
INSERT INTO `oc_product_attribute` (`product_id`, `attribute_id`, `language_id`, `text`) VALUES ('81', '20', '1', 'Sleeveless');
INSERT INTO `oc_product_attribute` (`product_id`, `attribute_id`, `language_id`, `text`) VALUES ('64', '14', '1', 'Maxi');
INSERT INTO `oc_product_attribute` (`product_id`, `attribute_id`, `language_id`, `text`) VALUES ('64', '20', '1', 'Short Sleeve');
INSERT INTO `oc_product_attribute` (`product_id`, `attribute_id`, `language_id`, `text`) VALUES ('183', '19', '1', 'Flat');
INSERT INTO `oc_product_attribute` (`product_id`, `attribute_id`, `language_id`, `text`) VALUES ('77', '20', '1', 'Short Sleeve');
INSERT INTO `oc_product_attribute` (`product_id`, `attribute_id`, `language_id`, `text`) VALUES ('87', '14', '1', 'Mini');
INSERT INTO `oc_product_attribute` (`product_id`, `attribute_id`, `language_id`, `text`) VALUES ('87', '20', '1', 'Sleeveless');
INSERT INTO `oc_product_attribute` (`product_id`, `attribute_id`, `language_id`, `text`) VALUES ('89', '12', '1', 'Party');
INSERT INTO `oc_product_attribute` (`product_id`, `attribute_id`, `language_id`, `text`) VALUES ('76', '20', '1', 'Strapless');
INSERT INTO `oc_product_attribute` (`product_id`, `attribute_id`, `language_id`, `text`) VALUES ('273', '27', '3', 'Example 2');
INSERT INTO `oc_product_attribute` (`product_id`, `attribute_id`, `language_id`, `text`) VALUES ('65', '13', '1', 'Summer');
INSERT INTO `oc_product_attribute` (`product_id`, `attribute_id`, `language_id`, `text`) VALUES ('65', '12', '1', 'Wedding');
INSERT INTO `oc_product_attribute` (`product_id`, `attribute_id`, `language_id`, `text`) VALUES ('191', '22', '1', 'Sweet');
INSERT INTO `oc_product_attribute` (`product_id`, `attribute_id`, `language_id`, `text`) VALUES ('192', '24', '1', 'Fruits');
INSERT INTO `oc_product_attribute` (`product_id`, `attribute_id`, `language_id`, `text`) VALUES ('193', '22', '1', 'Salty');
INSERT INTO `oc_product_attribute` (`product_id`, `attribute_id`, `language_id`, `text`) VALUES ('189', '25', '1', 'Cold');
INSERT INTO `oc_product_attribute` (`product_id`, `attribute_id`, `language_id`, `text`) VALUES ('190', '22', '1', 'Salty');
INSERT INTO `oc_product_attribute` (`product_id`, `attribute_id`, `language_id`, `text`) VALUES ('195', '24', '1', 'Chocolate');
INSERT INTO `oc_product_attribute` (`product_id`, `attribute_id`, `language_id`, `text`) VALUES ('196', '22', '1', 'Sweet');
INSERT INTO `oc_product_attribute` (`product_id`, `attribute_id`, `language_id`, `text`) VALUES ('199', '24', '1', 'Fruits');
INSERT INTO `oc_product_attribute` (`product_id`, `attribute_id`, `language_id`, `text`) VALUES ('197', '22', '1', 'Sweet');
INSERT INTO `oc_product_attribute` (`product_id`, `attribute_id`, `language_id`, `text`) VALUES ('198', '22', '1', 'Sweet');
INSERT INTO `oc_product_attribute` (`product_id`, `attribute_id`, `language_id`, `text`) VALUES ('200', '25', '1', 'Cold');
INSERT INTO `oc_product_attribute` (`product_id`, `attribute_id`, `language_id`, `text`) VALUES ('203', '22', '1', 'Sour');
INSERT INTO `oc_product_attribute` (`product_id`, `attribute_id`, `language_id`, `text`) VALUES ('202', '25', '1', 'Hot');
INSERT INTO `oc_product_attribute` (`product_id`, `attribute_id`, `language_id`, `text`) VALUES ('201', '22', '1', 'Bitter');
INSERT INTO `oc_product_attribute` (`product_id`, `attribute_id`, `language_id`, `text`) VALUES ('205', '25', '1', 'Hot');
INSERT INTO `oc_product_attribute` (`product_id`, `attribute_id`, `language_id`, `text`) VALUES ('206', '22', '1', 'Sour');
INSERT INTO `oc_product_attribute` (`product_id`, `attribute_id`, `language_id`, `text`) VALUES ('204', '22', '1', 'Salty');
INSERT INTO `oc_product_attribute` (`product_id`, `attribute_id`, `language_id`, `text`) VALUES ('219', '24', '1', 'Vegetables');
INSERT INTO `oc_product_attribute` (`product_id`, `attribute_id`, `language_id`, `text`) VALUES ('215', '22', '1', 'Salty');
INSERT INTO `oc_product_attribute` (`product_id`, `attribute_id`, `language_id`, `text`) VALUES ('213', '22', '1', 'Salty');
INSERT INTO `oc_product_attribute` (`product_id`, `attribute_id`, `language_id`, `text`) VALUES ('216', '22', '1', 'Bitter');
INSERT INTO `oc_product_attribute` (`product_id`, `attribute_id`, `language_id`, `text`) VALUES ('214', '22', '1', 'Sour');
INSERT INTO `oc_product_attribute` (`product_id`, `attribute_id`, `language_id`, `text`) VALUES ('217', '22', '1', 'Salty');
INSERT INTO `oc_product_attribute` (`product_id`, `attribute_id`, `language_id`, `text`) VALUES ('212', '22', '1', 'Salty');
INSERT INTO `oc_product_attribute` (`product_id`, `attribute_id`, `language_id`, `text`) VALUES ('207', '22', '1', 'Sour');
INSERT INTO `oc_product_attribute` (`product_id`, `attribute_id`, `language_id`, `text`) VALUES ('211', '25', '1', 'Hot');
INSERT INTO `oc_product_attribute` (`product_id`, `attribute_id`, `language_id`, `text`) VALUES ('208', '22', '1', 'Salty');
INSERT INTO `oc_product_attribute` (`product_id`, `attribute_id`, `language_id`, `text`) VALUES ('209', '22', '1', 'Bitter');
INSERT INTO `oc_product_attribute` (`product_id`, `attribute_id`, `language_id`, `text`) VALUES ('210', '22', '1', 'Salty');
INSERT INTO `oc_product_attribute` (`product_id`, `attribute_id`, `language_id`, `text`) VALUES ('222', '25', '1', 'Cold');
INSERT INTO `oc_product_attribute` (`product_id`, `attribute_id`, `language_id`, `text`) VALUES ('223', '22', '1', 'Sweet');
INSERT INTO `oc_product_attribute` (`product_id`, `attribute_id`, `language_id`, `text`) VALUES ('224', '22', '1', 'Salty');
INSERT INTO `oc_product_attribute` (`product_id`, `attribute_id`, `language_id`, `text`) VALUES ('221', '22', '1', 'Sweet');
INSERT INTO `oc_product_attribute` (`product_id`, `attribute_id`, `language_id`, `text`) VALUES ('220', '22', '1', 'Bitter');
INSERT INTO `oc_product_attribute` (`product_id`, `attribute_id`, `language_id`, `text`) VALUES ('230', '24', '1', 'Vegetables');
INSERT INTO `oc_product_attribute` (`product_id`, `attribute_id`, `language_id`, `text`) VALUES ('228', '22', '1', 'Sour');
INSERT INTO `oc_product_attribute` (`product_id`, `attribute_id`, `language_id`, `text`) VALUES ('226', '24', '1', 'Fish');
INSERT INTO `oc_product_attribute` (`product_id`, `attribute_id`, `language_id`, `text`) VALUES ('229', '24', '1', 'Fish');
INSERT INTO `oc_product_attribute` (`product_id`, `attribute_id`, `language_id`, `text`) VALUES ('227', '22', '1', 'Salty');
INSERT INTO `oc_product_attribute` (`product_id`, `attribute_id`, `language_id`, `text`) VALUES ('230', '25', '1', 'Hot');
INSERT INTO `oc_product_attribute` (`product_id`, `attribute_id`, `language_id`, `text`) VALUES ('229', '25', '1', 'Cold');
INSERT INTO `oc_product_attribute` (`product_id`, `attribute_id`, `language_id`, `text`) VALUES ('228', '25', '1', 'Cold');
INSERT INTO `oc_product_attribute` (`product_id`, `attribute_id`, `language_id`, `text`) VALUES ('228', '24', '1', 'Turkey');
INSERT INTO `oc_product_attribute` (`product_id`, `attribute_id`, `language_id`, `text`) VALUES ('230', '22', '1', 'Salty');
INSERT INTO `oc_product_attribute` (`product_id`, `attribute_id`, `language_id`, `text`) VALUES ('226', '22', '1', 'Bitter');
INSERT INTO `oc_product_attribute` (`product_id`, `attribute_id`, `language_id`, `text`) VALUES ('229', '22', '1', 'Sour');
INSERT INTO `oc_product_attribute` (`product_id`, `attribute_id`, `language_id`, `text`) VALUES ('227', '24', '1', 'Salad');
INSERT INTO `oc_product_attribute` (`product_id`, `attribute_id`, `language_id`, `text`) VALUES ('227', '25', '1', 'Cold');
INSERT INTO `oc_product_attribute` (`product_id`, `attribute_id`, `language_id`, `text`) VALUES ('225', '22', '1', 'Bitter');
INSERT INTO `oc_product_attribute` (`product_id`, `attribute_id`, `language_id`, `text`) VALUES ('225', '24', '1', 'Cheese');
INSERT INTO `oc_product_attribute` (`product_id`, `attribute_id`, `language_id`, `text`) VALUES ('225', '25', '1', 'Hot');
INSERT INTO `oc_product_attribute` (`product_id`, `attribute_id`, `language_id`, `text`) VALUES ('236', '22', '1', 'Bitter');
INSERT INTO `oc_product_attribute` (`product_id`, `attribute_id`, `language_id`, `text`) VALUES ('236', '24', '1', 'Avocado');
INSERT INTO `oc_product_attribute` (`product_id`, `attribute_id`, `language_id`, `text`) VALUES ('236', '25', '1', 'Cold');
INSERT INTO `oc_product_attribute` (`product_id`, `attribute_id`, `language_id`, `text`) VALUES ('234', '22', '1', 'Sour');
INSERT INTO `oc_product_attribute` (`product_id`, `attribute_id`, `language_id`, `text`) VALUES ('234', '25', '1', 'Cold');
INSERT INTO `oc_product_attribute` (`product_id`, `attribute_id`, `language_id`, `text`) VALUES ('234', '24', '1', 'Rice');
INSERT INTO `oc_product_attribute` (`product_id`, `attribute_id`, `language_id`, `text`) VALUES ('235', '24', '1', 'Fish');
INSERT INTO `oc_product_attribute` (`product_id`, `attribute_id`, `language_id`, `text`) VALUES ('235', '22', '1', 'Salty');
INSERT INTO `oc_product_attribute` (`product_id`, `attribute_id`, `language_id`, `text`) VALUES ('231', '22', '1', 'Sweet');
INSERT INTO `oc_product_attribute` (`product_id`, `attribute_id`, `language_id`, `text`) VALUES ('231', '24', '1', 'Fish');
INSERT INTO `oc_product_attribute` (`product_id`, `attribute_id`, `language_id`, `text`) VALUES ('231', '25', '1', 'Hot');
INSERT INTO `oc_product_attribute` (`product_id`, `attribute_id`, `language_id`, `text`) VALUES ('232', '22', '1', 'Bitter');
INSERT INTO `oc_product_attribute` (`product_id`, `attribute_id`, `language_id`, `text`) VALUES ('232', '24', '1', 'Avocado');
INSERT INTO `oc_product_attribute` (`product_id`, `attribute_id`, `language_id`, `text`) VALUES ('232', '25', '1', 'Cold');
INSERT INTO `oc_product_attribute` (`product_id`, `attribute_id`, `language_id`, `text`) VALUES ('233', '24', '1', 'Rice');
INSERT INTO `oc_product_attribute` (`product_id`, `attribute_id`, `language_id`, `text`) VALUES ('233', '22', '1', 'Salty');
INSERT INTO `oc_product_attribute` (`product_id`, `attribute_id`, `language_id`, `text`) VALUES ('191', '25', '1', 'Hot');
INSERT INTO `oc_product_attribute` (`product_id`, `attribute_id`, `language_id`, `text`) VALUES ('191', '24', '1', 'Honey');
INSERT INTO `oc_product_attribute` (`product_id`, `attribute_id`, `language_id`, `text`) VALUES ('192', '22', '1', 'Sweet');
INSERT INTO `oc_product_attribute` (`product_id`, `attribute_id`, `language_id`, `text`) VALUES ('193', '24', '1', 'Eggs');
INSERT INTO `oc_product_attribute` (`product_id`, `attribute_id`, `language_id`, `text`) VALUES ('193', '25', '1', 'Hot');
INSERT INTO `oc_product_attribute` (`product_id`, `attribute_id`, `language_id`, `text`) VALUES ('194', '22', '1', 'Sweet');
INSERT INTO `oc_product_attribute` (`product_id`, `attribute_id`, `language_id`, `text`) VALUES ('189', '24', '1', 'Fruits');
INSERT INTO `oc_product_attribute` (`product_id`, `attribute_id`, `language_id`, `text`) VALUES ('189', '22', '1', 'Sweet');
INSERT INTO `oc_product_attribute` (`product_id`, `attribute_id`, `language_id`, `text`) VALUES ('192', '25', '1', 'Cold');
INSERT INTO `oc_product_attribute` (`product_id`, `attribute_id`, `language_id`, `text`) VALUES ('190', '25', '1', 'Hot');
INSERT INTO `oc_product_attribute` (`product_id`, `attribute_id`, `language_id`, `text`) VALUES ('190', '24', '1', 'Eggs');
INSERT INTO `oc_product_attribute` (`product_id`, `attribute_id`, `language_id`, `text`) VALUES ('195', '22', '1', 'Sweet');
INSERT INTO `oc_product_attribute` (`product_id`, `attribute_id`, `language_id`, `text`) VALUES ('196', '25', '1', 'Cold');
INSERT INTO `oc_product_attribute` (`product_id`, `attribute_id`, `language_id`, `text`) VALUES ('196', '24', '1', 'Fruits');
INSERT INTO `oc_product_attribute` (`product_id`, `attribute_id`, `language_id`, `text`) VALUES ('199', '22', '1', 'Sweet');
INSERT INTO `oc_product_attribute` (`product_id`, `attribute_id`, `language_id`, `text`) VALUES ('199', '25', '1', 'Cold');
INSERT INTO `oc_product_attribute` (`product_id`, `attribute_id`, `language_id`, `text`) VALUES ('197', '24', '1', 'Chocolate');
INSERT INTO `oc_product_attribute` (`product_id`, `attribute_id`, `language_id`, `text`) VALUES ('197', '25', '1', 'Hot');
INSERT INTO `oc_product_attribute` (`product_id`, `attribute_id`, `language_id`, `text`) VALUES ('198', '24', '1', 'Fruits');
INSERT INTO `oc_product_attribute` (`product_id`, `attribute_id`, `language_id`, `text`) VALUES ('198', '25', '1', 'Hot');
INSERT INTO `oc_product_attribute` (`product_id`, `attribute_id`, `language_id`, `text`) VALUES ('195', '25', '1', 'Hot');
INSERT INTO `oc_product_attribute` (`product_id`, `attribute_id`, `language_id`, `text`) VALUES ('200', '24', '1', 'Icecream');
INSERT INTO `oc_product_attribute` (`product_id`, `attribute_id`, `language_id`, `text`) VALUES ('200', '22', '1', 'Sweet');
INSERT INTO `oc_product_attribute` (`product_id`, `attribute_id`, `language_id`, `text`) VALUES ('203', '25', '1', 'Hot');
INSERT INTO `oc_product_attribute` (`product_id`, `attribute_id`, `language_id`, `text`) VALUES ('203', '24', '1', 'Fish');
INSERT INTO `oc_product_attribute` (`product_id`, `attribute_id`, `language_id`, `text`) VALUES ('202', '24', '1', 'Beef');
INSERT INTO `oc_product_attribute` (`product_id`, `attribute_id`, `language_id`, `text`) VALUES ('202', '22', '1', 'Salty');
INSERT INTO `oc_product_attribute` (`product_id`, `attribute_id`, `language_id`, `text`) VALUES ('201', '24', '1', 'Chicken');
INSERT INTO `oc_product_attribute` (`product_id`, `attribute_id`, `language_id`, `text`) VALUES ('201', '25', '1', 'Hot');
INSERT INTO `oc_product_attribute` (`product_id`, `attribute_id`, `language_id`, `text`) VALUES ('205', '24', '1', 'Chicken');
INSERT INTO `oc_product_attribute` (`product_id`, `attribute_id`, `language_id`, `text`) VALUES ('205', '22', '1', 'Salty');
INSERT INTO `oc_product_attribute` (`product_id`, `attribute_id`, `language_id`, `text`) VALUES ('206', '25', '1', 'Hot');
INSERT INTO `oc_product_attribute` (`product_id`, `attribute_id`, `language_id`, `text`) VALUES ('206', '24', '1', 'Beef');
INSERT INTO `oc_product_attribute` (`product_id`, `attribute_id`, `language_id`, `text`) VALUES ('204', '24', '1', 'Beef');
INSERT INTO `oc_product_attribute` (`product_id`, `attribute_id`, `language_id`, `text`) VALUES ('204', '25', '1', 'Hot');
INSERT INTO `oc_product_attribute` (`product_id`, `attribute_id`, `language_id`, `text`) VALUES ('218', '22', '1', 'Bitter');
INSERT INTO `oc_product_attribute` (`product_id`, `attribute_id`, `language_id`, `text`) VALUES ('219', '22', '1', 'Sour');
INSERT INTO `oc_product_attribute` (`product_id`, `attribute_id`, `language_id`, `text`) VALUES ('219', '25', '1', 'Hot');
INSERT INTO `oc_product_attribute` (`product_id`, `attribute_id`, `language_id`, `text`) VALUES ('215', '24', '1', 'Cheese');
INSERT INTO `oc_product_attribute` (`product_id`, `attribute_id`, `language_id`, `text`) VALUES ('215', '25', '1', 'Hot');
INSERT INTO `oc_product_attribute` (`product_id`, `attribute_id`, `language_id`, `text`) VALUES ('213', '25', '1', 'Cold');
INSERT INTO `oc_product_attribute` (`product_id`, `attribute_id`, `language_id`, `text`) VALUES ('213', '24', '1', 'Vegetables');
INSERT INTO `oc_product_attribute` (`product_id`, `attribute_id`, `language_id`, `text`) VALUES ('216', '24', '1', 'Fish');
INSERT INTO `oc_product_attribute` (`product_id`, `attribute_id`, `language_id`, `text`) VALUES ('216', '25', '1', 'Hot');
INSERT INTO `oc_product_attribute` (`product_id`, `attribute_id`, `language_id`, `text`) VALUES ('214', '24', '1', 'Cheese');
INSERT INTO `oc_product_attribute` (`product_id`, `attribute_id`, `language_id`, `text`) VALUES ('214', '25', '1', 'Cold');
INSERT INTO `oc_product_attribute` (`product_id`, `attribute_id`, `language_id`, `text`) VALUES ('217', '24', '1', 'Spaghetti');
INSERT INTO `oc_product_attribute` (`product_id`, `attribute_id`, `language_id`, `text`) VALUES ('217', '25', '1', 'Hot');
INSERT INTO `oc_product_attribute` (`product_id`, `attribute_id`, `language_id`, `text`) VALUES ('212', '24', '1', 'Beef');
INSERT INTO `oc_product_attribute` (`product_id`, `attribute_id`, `language_id`, `text`) VALUES ('212', '25', '1', 'Hot');
INSERT INTO `oc_product_attribute` (`product_id`, `attribute_id`, `language_id`, `text`) VALUES ('207', '24', '1', 'Vegetables');
INSERT INTO `oc_product_attribute` (`product_id`, `attribute_id`, `language_id`, `text`) VALUES ('207', '25', '1', 'Cold');
INSERT INTO `oc_product_attribute` (`product_id`, `attribute_id`, `language_id`, `text`) VALUES ('211', '24', '1', 'Beef');
INSERT INTO `oc_product_attribute` (`product_id`, `attribute_id`, `language_id`, `text`) VALUES ('211', '22', '1', 'Bitter');
INSERT INTO `oc_product_attribute` (`product_id`, `attribute_id`, `language_id`, `text`) VALUES ('208', '24', '1', 'Chicken');
INSERT INTO `oc_product_attribute` (`product_id`, `attribute_id`, `language_id`, `text`) VALUES ('209', '24', '1', 'Turkey');
INSERT INTO `oc_product_attribute` (`product_id`, `attribute_id`, `language_id`, `text`) VALUES ('209', '25', '1', 'Hot');
INSERT INTO `oc_product_attribute` (`product_id`, `attribute_id`, `language_id`, `text`) VALUES ('210', '24', '1', 'Vegetables');
INSERT INTO `oc_product_attribute` (`product_id`, `attribute_id`, `language_id`, `text`) VALUES ('210', '25', '1', 'Hot');
INSERT INTO `oc_product_attribute` (`product_id`, `attribute_id`, `language_id`, `text`) VALUES ('222', '24', '1', 'Vegetables');
INSERT INTO `oc_product_attribute` (`product_id`, `attribute_id`, `language_id`, `text`) VALUES ('222', '22', '1', 'Sour');
INSERT INTO `oc_product_attribute` (`product_id`, `attribute_id`, `language_id`, `text`) VALUES ('223', '24', '1', 'Chicken');
INSERT INTO `oc_product_attribute` (`product_id`, `attribute_id`, `language_id`, `text`) VALUES ('223', '25', '1', 'Hot');
INSERT INTO `oc_product_attribute` (`product_id`, `attribute_id`, `language_id`, `text`) VALUES ('224', '24', '1', 'Cheese');
INSERT INTO `oc_product_attribute` (`product_id`, `attribute_id`, `language_id`, `text`) VALUES ('224', '25', '1', 'Cold');
INSERT INTO `oc_product_attribute` (`product_id`, `attribute_id`, `language_id`, `text`) VALUES ('221', '24', '1', 'Salad');
INSERT INTO `oc_product_attribute` (`product_id`, `attribute_id`, `language_id`, `text`) VALUES ('221', '25', '1', 'Cold');
INSERT INTO `oc_product_attribute` (`product_id`, `attribute_id`, `language_id`, `text`) VALUES ('220', '24', '1', 'Vegetables');
INSERT INTO `oc_product_attribute` (`product_id`, `attribute_id`, `language_id`, `text`) VALUES ('220', '25', '1', 'Cold');
INSERT INTO `oc_product_attribute` (`product_id`, `attribute_id`, `language_id`, `text`) VALUES ('256', '26', '1', 'Sample 2');
INSERT INTO `oc_product_attribute` (`product_id`, `attribute_id`, `language_id`, `text`) VALUES ('257', '26', '1', 'Sample 1');
INSERT INTO `oc_product_attribute` (`product_id`, `attribute_id`, `language_id`, `text`) VALUES ('257', '16', '1', 'Leather');
INSERT INTO `oc_product_attribute` (`product_id`, `attribute_id`, `language_id`, `text`) VALUES ('257', '13', '1', 'Party');
INSERT INTO `oc_product_attribute` (`product_id`, `attribute_id`, `language_id`, `text`) VALUES ('256', '16', '1', 'Non Leather');
INSERT INTO `oc_product_attribute` (`product_id`, `attribute_id`, `language_id`, `text`) VALUES ('256', '13', '1', 'Daytime');
INSERT INTO `oc_product_attribute` (`product_id`, `attribute_id`, `language_id`, `text`) VALUES ('257', '27', '1', 'Example 2');
INSERT INTO `oc_product_attribute` (`product_id`, `attribute_id`, `language_id`, `text`) VALUES ('258', '26', '3', 'Sample 3');
INSERT INTO `oc_product_attribute` (`product_id`, `attribute_id`, `language_id`, `text`) VALUES ('258', '26', '1', 'Sample 3');
INSERT INTO `oc_product_attribute` (`product_id`, `attribute_id`, `language_id`, `text`) VALUES ('259', '16', '1', 'Leather');
INSERT INTO `oc_product_attribute` (`product_id`, `attribute_id`, `language_id`, `text`) VALUES ('259', '26', '1', 'Sample 2');
INSERT INTO `oc_product_attribute` (`product_id`, `attribute_id`, `language_id`, `text`) VALUES ('259', '13', '1', 'Formal');
INSERT INTO `oc_product_attribute` (`product_id`, `attribute_id`, `language_id`, `text`) VALUES ('260', '26', '1', 'Sample 3');
INSERT INTO `oc_product_attribute` (`product_id`, `attribute_id`, `language_id`, `text`) VALUES ('260', '27', '1', 'Example 3');
INSERT INTO `oc_product_attribute` (`product_id`, `attribute_id`, `language_id`, `text`) VALUES ('260', '16', '1', 'Non Leather');
INSERT INTO `oc_product_attribute` (`product_id`, `attribute_id`, `language_id`, `text`) VALUES ('260', '13', '1', 'Hike');
INSERT INTO `oc_product_attribute` (`product_id`, `attribute_id`, `language_id`, `text`) VALUES ('261', '15', '1', 'Leather');
INSERT INTO `oc_product_attribute` (`product_id`, `attribute_id`, `language_id`, `text`) VALUES ('261', '26', '1', 'Sample 3');
INSERT INTO `oc_product_attribute` (`product_id`, `attribute_id`, `language_id`, `text`) VALUES ('262', '26', '3', 'Sample 2');
INSERT INTO `oc_product_attribute` (`product_id`, `attribute_id`, `language_id`, `text`) VALUES ('262', '13', '1', 'Daytime');
INSERT INTO `oc_product_attribute` (`product_id`, `attribute_id`, `language_id`, `text`) VALUES ('263', '15', '3', 'Leather');
INSERT INTO `oc_product_attribute` (`product_id`, `attribute_id`, `language_id`, `text`) VALUES ('263', '15', '1', 'Leather');
INSERT INTO `oc_product_attribute` (`product_id`, `attribute_id`, `language_id`, `text`) VALUES ('264', '13', '1', 'Formal');
INSERT INTO `oc_product_attribute` (`product_id`, `attribute_id`, `language_id`, `text`) VALUES ('264', '26', '1', 'Sample 3');
INSERT INTO `oc_product_attribute` (`product_id`, `attribute_id`, `language_id`, `text`) VALUES ('259', '27', '1', 'Example 2');
INSERT INTO `oc_product_attribute` (`product_id`, `attribute_id`, `language_id`, `text`) VALUES ('265', '13', '1', 'Party');
INSERT INTO `oc_product_attribute` (`product_id`, `attribute_id`, `language_id`, `text`) VALUES ('265', '26', '1', 'Sample 1');
INSERT INTO `oc_product_attribute` (`product_id`, `attribute_id`, `language_id`, `text`) VALUES ('266', '26', '1', 'Sample 1');
INSERT INTO `oc_product_attribute` (`product_id`, `attribute_id`, `language_id`, `text`) VALUES ('266', '27', '1', 'Example 3');
INSERT INTO `oc_product_attribute` (`product_id`, `attribute_id`, `language_id`, `text`) VALUES ('265', '27', '1', 'Example 2');
INSERT INTO `oc_product_attribute` (`product_id`, `attribute_id`, `language_id`, `text`) VALUES ('262', '27', '3', 'Example 2');
INSERT INTO `oc_product_attribute` (`product_id`, `attribute_id`, `language_id`, `text`) VALUES ('266', '16', '1', 'Non Leather');
INSERT INTO `oc_product_attribute` (`product_id`, `attribute_id`, `language_id`, `text`) VALUES ('266', '13', '1', 'Party');
INSERT INTO `oc_product_attribute` (`product_id`, `attribute_id`, `language_id`, `text`) VALUES ('267', '16', '1', 'Leather');
INSERT INTO `oc_product_attribute` (`product_id`, `attribute_id`, `language_id`, `text`) VALUES ('267', '26', '1', 'Sample 2');
INSERT INTO `oc_product_attribute` (`product_id`, `attribute_id`, `language_id`, `text`) VALUES ('267', '13', '1', 'Formal');
INSERT INTO `oc_product_attribute` (`product_id`, `attribute_id`, `language_id`, `text`) VALUES ('268', '13', '1', 'Daytime');
INSERT INTO `oc_product_attribute` (`product_id`, `attribute_id`, `language_id`, `text`) VALUES ('268', '16', '1', 'Non Leather');
INSERT INTO `oc_product_attribute` (`product_id`, `attribute_id`, `language_id`, `text`) VALUES ('268', '26', '1', 'Sample 1');
INSERT INTO `oc_product_attribute` (`product_id`, `attribute_id`, `language_id`, `text`) VALUES ('268', '27', '1', 'Example 3');
INSERT INTO `oc_product_attribute` (`product_id`, `attribute_id`, `language_id`, `text`) VALUES ('269', '27', '3', 'Example 1');
INSERT INTO `oc_product_attribute` (`product_id`, `attribute_id`, `language_id`, `text`) VALUES ('269', '27', '1', 'Example 1');
INSERT INTO `oc_product_attribute` (`product_id`, `attribute_id`, `language_id`, `text`) VALUES ('270', '27', '1', 'Example 1');
INSERT INTO `oc_product_attribute` (`product_id`, `attribute_id`, `language_id`, `text`) VALUES ('270', '26', '1', 'Sample 3');
INSERT INTO `oc_product_attribute` (`product_id`, `attribute_id`, `language_id`, `text`) VALUES ('270', '13', '1', 'Daytime');
INSERT INTO `oc_product_attribute` (`product_id`, `attribute_id`, `language_id`, `text`) VALUES ('269', '13', '1', 'Daytime');
INSERT INTO `oc_product_attribute` (`product_id`, `attribute_id`, `language_id`, `text`) VALUES ('272', '26', '1', 'Sample 2');
INSERT INTO `oc_product_attribute` (`product_id`, `attribute_id`, `language_id`, `text`) VALUES ('271', '13', '3', 'Party');
INSERT INTO `oc_product_attribute` (`product_id`, `attribute_id`, `language_id`, `text`) VALUES ('218', '24', '1', 'Spaghetti');
INSERT INTO `oc_product_attribute` (`product_id`, `attribute_id`, `language_id`, `text`) VALUES ('273', '13', '3', 'Party');
INSERT INTO `oc_product_attribute` (`product_id`, `attribute_id`, `language_id`, `text`) VALUES ('271', '27', '3', 'Example 3');
INSERT INTO `oc_product_attribute` (`product_id`, `attribute_id`, `language_id`, `text`) VALUES ('272', '13', '1', 'Formal');
INSERT INTO `oc_product_attribute` (`product_id`, `attribute_id`, `language_id`, `text`) VALUES ('261', '27', '1', 'Example 3');
INSERT INTO `oc_product_attribute` (`product_id`, `attribute_id`, `language_id`, `text`) VALUES ('267', '27', '1', 'Example 1');
INSERT INTO `oc_product_attribute` (`product_id`, `attribute_id`, `language_id`, `text`) VALUES ('264', '27', '1', 'Example 1');
INSERT INTO `oc_product_attribute` (`product_id`, `attribute_id`, `language_id`, `text`) VALUES ('256', '27', '1', 'Example 1');
INSERT INTO `oc_product_attribute` (`product_id`, `attribute_id`, `language_id`, `text`) VALUES ('43', '2', '3', '1');
INSERT INTO `oc_product_attribute` (`product_id`, `attribute_id`, `language_id`, `text`) VALUES ('47', '4', '3', '16GB');
INSERT INTO `oc_product_attribute` (`product_id`, `attribute_id`, `language_id`, `text`) VALUES ('43', '4', '3', '8gb');
INSERT INTO `oc_product_attribute` (`product_id`, `attribute_id`, `language_id`, `text`) VALUES ('47', '2', '3', '4');
INSERT INTO `oc_product_attribute` (`product_id`, `attribute_id`, `language_id`, `text`) VALUES ('57', '14', '3', 'Midi');
INSERT INTO `oc_product_attribute` (`product_id`, `attribute_id`, `language_id`, `text`) VALUES ('226', '25', '1', 'Cold');
INSERT INTO `oc_product_attribute` (`product_id`, `attribute_id`, `language_id`, `text`) VALUES ('57', '13', '3', 'Summer');
INSERT INTO `oc_product_attribute` (`product_id`, `attribute_id`, `language_id`, `text`) VALUES ('74', '14', '3', 'Mini');
INSERT INTO `oc_product_attribute` (`product_id`, `attribute_id`, `language_id`, `text`) VALUES ('53', '14', '3', 'Mini');
INSERT INTO `oc_product_attribute` (`product_id`, `attribute_id`, `language_id`, `text`) VALUES ('53', '13', '3', 'Skirt');
INSERT INTO `oc_product_attribute` (`product_id`, `attribute_id`, `language_id`, `text`) VALUES ('50', '13', '3', 'Casual');
INSERT INTO `oc_product_attribute` (`product_id`, `attribute_id`, `language_id`, `text`) VALUES ('60', '13', '1', 'Formal');
INSERT INTO `oc_product_attribute` (`product_id`, `attribute_id`, `language_id`, `text`) VALUES ('53', '12', '3', 'Casual');
INSERT INTO `oc_product_attribute` (`product_id`, `attribute_id`, `language_id`, `text`) VALUES ('50', '14', '3', 'Midi');
INSERT INTO `oc_product_attribute` (`product_id`, `attribute_id`, `language_id`, `text`) VALUES ('50', '12', '3', 'Daytime');
INSERT INTO `oc_product_attribute` (`product_id`, `attribute_id`, `language_id`, `text`) VALUES ('51', '13', '3', 'Skirt');
INSERT INTO `oc_product_attribute` (`product_id`, `attribute_id`, `language_id`, `text`) VALUES ('83', '12', '3', 'Office');
INSERT INTO `oc_product_attribute` (`product_id`, `attribute_id`, `language_id`, `text`) VALUES ('83', '13', '3', 'Skirt');
INSERT INTO `oc_product_attribute` (`product_id`, `attribute_id`, `language_id`, `text`) VALUES ('54', '14', '3', 'Mini');
INSERT INTO `oc_product_attribute` (`product_id`, `attribute_id`, `language_id`, `text`) VALUES ('54', '13', '3', 'Going Out');
INSERT INTO `oc_product_attribute` (`product_id`, `attribute_id`, `language_id`, `text`) VALUES ('54', '12', '3', 'Party');
INSERT INTO `oc_product_attribute` (`product_id`, `attribute_id`, `language_id`, `text`) VALUES ('55', '13', '1', 'Going Out');
INSERT INTO `oc_product_attribute` (`product_id`, `attribute_id`, `language_id`, `text`) VALUES ('70', '13', '3', 'Summer');
INSERT INTO `oc_product_attribute` (`product_id`, `attribute_id`, `language_id`, `text`) VALUES ('70', '12', '3', 'Daytime');
INSERT INTO `oc_product_attribute` (`product_id`, `attribute_id`, `language_id`, `text`) VALUES ('78', '14', '3', 'Midi');
INSERT INTO `oc_product_attribute` (`product_id`, `attribute_id`, `language_id`, `text`) VALUES ('78', '13', '3', 'Formal');
INSERT INTO `oc_product_attribute` (`product_id`, `attribute_id`, `language_id`, `text`) VALUES ('78', '12', '3', 'Office');
INSERT INTO `oc_product_attribute` (`product_id`, `attribute_id`, `language_id`, `text`) VALUES ('75', '13', '3', 'Going Out');
INSERT INTO `oc_product_attribute` (`product_id`, `attribute_id`, `language_id`, `text`) VALUES ('75', '12', '3', 'Wedding');
INSERT INTO `oc_product_attribute` (`product_id`, `attribute_id`, `language_id`, `text`) VALUES ('52', '14', '3', 'Midi');
INSERT INTO `oc_product_attribute` (`product_id`, `attribute_id`, `language_id`, `text`) VALUES ('52', '13', '3', 'Formal');
INSERT INTO `oc_product_attribute` (`product_id`, `attribute_id`, `language_id`, `text`) VALUES ('52', '12', '3', 'Office');
INSERT INTO `oc_product_attribute` (`product_id`, `attribute_id`, `language_id`, `text`) VALUES ('59', '12', '3', 'Wedding');
INSERT INTO `oc_product_attribute` (`product_id`, `attribute_id`, `language_id`, `text`) VALUES ('73', '14', '3', 'Midi');
INSERT INTO `oc_product_attribute` (`product_id`, `attribute_id`, `language_id`, `text`) VALUES ('73', '13', '3', 'Formal');
INSERT INTO `oc_product_attribute` (`product_id`, `attribute_id`, `language_id`, `text`) VALUES ('73', '12', '3', 'Office');
INSERT INTO `oc_product_attribute` (`product_id`, `attribute_id`, `language_id`, `text`) VALUES ('56', '13', '3', 'Going Out');
INSERT INTO `oc_product_attribute` (`product_id`, `attribute_id`, `language_id`, `text`) VALUES ('56', '12', '3', 'Wedding');
INSERT INTO `oc_product_attribute` (`product_id`, `attribute_id`, `language_id`, `text`) VALUES ('71', '13', '3', 'Summer');
INSERT INTO `oc_product_attribute` (`product_id`, `attribute_id`, `language_id`, `text`) VALUES ('71', '13', '1', 'Summer');
INSERT INTO `oc_product_attribute` (`product_id`, `attribute_id`, `language_id`, `text`) VALUES ('81', '13', '3', 'Going Out');
INSERT INTO `oc_product_attribute` (`product_id`, `attribute_id`, `language_id`, `text`) VALUES ('81', '12', '3', 'Evening');
INSERT INTO `oc_product_attribute` (`product_id`, `attribute_id`, `language_id`, `text`) VALUES ('64', '13', '3', 'Summer');
INSERT INTO `oc_product_attribute` (`product_id`, `attribute_id`, `language_id`, `text`) VALUES ('64', '12', '3', 'Daytime');
INSERT INTO `oc_product_attribute` (`product_id`, `attribute_id`, `language_id`, `text`) VALUES ('77', '14', '3', 'Mini');
INSERT INTO `oc_product_attribute` (`product_id`, `attribute_id`, `language_id`, `text`) VALUES ('77', '13', '3', 'Casual');
INSERT INTO `oc_product_attribute` (`product_id`, `attribute_id`, `language_id`, `text`) VALUES ('77', '12', '3', 'Party');
INSERT INTO `oc_product_attribute` (`product_id`, `attribute_id`, `language_id`, `text`) VALUES ('87', '13', '3', 'Casual');
INSERT INTO `oc_product_attribute` (`product_id`, `attribute_id`, `language_id`, `text`) VALUES ('87', '12', '3', 'Daytime');
INSERT INTO `oc_product_attribute` (`product_id`, `attribute_id`, `language_id`, `text`) VALUES ('89', '13', '3', 'Going Out');
INSERT INTO `oc_product_attribute` (`product_id`, `attribute_id`, `language_id`, `text`) VALUES ('89', '13', '1', 'Going Out');
INSERT INTO `oc_product_attribute` (`product_id`, `attribute_id`, `language_id`, `text`) VALUES ('76', '14', '3', 'Midi');
INSERT INTO `oc_product_attribute` (`product_id`, `attribute_id`, `language_id`, `text`) VALUES ('76', '13', '3', 'Summer');
INSERT INTO `oc_product_attribute` (`product_id`, `attribute_id`, `language_id`, `text`) VALUES ('76', '12', '3', 'Office');
INSERT INTO `oc_product_attribute` (`product_id`, `attribute_id`, `language_id`, `text`) VALUES ('65', '14', '3', 'Mini');
INSERT INTO `oc_product_attribute` (`product_id`, `attribute_id`, `language_id`, `text`) VALUES ('65', '20', '3', 'Strapless');
INSERT INTO `oc_product_attribute` (`product_id`, `attribute_id`, `language_id`, `text`) VALUES ('51', '12', '3', 'Daytime');
INSERT INTO `oc_product_attribute` (`product_id`, `attribute_id`, `language_id`, `text`) VALUES ('59', '13', '3', 'Skirt');
INSERT INTO `oc_product_attribute` (`product_id`, `attribute_id`, `language_id`, `text`) VALUES ('60', '14', '1', 'Mini');
INSERT INTO `oc_product_attribute` (`product_id`, `attribute_id`, `language_id`, `text`) VALUES ('151', '16', '3', 'Non Leather');
INSERT INTO `oc_product_attribute` (`product_id`, `attribute_id`, `language_id`, `text`) VALUES ('86', '16', '3', 'Leather');
INSERT INTO `oc_product_attribute` (`product_id`, `attribute_id`, `language_id`, `text`) VALUES ('149', '16', '3', 'Leather');
INSERT INTO `oc_product_attribute` (`product_id`, `attribute_id`, `language_id`, `text`) VALUES ('165', '16', '3', 'Non Leather');
INSERT INTO `oc_product_attribute` (`product_id`, `attribute_id`, `language_id`, `text`) VALUES ('235', '25', '3', 'Cold');
INSERT INTO `oc_product_attribute` (`product_id`, `attribute_id`, `language_id`, `text`) VALUES ('157', '18', '3', 'Face');
INSERT INTO `oc_product_attribute` (`product_id`, `attribute_id`, `language_id`, `text`) VALUES ('155', '18', '3', 'Eyes');
INSERT INTO `oc_product_attribute` (`product_id`, `attribute_id`, `language_id`, `text`) VALUES ('156', '18', '3', 'Lips');
INSERT INTO `oc_product_attribute` (`product_id`, `attribute_id`, `language_id`, `text`) VALUES ('158', '18', '3', 'Eyes');
INSERT INTO `oc_product_attribute` (`product_id`, `attribute_id`, `language_id`, `text`) VALUES ('153', '15', '3', 'Cashmere');
INSERT INTO `oc_product_attribute` (`product_id`, `attribute_id`, `language_id`, `text`) VALUES ('182', '15', '3', 'Cotton');
INSERT INTO `oc_product_attribute` (`product_id`, `attribute_id`, `language_id`, `text`) VALUES ('154', '15', '3', 'Lace');
INSERT INTO `oc_product_attribute` (`product_id`, `attribute_id`, `language_id`, `text`) VALUES ('152', '15', '3', 'Lace');
INSERT INTO `oc_product_attribute` (`product_id`, `attribute_id`, `language_id`, `text`) VALUES ('240', '16', '3', 'Leather');
INSERT INTO `oc_product_attribute` (`product_id`, `attribute_id`, `language_id`, `text`) VALUES ('255', '16', '3', 'Leather');
INSERT INTO `oc_product_attribute` (`product_id`, `attribute_id`, `language_id`, `text`) VALUES ('183', '16', '3', 'Non Leather');
INSERT INTO `oc_product_attribute` (`product_id`, `attribute_id`, `language_id`, `text`) VALUES ('273', '26', '1', 'Sample 1');
INSERT INTO `oc_product_attribute` (`product_id`, `attribute_id`, `language_id`, `text`) VALUES ('62', '20', '3', '3/4 Lenght Sleeve');
INSERT INTO `oc_product_attribute` (`product_id`, `attribute_id`, `language_id`, `text`) VALUES ('68', '20', '3', 'Long Sleeve');
INSERT INTO `oc_product_attribute` (`product_id`, `attribute_id`, `language_id`, `text`) VALUES ('252', '20', '3', 'Long Sleeve');
INSERT INTO `oc_product_attribute` (`product_id`, `attribute_id`, `language_id`, `text`) VALUES ('67', '20', '3', 'Strapless');
INSERT INTO `oc_product_attribute` (`product_id`, `attribute_id`, `language_id`, `text`) VALUES ('72', '20', '3', 'Long Sleeve');
INSERT INTO `oc_product_attribute` (`product_id`, `attribute_id`, `language_id`, `text`) VALUES ('59', '14', '3', 'Mini');
INSERT INTO `oc_product_attribute` (`product_id`, `attribute_id`, `language_id`, `text`) VALUES ('79', '20', '3', 'Long Sleeve');
INSERT INTO `oc_product_attribute` (`product_id`, `attribute_id`, `language_id`, `text`) VALUES ('208', '25', '3', 'Cold');
INSERT INTO `oc_product_attribute` (`product_id`, `attribute_id`, `language_id`, `text`) VALUES ('88', '20', '3', 'Short Sleeve');
INSERT INTO `oc_product_attribute` (`product_id`, `attribute_id`, `language_id`, `text`) VALUES ('85', '20', '3', 'Sleeveless');
INSERT INTO `oc_product_attribute` (`product_id`, `attribute_id`, `language_id`, `text`) VALUES ('82', '20', '3', '3/4 Lenght Sleeve');
INSERT INTO `oc_product_attribute` (`product_id`, `attribute_id`, `language_id`, `text`) VALUES ('80', '20', '3', 'Long Sleeve');
INSERT INTO `oc_product_attribute` (`product_id`, `attribute_id`, `language_id`, `text`) VALUES ('57', '12', '3', 'Evening');
INSERT INTO `oc_product_attribute` (`product_id`, `attribute_id`, `language_id`, `text`) VALUES ('74', '13', '3', 'Casual');
INSERT INTO `oc_product_attribute` (`product_id`, `attribute_id`, `language_id`, `text`) VALUES ('74', '12', '3', 'Wedding');
INSERT INTO `oc_product_attribute` (`product_id`, `attribute_id`, `language_id`, `text`) VALUES ('60', '12', '1', 'Evening');
INSERT INTO `oc_product_attribute` (`product_id`, `attribute_id`, `language_id`, `text`) VALUES ('50', '20', '3', '3/4 Lenght Sleeve');
INSERT INTO `oc_product_attribute` (`product_id`, `attribute_id`, `language_id`, `text`) VALUES ('51', '14', '3', 'Mini');
INSERT INTO `oc_product_attribute` (`product_id`, `attribute_id`, `language_id`, `text`) VALUES ('83', '14', '3', 'Midi');
INSERT INTO `oc_product_attribute` (`product_id`, `attribute_id`, `language_id`, `text`) VALUES ('240', '19', '3', 'Mid');
INSERT INTO `oc_product_attribute` (`product_id`, `attribute_id`, `language_id`, `text`) VALUES ('54', '20', '3', 'Short Sleeve');
INSERT INTO `oc_product_attribute` (`product_id`, `attribute_id`, `language_id`, `text`) VALUES ('55', '13', '3', 'Going Out');
INSERT INTO `oc_product_attribute` (`product_id`, `attribute_id`, `language_id`, `text`) VALUES ('55', '12', '3', 'Evening');
INSERT INTO `oc_product_attribute` (`product_id`, `attribute_id`, `language_id`, `text`) VALUES ('70', '14', '3', 'Midi');
INSERT INTO `oc_product_attribute` (`product_id`, `attribute_id`, `language_id`, `text`) VALUES ('78', '20', '3', 'Sleeveless');
INSERT INTO `oc_product_attribute` (`product_id`, `attribute_id`, `language_id`, `text`) VALUES ('255', '19', '3', 'Flat');
INSERT INTO `oc_product_attribute` (`product_id`, `attribute_id`, `language_id`, `text`) VALUES ('75', '14', '3', 'Maxi');
INSERT INTO `oc_product_attribute` (`product_id`, `attribute_id`, `language_id`, `text`) VALUES ('75', '20', '3', 'Strapless');
INSERT INTO `oc_product_attribute` (`product_id`, `attribute_id`, `language_id`, `text`) VALUES ('52', '20', '3', '3/4 Lenght Sleeve');
INSERT INTO `oc_product_attribute` (`product_id`, `attribute_id`, `language_id`, `text`) VALUES ('73', '20', '3', '3/4 Lenght Sleeve');
INSERT INTO `oc_product_attribute` (`product_id`, `attribute_id`, `language_id`, `text`) VALUES ('56', '14', '3', 'Mini');
INSERT INTO `oc_product_attribute` (`product_id`, `attribute_id`, `language_id`, `text`) VALUES ('56', '20', '3', 'Sleeveless');
INSERT INTO `oc_product_attribute` (`product_id`, `attribute_id`, `language_id`, `text`) VALUES ('71', '12', '3', 'Party');
INSERT INTO `oc_product_attribute` (`product_id`, `attribute_id`, `language_id`, `text`) VALUES ('81', '14', '3', 'Maxi');
INSERT INTO `oc_product_attribute` (`product_id`, `attribute_id`, `language_id`, `text`) VALUES ('81', '20', '3', 'Sleeveless');
INSERT INTO `oc_product_attribute` (`product_id`, `attribute_id`, `language_id`, `text`) VALUES ('64', '14', '3', 'Maxi');
INSERT INTO `oc_product_attribute` (`product_id`, `attribute_id`, `language_id`, `text`) VALUES ('64', '20', '3', 'Short Sleeve');
INSERT INTO `oc_product_attribute` (`product_id`, `attribute_id`, `language_id`, `text`) VALUES ('183', '19', '3', 'Flat');
INSERT INTO `oc_product_attribute` (`product_id`, `attribute_id`, `language_id`, `text`) VALUES ('77', '20', '3', 'Short Sleeve');
INSERT INTO `oc_product_attribute` (`product_id`, `attribute_id`, `language_id`, `text`) VALUES ('87', '14', '3', 'Mini');
INSERT INTO `oc_product_attribute` (`product_id`, `attribute_id`, `language_id`, `text`) VALUES ('87', '20', '3', 'Sleeveless');
INSERT INTO `oc_product_attribute` (`product_id`, `attribute_id`, `language_id`, `text`) VALUES ('89', '12', '3', 'Party');
INSERT INTO `oc_product_attribute` (`product_id`, `attribute_id`, `language_id`, `text`) VALUES ('76', '20', '3', 'Strapless');
INSERT INTO `oc_product_attribute` (`product_id`, `attribute_id`, `language_id`, `text`) VALUES ('65', '13', '3', 'Summer');
INSERT INTO `oc_product_attribute` (`product_id`, `attribute_id`, `language_id`, `text`) VALUES ('65', '12', '3', 'Wedding');
INSERT INTO `oc_product_attribute` (`product_id`, `attribute_id`, `language_id`, `text`) VALUES ('191', '22', '3', 'Sweet');
INSERT INTO `oc_product_attribute` (`product_id`, `attribute_id`, `language_id`, `text`) VALUES ('192', '24', '3', 'Fruits');
INSERT INTO `oc_product_attribute` (`product_id`, `attribute_id`, `language_id`, `text`) VALUES ('193', '22', '3', 'Salty');
INSERT INTO `oc_product_attribute` (`product_id`, `attribute_id`, `language_id`, `text`) VALUES ('194', '24', '3', 'Cereals');
INSERT INTO `oc_product_attribute` (`product_id`, `attribute_id`, `language_id`, `text`) VALUES ('189', '25', '3', 'Cold');
INSERT INTO `oc_product_attribute` (`product_id`, `attribute_id`, `language_id`, `text`) VALUES ('190', '22', '3', 'Salty');
INSERT INTO `oc_product_attribute` (`product_id`, `attribute_id`, `language_id`, `text`) VALUES ('195', '24', '3', 'Chocolate');
INSERT INTO `oc_product_attribute` (`product_id`, `attribute_id`, `language_id`, `text`) VALUES ('196', '22', '3', 'Sweet');
INSERT INTO `oc_product_attribute` (`product_id`, `attribute_id`, `language_id`, `text`) VALUES ('199', '24', '3', 'Fruits');
INSERT INTO `oc_product_attribute` (`product_id`, `attribute_id`, `language_id`, `text`) VALUES ('197', '22', '3', 'Sweet');
INSERT INTO `oc_product_attribute` (`product_id`, `attribute_id`, `language_id`, `text`) VALUES ('198', '22', '3', 'Sweet');
INSERT INTO `oc_product_attribute` (`product_id`, `attribute_id`, `language_id`, `text`) VALUES ('200', '25', '3', 'Cold');
INSERT INTO `oc_product_attribute` (`product_id`, `attribute_id`, `language_id`, `text`) VALUES ('203', '22', '3', 'Sour');
INSERT INTO `oc_product_attribute` (`product_id`, `attribute_id`, `language_id`, `text`) VALUES ('202', '25', '3', 'Hot');
INSERT INTO `oc_product_attribute` (`product_id`, `attribute_id`, `language_id`, `text`) VALUES ('201', '22', '3', 'Bitter');
INSERT INTO `oc_product_attribute` (`product_id`, `attribute_id`, `language_id`, `text`) VALUES ('205', '25', '3', 'Hot');
INSERT INTO `oc_product_attribute` (`product_id`, `attribute_id`, `language_id`, `text`) VALUES ('206', '22', '3', 'Sour');
INSERT INTO `oc_product_attribute` (`product_id`, `attribute_id`, `language_id`, `text`) VALUES ('204', '22', '3', 'Salty');
INSERT INTO `oc_product_attribute` (`product_id`, `attribute_id`, `language_id`, `text`) VALUES ('218', '24', '3', 'Spaghetti');
INSERT INTO `oc_product_attribute` (`product_id`, `attribute_id`, `language_id`, `text`) VALUES ('219', '24', '3', 'Vegetables');
INSERT INTO `oc_product_attribute` (`product_id`, `attribute_id`, `language_id`, `text`) VALUES ('215', '22', '3', 'Salty');
INSERT INTO `oc_product_attribute` (`product_id`, `attribute_id`, `language_id`, `text`) VALUES ('213', '22', '3', 'Salty');
INSERT INTO `oc_product_attribute` (`product_id`, `attribute_id`, `language_id`, `text`) VALUES ('216', '22', '3', 'Bitter');
INSERT INTO `oc_product_attribute` (`product_id`, `attribute_id`, `language_id`, `text`) VALUES ('214', '22', '3', 'Sour');
INSERT INTO `oc_product_attribute` (`product_id`, `attribute_id`, `language_id`, `text`) VALUES ('217', '22', '3', 'Salty');
INSERT INTO `oc_product_attribute` (`product_id`, `attribute_id`, `language_id`, `text`) VALUES ('212', '22', '3', 'Salty');
INSERT INTO `oc_product_attribute` (`product_id`, `attribute_id`, `language_id`, `text`) VALUES ('207', '22', '3', 'Sour');
INSERT INTO `oc_product_attribute` (`product_id`, `attribute_id`, `language_id`, `text`) VALUES ('211', '25', '3', 'Hot');
INSERT INTO `oc_product_attribute` (`product_id`, `attribute_id`, `language_id`, `text`) VALUES ('208', '22', '3', 'Salty');
INSERT INTO `oc_product_attribute` (`product_id`, `attribute_id`, `language_id`, `text`) VALUES ('209', '22', '3', 'Bitter');
INSERT INTO `oc_product_attribute` (`product_id`, `attribute_id`, `language_id`, `text`) VALUES ('210', '22', '3', 'Salty');
INSERT INTO `oc_product_attribute` (`product_id`, `attribute_id`, `language_id`, `text`) VALUES ('222', '25', '3', 'Cold');
INSERT INTO `oc_product_attribute` (`product_id`, `attribute_id`, `language_id`, `text`) VALUES ('223', '22', '3', 'Sweet');
INSERT INTO `oc_product_attribute` (`product_id`, `attribute_id`, `language_id`, `text`) VALUES ('224', '22', '3', 'Salty');
INSERT INTO `oc_product_attribute` (`product_id`, `attribute_id`, `language_id`, `text`) VALUES ('221', '22', '3', 'Sweet');
INSERT INTO `oc_product_attribute` (`product_id`, `attribute_id`, `language_id`, `text`) VALUES ('220', '22', '3', 'Bitter');
INSERT INTO `oc_product_attribute` (`product_id`, `attribute_id`, `language_id`, `text`) VALUES ('230', '24', '3', 'Vegetables');
INSERT INTO `oc_product_attribute` (`product_id`, `attribute_id`, `language_id`, `text`) VALUES ('228', '22', '3', 'Sour');
INSERT INTO `oc_product_attribute` (`product_id`, `attribute_id`, `language_id`, `text`) VALUES ('226', '24', '3', 'Fish');
INSERT INTO `oc_product_attribute` (`product_id`, `attribute_id`, `language_id`, `text`) VALUES ('229', '24', '3', 'Fish');
INSERT INTO `oc_product_attribute` (`product_id`, `attribute_id`, `language_id`, `text`) VALUES ('227', '22', '3', 'Salty');
INSERT INTO `oc_product_attribute` (`product_id`, `attribute_id`, `language_id`, `text`) VALUES ('230', '25', '3', 'Hot');
INSERT INTO `oc_product_attribute` (`product_id`, `attribute_id`, `language_id`, `text`) VALUES ('229', '25', '3', 'Cold');
INSERT INTO `oc_product_attribute` (`product_id`, `attribute_id`, `language_id`, `text`) VALUES ('228', '25', '3', 'Cold');
INSERT INTO `oc_product_attribute` (`product_id`, `attribute_id`, `language_id`, `text`) VALUES ('228', '24', '3', 'Turkey');
INSERT INTO `oc_product_attribute` (`product_id`, `attribute_id`, `language_id`, `text`) VALUES ('230', '22', '3', 'Salty');
INSERT INTO `oc_product_attribute` (`product_id`, `attribute_id`, `language_id`, `text`) VALUES ('226', '22', '3', 'Bitter');
INSERT INTO `oc_product_attribute` (`product_id`, `attribute_id`, `language_id`, `text`) VALUES ('229', '22', '3', 'Sour');
INSERT INTO `oc_product_attribute` (`product_id`, `attribute_id`, `language_id`, `text`) VALUES ('227', '24', '3', 'Salad');
INSERT INTO `oc_product_attribute` (`product_id`, `attribute_id`, `language_id`, `text`) VALUES ('227', '25', '3', 'Cold');
INSERT INTO `oc_product_attribute` (`product_id`, `attribute_id`, `language_id`, `text`) VALUES ('225', '22', '3', 'Bitter');
INSERT INTO `oc_product_attribute` (`product_id`, `attribute_id`, `language_id`, `text`) VALUES ('225', '24', '3', 'Cheese');
INSERT INTO `oc_product_attribute` (`product_id`, `attribute_id`, `language_id`, `text`) VALUES ('225', '25', '3', 'Hot');
INSERT INTO `oc_product_attribute` (`product_id`, `attribute_id`, `language_id`, `text`) VALUES ('236', '22', '3', 'Bitter');
INSERT INTO `oc_product_attribute` (`product_id`, `attribute_id`, `language_id`, `text`) VALUES ('236', '24', '3', 'Avocado');
INSERT INTO `oc_product_attribute` (`product_id`, `attribute_id`, `language_id`, `text`) VALUES ('236', '25', '3', 'Cold');
INSERT INTO `oc_product_attribute` (`product_id`, `attribute_id`, `language_id`, `text`) VALUES ('234', '22', '3', 'Sour');
INSERT INTO `oc_product_attribute` (`product_id`, `attribute_id`, `language_id`, `text`) VALUES ('234', '25', '3', 'Cold');
INSERT INTO `oc_product_attribute` (`product_id`, `attribute_id`, `language_id`, `text`) VALUES ('234', '24', '3', 'Rice');
INSERT INTO `oc_product_attribute` (`product_id`, `attribute_id`, `language_id`, `text`) VALUES ('235', '24', '3', 'Fish');
INSERT INTO `oc_product_attribute` (`product_id`, `attribute_id`, `language_id`, `text`) VALUES ('235', '22', '3', 'Salty');
INSERT INTO `oc_product_attribute` (`product_id`, `attribute_id`, `language_id`, `text`) VALUES ('231', '22', '3', 'Sweet');
INSERT INTO `oc_product_attribute` (`product_id`, `attribute_id`, `language_id`, `text`) VALUES ('231', '24', '3', 'Fish');
INSERT INTO `oc_product_attribute` (`product_id`, `attribute_id`, `language_id`, `text`) VALUES ('231', '25', '3', 'Hot');
INSERT INTO `oc_product_attribute` (`product_id`, `attribute_id`, `language_id`, `text`) VALUES ('232', '22', '3', 'Bitter');
INSERT INTO `oc_product_attribute` (`product_id`, `attribute_id`, `language_id`, `text`) VALUES ('232', '24', '3', 'Avocado');
INSERT INTO `oc_product_attribute` (`product_id`, `attribute_id`, `language_id`, `text`) VALUES ('232', '25', '3', 'Cold');
INSERT INTO `oc_product_attribute` (`product_id`, `attribute_id`, `language_id`, `text`) VALUES ('233', '24', '3', 'Rice');
INSERT INTO `oc_product_attribute` (`product_id`, `attribute_id`, `language_id`, `text`) VALUES ('233', '22', '3', 'Salty');
INSERT INTO `oc_product_attribute` (`product_id`, `attribute_id`, `language_id`, `text`) VALUES ('191', '25', '3', 'Hot');
INSERT INTO `oc_product_attribute` (`product_id`, `attribute_id`, `language_id`, `text`) VALUES ('191', '24', '3', 'Honey');
INSERT INTO `oc_product_attribute` (`product_id`, `attribute_id`, `language_id`, `text`) VALUES ('192', '22', '3', 'Sweet');
INSERT INTO `oc_product_attribute` (`product_id`, `attribute_id`, `language_id`, `text`) VALUES ('193', '24', '3', 'Eggs');
INSERT INTO `oc_product_attribute` (`product_id`, `attribute_id`, `language_id`, `text`) VALUES ('193', '25', '3', 'Hot');
INSERT INTO `oc_product_attribute` (`product_id`, `attribute_id`, `language_id`, `text`) VALUES ('194', '22', '3', 'Sweet');
INSERT INTO `oc_product_attribute` (`product_id`, `attribute_id`, `language_id`, `text`) VALUES ('189', '24', '3', 'Fruits');
INSERT INTO `oc_product_attribute` (`product_id`, `attribute_id`, `language_id`, `text`) VALUES ('189', '22', '3', 'Sweet');
INSERT INTO `oc_product_attribute` (`product_id`, `attribute_id`, `language_id`, `text`) VALUES ('192', '25', '3', 'Cold');
INSERT INTO `oc_product_attribute` (`product_id`, `attribute_id`, `language_id`, `text`) VALUES ('190', '25', '3', 'Hot');
INSERT INTO `oc_product_attribute` (`product_id`, `attribute_id`, `language_id`, `text`) VALUES ('190', '24', '3', 'Eggs');
INSERT INTO `oc_product_attribute` (`product_id`, `attribute_id`, `language_id`, `text`) VALUES ('195', '22', '3', 'Sweet');
INSERT INTO `oc_product_attribute` (`product_id`, `attribute_id`, `language_id`, `text`) VALUES ('196', '25', '3', 'Cold');
INSERT INTO `oc_product_attribute` (`product_id`, `attribute_id`, `language_id`, `text`) VALUES ('196', '24', '3', 'Fruits');
INSERT INTO `oc_product_attribute` (`product_id`, `attribute_id`, `language_id`, `text`) VALUES ('199', '22', '3', 'Sweet');
INSERT INTO `oc_product_attribute` (`product_id`, `attribute_id`, `language_id`, `text`) VALUES ('199', '25', '3', 'Cold');
INSERT INTO `oc_product_attribute` (`product_id`, `attribute_id`, `language_id`, `text`) VALUES ('197', '24', '3', 'Chocolate');
INSERT INTO `oc_product_attribute` (`product_id`, `attribute_id`, `language_id`, `text`) VALUES ('197', '25', '3', 'Hot');
INSERT INTO `oc_product_attribute` (`product_id`, `attribute_id`, `language_id`, `text`) VALUES ('198', '24', '3', 'Fruits');
INSERT INTO `oc_product_attribute` (`product_id`, `attribute_id`, `language_id`, `text`) VALUES ('198', '25', '3', 'Hot');
INSERT INTO `oc_product_attribute` (`product_id`, `attribute_id`, `language_id`, `text`) VALUES ('195', '25', '3', 'Hot');
INSERT INTO `oc_product_attribute` (`product_id`, `attribute_id`, `language_id`, `text`) VALUES ('200', '24', '3', 'Icecream');
INSERT INTO `oc_product_attribute` (`product_id`, `attribute_id`, `language_id`, `text`) VALUES ('200', '22', '3', 'Sweet');
INSERT INTO `oc_product_attribute` (`product_id`, `attribute_id`, `language_id`, `text`) VALUES ('203', '25', '3', 'Hot');
INSERT INTO `oc_product_attribute` (`product_id`, `attribute_id`, `language_id`, `text`) VALUES ('203', '24', '3', 'Fish');
INSERT INTO `oc_product_attribute` (`product_id`, `attribute_id`, `language_id`, `text`) VALUES ('202', '24', '3', 'Beef');
INSERT INTO `oc_product_attribute` (`product_id`, `attribute_id`, `language_id`, `text`) VALUES ('202', '22', '3', 'Salty');
INSERT INTO `oc_product_attribute` (`product_id`, `attribute_id`, `language_id`, `text`) VALUES ('201', '24', '3', 'Chicken');
INSERT INTO `oc_product_attribute` (`product_id`, `attribute_id`, `language_id`, `text`) VALUES ('201', '25', '3', 'Hot');
INSERT INTO `oc_product_attribute` (`product_id`, `attribute_id`, `language_id`, `text`) VALUES ('205', '24', '3', 'Chicken');
INSERT INTO `oc_product_attribute` (`product_id`, `attribute_id`, `language_id`, `text`) VALUES ('205', '22', '3', 'Salty');
INSERT INTO `oc_product_attribute` (`product_id`, `attribute_id`, `language_id`, `text`) VALUES ('206', '25', '3', 'Hot');
INSERT INTO `oc_product_attribute` (`product_id`, `attribute_id`, `language_id`, `text`) VALUES ('206', '24', '3', 'Beef');
INSERT INTO `oc_product_attribute` (`product_id`, `attribute_id`, `language_id`, `text`) VALUES ('204', '24', '3', 'Beef');
INSERT INTO `oc_product_attribute` (`product_id`, `attribute_id`, `language_id`, `text`) VALUES ('204', '25', '3', 'Hot');
INSERT INTO `oc_product_attribute` (`product_id`, `attribute_id`, `language_id`, `text`) VALUES ('218', '22', '3', 'Bitter');
INSERT INTO `oc_product_attribute` (`product_id`, `attribute_id`, `language_id`, `text`) VALUES ('219', '22', '3', 'Sour');
INSERT INTO `oc_product_attribute` (`product_id`, `attribute_id`, `language_id`, `text`) VALUES ('219', '25', '3', 'Hot');
INSERT INTO `oc_product_attribute` (`product_id`, `attribute_id`, `language_id`, `text`) VALUES ('215', '24', '3', 'Cheese');
INSERT INTO `oc_product_attribute` (`product_id`, `attribute_id`, `language_id`, `text`) VALUES ('215', '25', '3', 'Hot');
INSERT INTO `oc_product_attribute` (`product_id`, `attribute_id`, `language_id`, `text`) VALUES ('213', '25', '3', 'Cold');
INSERT INTO `oc_product_attribute` (`product_id`, `attribute_id`, `language_id`, `text`) VALUES ('213', '24', '3', 'Vegetables');
INSERT INTO `oc_product_attribute` (`product_id`, `attribute_id`, `language_id`, `text`) VALUES ('216', '24', '3', 'Fish');
INSERT INTO `oc_product_attribute` (`product_id`, `attribute_id`, `language_id`, `text`) VALUES ('216', '25', '3', 'Hot');
INSERT INTO `oc_product_attribute` (`product_id`, `attribute_id`, `language_id`, `text`) VALUES ('214', '24', '3', 'Cheese');
INSERT INTO `oc_product_attribute` (`product_id`, `attribute_id`, `language_id`, `text`) VALUES ('214', '25', '3', 'Cold');
INSERT INTO `oc_product_attribute` (`product_id`, `attribute_id`, `language_id`, `text`) VALUES ('217', '24', '3', 'Spaghetti');
INSERT INTO `oc_product_attribute` (`product_id`, `attribute_id`, `language_id`, `text`) VALUES ('217', '25', '3', 'Hot');
INSERT INTO `oc_product_attribute` (`product_id`, `attribute_id`, `language_id`, `text`) VALUES ('212', '24', '3', 'Beef');
INSERT INTO `oc_product_attribute` (`product_id`, `attribute_id`, `language_id`, `text`) VALUES ('212', '25', '3', 'Hot');
INSERT INTO `oc_product_attribute` (`product_id`, `attribute_id`, `language_id`, `text`) VALUES ('207', '24', '3', 'Vegetables');
INSERT INTO `oc_product_attribute` (`product_id`, `attribute_id`, `language_id`, `text`) VALUES ('207', '25', '3', 'Cold');
INSERT INTO `oc_product_attribute` (`product_id`, `attribute_id`, `language_id`, `text`) VALUES ('211', '24', '3', 'Beef');
INSERT INTO `oc_product_attribute` (`product_id`, `attribute_id`, `language_id`, `text`) VALUES ('211', '22', '3', 'Bitter');
INSERT INTO `oc_product_attribute` (`product_id`, `attribute_id`, `language_id`, `text`) VALUES ('208', '24', '3', 'Chicken');
INSERT INTO `oc_product_attribute` (`product_id`, `attribute_id`, `language_id`, `text`) VALUES ('209', '24', '3', 'Turkey');
INSERT INTO `oc_product_attribute` (`product_id`, `attribute_id`, `language_id`, `text`) VALUES ('209', '25', '3', 'Hot');
INSERT INTO `oc_product_attribute` (`product_id`, `attribute_id`, `language_id`, `text`) VALUES ('210', '24', '3', 'Vegetables');
INSERT INTO `oc_product_attribute` (`product_id`, `attribute_id`, `language_id`, `text`) VALUES ('210', '25', '3', 'Hot');
INSERT INTO `oc_product_attribute` (`product_id`, `attribute_id`, `language_id`, `text`) VALUES ('222', '24', '3', 'Vegetables');
INSERT INTO `oc_product_attribute` (`product_id`, `attribute_id`, `language_id`, `text`) VALUES ('222', '22', '3', 'Sour');
INSERT INTO `oc_product_attribute` (`product_id`, `attribute_id`, `language_id`, `text`) VALUES ('223', '24', '3', 'Chicken');
INSERT INTO `oc_product_attribute` (`product_id`, `attribute_id`, `language_id`, `text`) VALUES ('223', '25', '3', 'Hot');
INSERT INTO `oc_product_attribute` (`product_id`, `attribute_id`, `language_id`, `text`) VALUES ('224', '24', '3', 'Cheese');
INSERT INTO `oc_product_attribute` (`product_id`, `attribute_id`, `language_id`, `text`) VALUES ('224', '25', '3', 'Cold');
INSERT INTO `oc_product_attribute` (`product_id`, `attribute_id`, `language_id`, `text`) VALUES ('221', '24', '3', 'Salad');
INSERT INTO `oc_product_attribute` (`product_id`, `attribute_id`, `language_id`, `text`) VALUES ('221', '25', '3', 'Cold');
INSERT INTO `oc_product_attribute` (`product_id`, `attribute_id`, `language_id`, `text`) VALUES ('220', '24', '3', 'Vegetables');
INSERT INTO `oc_product_attribute` (`product_id`, `attribute_id`, `language_id`, `text`) VALUES ('220', '25', '3', 'Cold');
INSERT INTO `oc_product_attribute` (`product_id`, `attribute_id`, `language_id`, `text`) VALUES ('256', '26', '3', 'Sample 2');
INSERT INTO `oc_product_attribute` (`product_id`, `attribute_id`, `language_id`, `text`) VALUES ('257', '26', '3', 'Sample 1');
INSERT INTO `oc_product_attribute` (`product_id`, `attribute_id`, `language_id`, `text`) VALUES ('257', '16', '3', 'Leather');
INSERT INTO `oc_product_attribute` (`product_id`, `attribute_id`, `language_id`, `text`) VALUES ('257', '13', '3', 'Party');
INSERT INTO `oc_product_attribute` (`product_id`, `attribute_id`, `language_id`, `text`) VALUES ('256', '16', '3', 'Non Leather');
INSERT INTO `oc_product_attribute` (`product_id`, `attribute_id`, `language_id`, `text`) VALUES ('256', '13', '3', 'Daytime');
INSERT INTO `oc_product_attribute` (`product_id`, `attribute_id`, `language_id`, `text`) VALUES ('257', '27', '3', 'Example 2');
INSERT INTO `oc_product_attribute` (`product_id`, `attribute_id`, `language_id`, `text`) VALUES ('258', '13', '3', 'Formal');
INSERT INTO `oc_product_attribute` (`product_id`, `attribute_id`, `language_id`, `text`) VALUES ('258', '13', '1', 'Formal');
INSERT INTO `oc_product_attribute` (`product_id`, `attribute_id`, `language_id`, `text`) VALUES ('259', '16', '3', 'Leather');
INSERT INTO `oc_product_attribute` (`product_id`, `attribute_id`, `language_id`, `text`) VALUES ('259', '26', '3', 'Sample 2');
INSERT INTO `oc_product_attribute` (`product_id`, `attribute_id`, `language_id`, `text`) VALUES ('259', '13', '3', 'Formal');
INSERT INTO `oc_product_attribute` (`product_id`, `attribute_id`, `language_id`, `text`) VALUES ('260', '26', '3', 'Sample 3');
INSERT INTO `oc_product_attribute` (`product_id`, `attribute_id`, `language_id`, `text`) VALUES ('260', '27', '3', 'Example 3');
INSERT INTO `oc_product_attribute` (`product_id`, `attribute_id`, `language_id`, `text`) VALUES ('260', '16', '3', 'Non Leather');
INSERT INTO `oc_product_attribute` (`product_id`, `attribute_id`, `language_id`, `text`) VALUES ('260', '13', '3', 'Hike');
INSERT INTO `oc_product_attribute` (`product_id`, `attribute_id`, `language_id`, `text`) VALUES ('261', '15', '3', 'Leather');
INSERT INTO `oc_product_attribute` (`product_id`, `attribute_id`, `language_id`, `text`) VALUES ('261', '26', '3', 'Sample 3');
INSERT INTO `oc_product_attribute` (`product_id`, `attribute_id`, `language_id`, `text`) VALUES ('262', '15', '1', 'Non Leather');
INSERT INTO `oc_product_attribute` (`product_id`, `attribute_id`, `language_id`, `text`) VALUES ('262', '15', '3', 'Non Leather');
INSERT INTO `oc_product_attribute` (`product_id`, `attribute_id`, `language_id`, `text`) VALUES ('262', '13', '3', 'Daytime');
INSERT INTO `oc_product_attribute` (`product_id`, `attribute_id`, `language_id`, `text`) VALUES ('263', '13', '3', 'Hike');
INSERT INTO `oc_product_attribute` (`product_id`, `attribute_id`, `language_id`, `text`) VALUES ('263', '13', '1', 'Hike');
INSERT INTO `oc_product_attribute` (`product_id`, `attribute_id`, `language_id`, `text`) VALUES ('264', '13', '3', 'Formal');
INSERT INTO `oc_product_attribute` (`product_id`, `attribute_id`, `language_id`, `text`) VALUES ('264', '26', '3', 'Sample 3');
INSERT INTO `oc_product_attribute` (`product_id`, `attribute_id`, `language_id`, `text`) VALUES ('263', '26', '3', 'Sample 1');
INSERT INTO `oc_product_attribute` (`product_id`, `attribute_id`, `language_id`, `text`) VALUES ('259', '27', '3', 'Example 2');
INSERT INTO `oc_product_attribute` (`product_id`, `attribute_id`, `language_id`, `text`) VALUES ('265', '13', '3', 'Party');
INSERT INTO `oc_product_attribute` (`product_id`, `attribute_id`, `language_id`, `text`) VALUES ('265', '26', '3', 'Sample 1');
INSERT INTO `oc_product_attribute` (`product_id`, `attribute_id`, `language_id`, `text`) VALUES ('266', '26', '3', 'Sample 1');
INSERT INTO `oc_product_attribute` (`product_id`, `attribute_id`, `language_id`, `text`) VALUES ('266', '27', '3', 'Example 3');
INSERT INTO `oc_product_attribute` (`product_id`, `attribute_id`, `language_id`, `text`) VALUES ('265', '27', '3', 'Example 2');
INSERT INTO `oc_product_attribute` (`product_id`, `attribute_id`, `language_id`, `text`) VALUES ('262', '26', '1', 'Sample 2');
INSERT INTO `oc_product_attribute` (`product_id`, `attribute_id`, `language_id`, `text`) VALUES ('266', '16', '3', 'Non Leather');
INSERT INTO `oc_product_attribute` (`product_id`, `attribute_id`, `language_id`, `text`) VALUES ('266', '13', '3', 'Party');
INSERT INTO `oc_product_attribute` (`product_id`, `attribute_id`, `language_id`, `text`) VALUES ('267', '16', '3', 'Leather');
INSERT INTO `oc_product_attribute` (`product_id`, `attribute_id`, `language_id`, `text`) VALUES ('267', '26', '3', 'Sample 2');
INSERT INTO `oc_product_attribute` (`product_id`, `attribute_id`, `language_id`, `text`) VALUES ('267', '13', '3', 'Formal');
INSERT INTO `oc_product_attribute` (`product_id`, `attribute_id`, `language_id`, `text`) VALUES ('268', '13', '3', 'Daytime');
INSERT INTO `oc_product_attribute` (`product_id`, `attribute_id`, `language_id`, `text`) VALUES ('268', '16', '3', 'Non Leather');
INSERT INTO `oc_product_attribute` (`product_id`, `attribute_id`, `language_id`, `text`) VALUES ('268', '26', '3', 'Sample 1');
INSERT INTO `oc_product_attribute` (`product_id`, `attribute_id`, `language_id`, `text`) VALUES ('268', '27', '3', 'Example 3');
INSERT INTO `oc_product_attribute` (`product_id`, `attribute_id`, `language_id`, `text`) VALUES ('269', '26', '3', 'Sample 2');
INSERT INTO `oc_product_attribute` (`product_id`, `attribute_id`, `language_id`, `text`) VALUES ('269', '26', '1', 'Sample 2');
INSERT INTO `oc_product_attribute` (`product_id`, `attribute_id`, `language_id`, `text`) VALUES ('270', '27', '3', 'Example 1');
INSERT INTO `oc_product_attribute` (`product_id`, `attribute_id`, `language_id`, `text`) VALUES ('270', '26', '3', 'Sample 3');
INSERT INTO `oc_product_attribute` (`product_id`, `attribute_id`, `language_id`, `text`) VALUES ('270', '13', '3', 'Daytime');
INSERT INTO `oc_product_attribute` (`product_id`, `attribute_id`, `language_id`, `text`) VALUES ('269', '13', '3', 'Daytime');
INSERT INTO `oc_product_attribute` (`product_id`, `attribute_id`, `language_id`, `text`) VALUES ('272', '26', '3', 'Sample 2');
INSERT INTO `oc_product_attribute` (`product_id`, `attribute_id`, `language_id`, `text`) VALUES ('271', '13', '1', 'Party');
INSERT INTO `oc_product_attribute` (`product_id`, `attribute_id`, `language_id`, `text`) VALUES ('272', '27', '3', 'Example 3');
INSERT INTO `oc_product_attribute` (`product_id`, `attribute_id`, `language_id`, `text`) VALUES ('273', '13', '1', 'Party');
INSERT INTO `oc_product_attribute` (`product_id`, `attribute_id`, `language_id`, `text`) VALUES ('273', '26', '3', 'Sample 1');
INSERT INTO `oc_product_attribute` (`product_id`, `attribute_id`, `language_id`, `text`) VALUES ('271', '26', '1', 'Sample 3');
INSERT INTO `oc_product_attribute` (`product_id`, `attribute_id`, `language_id`, `text`) VALUES ('272', '13', '3', 'Formal');
INSERT INTO `oc_product_attribute` (`product_id`, `attribute_id`, `language_id`, `text`) VALUES ('261', '27', '3', 'Example 3');
INSERT INTO `oc_product_attribute` (`product_id`, `attribute_id`, `language_id`, `text`) VALUES ('267', '27', '3', 'Example 1');
INSERT INTO `oc_product_attribute` (`product_id`, `attribute_id`, `language_id`, `text`) VALUES ('273', '27', '1', 'Example 2');
INSERT INTO `oc_product_attribute` (`product_id`, `attribute_id`, `language_id`, `text`) VALUES ('264', '27', '3', 'Example 1');
INSERT INTO `oc_product_attribute` (`product_id`, `attribute_id`, `language_id`, `text`) VALUES ('256', '27', '3', 'Example 1');
INSERT INTO `oc_product_attribute` (`product_id`, `attribute_id`, `language_id`, `text`) VALUES ('263', '26', '1', 'Sample 1');
INSERT INTO `oc_product_attribute` (`product_id`, `attribute_id`, `language_id`, `text`) VALUES ('263', '27', '3', 'Example 2');
INSERT INTO `oc_product_attribute` (`product_id`, `attribute_id`, `language_id`, `text`) VALUES ('263', '27', '1', 'Example 2');
INSERT INTO `oc_product_attribute` (`product_id`, `attribute_id`, `language_id`, `text`) VALUES ('194', '24', '1', 'Cereals');
INSERT INTO `oc_product_attribute` (`product_id`, `attribute_id`, `language_id`, `text`) VALUES ('194', '25', '3', 'Cold');
INSERT INTO `oc_product_attribute` (`product_id`, `attribute_id`, `language_id`, `text`) VALUES ('194', '25', '1', 'Cold');
INSERT INTO `oc_product_attribute` (`product_id`, `attribute_id`, `language_id`, `text`) VALUES ('262', '27', '1', 'Example 2');
INSERT INTO `oc_product_attribute` (`product_id`, `attribute_id`, `language_id`, `text`) VALUES ('258', '27', '3', 'Example 3');
INSERT INTO `oc_product_attribute` (`product_id`, `attribute_id`, `language_id`, `text`) VALUES ('258', '27', '1', 'Example 3');
INSERT INTO `oc_product_attribute` (`product_id`, `attribute_id`, `language_id`, `text`) VALUES ('233', '25', '3', 'Cold');
INSERT INTO `oc_product_attribute` (`product_id`, `attribute_id`, `language_id`, `text`) VALUES ('233', '25', '1', 'Cold');
INSERT INTO `oc_product_attribute` (`product_id`, `attribute_id`, `language_id`, `text`) VALUES ('218', '25', '1', 'Hot');
INSERT INTO `oc_product_attribute` (`product_id`, `attribute_id`, `language_id`, `text`) VALUES ('271', '26', '3', 'Sample 3');
INSERT INTO `oc_product_attribute` (`product_id`, `attribute_id`, `language_id`, `text`) VALUES ('271', '27', '1', 'Example 3');
INSERT INTO `oc_product_attribute` (`product_id`, `attribute_id`, `language_id`, `text`) VALUES ('272', '27', '1', 'Example 3');


TRUNCATE TABLE `oc_product_description`;

INSERT INTO `oc_product_description` (`product_id`, `language_id`, `name`, `description`, `tag`, `meta_description`, `meta_keyword`) VALUES ('48', '1', 'iPod Classic', '&lt;div class=&quot;cpt_product_description &quot;&gt;\r\n\t&lt;div&gt;\r\n\t\t&lt;p&gt;\r\n\t\t\t&lt;strong&gt;More room to move.&lt;/strong&gt;&lt;/p&gt;\r\n\t\t&lt;p&gt;\r\n\t\t\tWith 80GB or 160GB of storage and up to 40 hours of battery life, the new iPod classic lets you enjoy up to 40,000 songs or up to 200 hours of video or any combination wherever you go.&lt;/p&gt;\r\n\t\t&lt;p&gt;\r\n\t\t\t&lt;strong&gt;Cover Flow.&lt;/strong&gt;&lt;/p&gt;\r\n\t\t&lt;p&gt;\r\n\t\t\tBrowse through your music collection by flipping through album art. Select an album to turn it over and see the track list.&lt;/p&gt;\r\n\t\t&lt;p&gt;\r\n\t\t\t&lt;strong&gt;Enhanced interface.&lt;/strong&gt;&lt;/p&gt;\r\n\t\t&lt;p&gt;\r\n\t\t\tExperience a whole new way to browse and view your music and video.&lt;/p&gt;\r\n\t\t&lt;p&gt;\r\n\t\t\t&lt;strong&gt;Sleeker design.&lt;/strong&gt;&lt;/p&gt;\r\n\t\t&lt;p&gt;\r\n\t\t\tBeautiful, durable, and sleeker than ever, iPod classic now features an anodized aluminum and polished stainless steel enclosure with rounded edges.&lt;/p&gt;\r\n\t&lt;/div&gt;\r\n&lt;/div&gt;\r\n&lt;!-- cpt_container_end --&gt;', '', '', '');
INSERT INTO `oc_product_description` (`product_id`, `language_id`, `name`, `description`, `tag`, `meta_description`, `meta_keyword`) VALUES ('40', '1', 'iPhone', '&lt;p class=&quot;intro&quot;&gt;\r\n\tiPhone is a revolutionary new mobile phone that allows you to make a call by simply tapping a name or number in your address book, a favorites list, or a call log. It also automatically syncs all your contacts from a PC, Mac, or Internet service. And it lets you select and listen to voicemail messages in whatever order you want just like email.&lt;/p&gt;\r\n', '', '', '');
INSERT INTO `oc_product_description` (`product_id`, `language_id`, `name`, `description`, `tag`, `meta_description`, `meta_keyword`) VALUES ('28', '1', 'HTC Touch HD', '&lt;p&gt;\r\n\tHTC Touch - in High Definition. Watch music videos and streaming content in awe-inspiring high definition clarity for a mobile experience you never thought possible. Seductively sleek, the HTC Touch HD provides the next generation of mobile functionality, all at a simple touch. Fully integrated with Windows Mobile Professional 6.1, ultrafast 3.5G, GPS, 5MP camera, plus lots more - all delivered on a breathtakingly crisp 3.8&amp;quot; WVGA touchscreen - you can take control of your mobile world with the HTC Touch HD.&lt;/p&gt;\r\n&lt;p&gt;\r\n\t&lt;strong&gt;Features&lt;/strong&gt;&lt;/p&gt;\r\n&lt;ul&gt;\r\n\t&lt;li&gt;\r\n\t\tProcessor Qualcomm&amp;reg; MSM 7201A&amp;trade; 528 MHz&lt;/li&gt;\r\n\t&lt;li&gt;\r\n\t\tWindows Mobile&amp;reg; 6.1 Professional Operating System&lt;/li&gt;\r\n\t&lt;li&gt;\r\n\t\tMemory: 512 MB ROM, 288 MB RAM&lt;/li&gt;\r\n\t&lt;li&gt;\r\n\t\tDimensions: 115 mm x 62.8 mm x 12 mm / 146.4 grams&lt;/li&gt;\r\n\t&lt;li&gt;\r\n\t\t3.8-inch TFT-LCD flat touch-sensitive screen with 480 x 800 WVGA resolution&lt;/li&gt;\r\n\t&lt;li&gt;\r\n\t\tHSDPA/WCDMA: Europe/Asia: 900/2100 MHz; Up to 2 Mbps up-link and 7.2 Mbps down-link speeds&lt;/li&gt;\r\n\t&lt;li&gt;\r\n\t\tQuad-band GSM/GPRS/EDGE: Europe/Asia: 850/900/1800/1900 MHz (Band frequency, HSUPA availability, and data speed are operator dependent.)&lt;/li&gt;\r\n\t&lt;li&gt;\r\n\t\tDevice Control via HTC TouchFLO&amp;trade; 3D &amp;amp; Touch-sensitive front panel buttons&lt;/li&gt;\r\n\t&lt;li&gt;\r\n\t\tGPS and A-GPS ready&lt;/li&gt;\r\n\t&lt;li&gt;\r\n\t\tBluetooth&amp;reg; 2.0 with Enhanced Data Rate and A2DP for wireless stereo headsets&lt;/li&gt;\r\n\t&lt;li&gt;\r\n\t\tWi-Fi&amp;reg;: IEEE 802.11 b/g&lt;/li&gt;\r\n\t&lt;li&gt;\r\n\t\tHTC ExtUSB&amp;trade; (11-pin mini-USB 2.0)&lt;/li&gt;\r\n\t&lt;li&gt;\r\n\t\t5 megapixel color camera with auto focus&lt;/li&gt;\r\n\t&lt;li&gt;\r\n\t\tVGA CMOS color camera&lt;/li&gt;\r\n\t&lt;li&gt;\r\n\t\tBuilt-in 3.5 mm audio jack, microphone, speaker, and FM radio&lt;/li&gt;\r\n\t&lt;li&gt;\r\n\t\tRing tone formats: AAC, AAC+, eAAC+, AMR-NB, AMR-WB, QCP, MP3, WMA, WAV&lt;/li&gt;\r\n\t&lt;li&gt;\r\n\t\t40 polyphonic and standard MIDI format 0 and 1 (SMF)/SP MIDI&lt;/li&gt;\r\n\t&lt;li&gt;\r\n\t\tRechargeable Lithium-ion or Lithium-ion polymer 1350 mAh battery&lt;/li&gt;\r\n\t&lt;li&gt;\r\n\t\tExpansion Slot: microSD&amp;trade; memory card (SD 2.0 compatible)&lt;/li&gt;\r\n\t&lt;li&gt;\r\n\t\tAC Adapter Voltage range/frequency: 100 ~ 240V AC, 50/60 Hz DC output: 5V and 1A&lt;/li&gt;\r\n\t&lt;li&gt;\r\n\t\tSpecial Features: FM Radio, G-Sensor&lt;/li&gt;\r\n&lt;/ul&gt;\r\n', '', '', '');
INSERT INTO `oc_product_description` (`product_id`, `language_id`, `name`, `description`, `tag`, `meta_description`, `meta_keyword`) VALUES ('44', '1', 'MacBook Air', '&lt;div&gt;MacBook Air is ultrathin, ultraportable, and ultra unlike anything else. But you don’t lose inches and pounds overnight. It’s the result of rethinking conventions. Of multiple wireless innovations. And of breakthrough design. With MacBook Air, mobile computing suddenly has a new standard.&lt;/div&gt;\r\n', '', '', '');
INSERT INTO `oc_product_description` (`product_id`, `language_id`, `name`, `description`, `tag`, `meta_description`, `meta_keyword`) VALUES ('45', '1', 'MacBook Pro', '&lt;div class=&quot;cpt_product_description &quot;&gt;\r\n\t&lt;div&gt;\r\n\t\t&lt;p&gt;\r\n\t\t\t&lt;b&gt;Latest Intel mobile architecture&lt;/b&gt;&lt;/p&gt;\r\n\t\t&lt;p&gt;\r\n\t\t\tPowered by the most advanced mobile processors from Intel, the new Core 2 Duo MacBook Pro is over 50% faster than the original Core Duo MacBook Pro and now supports up to 4GB of RAM.&lt;/p&gt;\r\n\t\t&lt;p&gt;\r\n\t\t\t&lt;b&gt;Leading-edge graphics&lt;/b&gt;&lt;/p&gt;\r\n\t\t&lt;p&gt;\r\n\t\t\tThe NVIDIA GeForce 8600M GT delivers exceptional graphics processing power. For the ultimate creative canvas, you can even configure the 17-inch model with a 1920-by-1200 resolution display.&lt;/p&gt;\r\n\t\t&lt;p&gt;\r\n\t\t\t&lt;b&gt;Designed for life on the road&lt;/b&gt;&lt;/p&gt;\r\n\t\t&lt;p&gt;\r\n\t\t\tInnovations such as a magnetic power connection and an illuminated keyboard with ambient light sensor put the MacBook Pro in a class by itself.&lt;/p&gt;\r\n\t\t&lt;p&gt;\r\n\t\t\t&lt;b&gt;Connect. Create. Communicate.&lt;/b&gt;&lt;/p&gt;\r\n\t\t&lt;p&gt;\r\n\t\t\tQuickly set up a video conference with the built-in iSight camera. Control presentations and media from up to 30 feet away with the included Apple Remote. Connect to high-bandwidth peripherals with FireWire 800 and DVI.&lt;/p&gt;\r\n\t\t&lt;p&gt;\r\n\t\t\t&lt;b&gt;Next-generation wireless&lt;/b&gt;&lt;/p&gt;\r\n\t\t&lt;p&gt;\r\n\t\t\tFeaturing 802.11n wireless technology, the MacBook Pro delivers up to five times the performance and up to twice the range of previous-generation technologies.&lt;/p&gt;\r\n\t&lt;/div&gt;\r\n&lt;/div&gt;\r\n&lt;!-- cpt_container_end --&gt;', '', '', '');
INSERT INTO `oc_product_description` (`product_id`, `language_id`, `name`, `description`, `tag`, `meta_description`, `meta_keyword`) VALUES ('29', '1', 'Palm Treo Pro', '&lt;p&gt;\r\n\tRedefine your workday with the Palm Treo Pro smartphone. Perfectly balanced, you can respond to business and personal email, stay on top of appointments and contacts, and use Wi-Fi or GPS when you&amp;rsquo;re out and about. Then watch a video on YouTube, catch up with news and sports on the web, or listen to a few songs. Balance your work and play the way you like it, with the Palm Treo Pro.&lt;/p&gt;\r\n&lt;p&gt;\r\n\t&lt;strong&gt;Features&lt;/strong&gt;&lt;/p&gt;\r\n&lt;ul&gt;\r\n\t&lt;li&gt;\r\n\t\tWindows Mobile&amp;reg; 6.1 Professional Edition&lt;/li&gt;\r\n\t&lt;li&gt;\r\n\t\tQualcomm&amp;reg; MSM7201 400MHz Processor&lt;/li&gt;\r\n\t&lt;li&gt;\r\n\t\t320x320 transflective colour TFT touchscreen&lt;/li&gt;\r\n\t&lt;li&gt;\r\n\t\tHSDPA/UMTS/EDGE/GPRS/GSM radio&lt;/li&gt;\r\n\t&lt;li&gt;\r\n\t\tTri-band UMTS &amp;mdash; 850MHz, 1900MHz, 2100MHz&lt;/li&gt;\r\n\t&lt;li&gt;\r\n\t\tQuad-band GSM &amp;mdash; 850/900/1800/1900&lt;/li&gt;\r\n\t&lt;li&gt;\r\n\t\t802.11b/g with WPA, WPA2, and 801.1x authentication&lt;/li&gt;\r\n\t&lt;li&gt;\r\n\t\tBuilt-in GPS&lt;/li&gt;\r\n\t&lt;li&gt;\r\n\t\tBluetooth Version: 2.0 + Enhanced Data Rate&lt;/li&gt;\r\n\t&lt;li&gt;\r\n\t\t256MB storage (100MB user available), 128MB RAM&lt;/li&gt;\r\n\t&lt;li&gt;\r\n\t\t2.0 megapixel camera, up to 8x digital zoom and video capture&lt;/li&gt;\r\n\t&lt;li&gt;\r\n\t\tRemovable, rechargeable 1500mAh lithium-ion battery&lt;/li&gt;\r\n\t&lt;li&gt;\r\n\t\tUp to 5.0 hours talk time and up to 250 hours standby&lt;/li&gt;\r\n\t&lt;li&gt;\r\n\t\tMicroSDHC card expansion (up to 32GB supported)&lt;/li&gt;\r\n\t&lt;li&gt;\r\n\t\tMicroUSB 2.0 for synchronization and charging&lt;/li&gt;\r\n\t&lt;li&gt;\r\n\t\t3.5mm stereo headset jack&lt;/li&gt;\r\n\t&lt;li&gt;\r\n\t\t60mm (W) x 114mm (L) x 13.5mm (D) / 133g&lt;/li&gt;\r\n&lt;/ul&gt;\r\n', '', '', '');
INSERT INTO `oc_product_description` (`product_id`, `language_id`, `name`, `description`, `tag`, `meta_description`, `meta_keyword`) VALUES ('36', '1', 'iPod Nano', '&lt;div&gt;\r\n\t&lt;p&gt;\r\n\t\t&lt;strong&gt;Video in your pocket.&lt;/strong&gt;&lt;/p&gt;\r\n\t&lt;p&gt;\r\n\t\tIts the small iPod with one very big idea: video. The worlds most popular music player now lets you enjoy movies, TV shows, and more on a two-inch display thats 65% brighter than before.&lt;/p&gt;\r\n\t&lt;p&gt;\r\n\t\t&lt;strong&gt;Cover Flow.&lt;/strong&gt;&lt;/p&gt;\r\n\t&lt;p&gt;\r\n\t\tBrowse through your music collection by flipping through album art. Select an album to turn it over and see the track list.&lt;strong&gt;&amp;nbsp;&lt;/strong&gt;&lt;/p&gt;\r\n\t&lt;p&gt;\r\n\t\t&lt;strong&gt;Enhanced interface.&lt;/strong&gt;&lt;/p&gt;\r\n\t&lt;p&gt;\r\n\t\tExperience a whole new way to browse and view your music and video.&lt;/p&gt;\r\n\t&lt;p&gt;\r\n\t\t&lt;strong&gt;Sleek and colorful.&lt;/strong&gt;&lt;/p&gt;\r\n\t&lt;p&gt;\r\n\t\tWith an anodized aluminum and polished stainless steel enclosure and a choice of five colors, iPod nano is dressed to impress.&lt;/p&gt;\r\n\t&lt;p&gt;\r\n\t\t&lt;strong&gt;iTunes.&lt;/strong&gt;&lt;/p&gt;\r\n\t&lt;p&gt;\r\n\t\tAvailable as a free download, iTunes makes it easy to browse and buy millions of songs, movies, TV shows, audiobooks, and games and download free podcasts all at the iTunes Store. And you can import your own music, manage your whole media library, and sync your iPod or iPhone with ease.&lt;/p&gt;\r\n&lt;/div&gt;\r\n', '', '', '');
INSERT INTO `oc_product_description` (`product_id`, `language_id`, `name`, `description`, `tag`, `meta_description`, `meta_keyword`) VALUES ('46', '1', 'Sony VAIO', '&lt;div&gt;\r\n\tUnprecedented power. The next generation of processing technology has arrived. Built into the newest VAIO notebooks lies Intel&amp;#39;s latest, most powerful innovation yet: Intel&amp;reg; Centrino&amp;reg; 2 processor technology. Boasting incredible speed, expanded wireless connectivity, enhanced multimedia support and greater energy efficiency, all the high-performance essentials are seamlessly combined into a single chip.&lt;/div&gt;\r\n', '', '', '');
INSERT INTO `oc_product_description` (`product_id`, `language_id`, `name`, `description`, `tag`, `meta_description`, `meta_keyword`) VALUES ('47', '1', 'HP LP3065', '&lt;p&gt;\r\n\tStop your co-workers in their tracks with the stunning new 30-inch diagonal HP LP3065 Flat Panel Monitor. This flagship monitor features best-in-class performance and presentation features on a huge wide-aspect screen while letting you work as comfortably as possible - you might even forget you&amp;#39;re at the office&lt;/p&gt;\r\n', '', '', '');
INSERT INTO `oc_product_description` (`product_id`, `language_id`, `name`, `description`, `tag`, `meta_description`, `meta_keyword`) VALUES ('32', '1', 'iPod Touch', '&lt;p&gt;\r\n\t&lt;strong&gt;Revolutionary multi-touch interface.&lt;/strong&gt;&lt;br /&gt;\r\n\tiPod touch features the same multi-touch screen technology as iPhone. Pinch to zoom in on a photo. Scroll through your songs and videos with a flick. Flip through your library by album artwork with Cover Flow.&lt;/p&gt;\r\n&lt;p&gt;\r\n\t&lt;strong&gt;Gorgeous 3.5-inch widescreen display.&lt;/strong&gt;&lt;br /&gt;\r\n\tWatch your movies, TV shows, and photos come alive with bright, vivid color on the 320-by-480-pixel display.&lt;/p&gt;\r\n&lt;p&gt;\r\n\t&lt;strong&gt;Music downloads straight from iTunes.&lt;/strong&gt;&lt;br /&gt;\r\n\tShop the iTunes Wi-Fi Music Store from anywhere with Wi-Fi.1 Browse or search to find the music youre looking for, preview it, and buy it with just a tap.&lt;/p&gt;\r\n&lt;p&gt;\r\n\t&lt;strong&gt;Surf the web with Wi-Fi.&lt;/strong&gt;&lt;br /&gt;\r\n\tBrowse the web using Safari and watch YouTube videos on the first iPod with Wi-Fi built in&lt;br /&gt;\r\n\t&amp;nbsp;&lt;/p&gt;\r\n', '', '', '');
INSERT INTO `oc_product_description` (`product_id`, `language_id`, `name`, `description`, `tag`, `meta_description`, `meta_keyword`) VALUES ('41', '1', 'iMac', '&lt;div&gt;\r\n\tJust when you thought iMac had everything, now there&acute;s even more. More powerful Intel Core 2 Duo processors. And more memory standard. Combine this with Mac OS X Leopard and iLife &acute;08, and it&acute;s more all-in-one than ever. iMac packs amazing performance into a stunningly slim space.&lt;/div&gt;\r\n', '', '', '');
INSERT INTO `oc_product_description` (`product_id`, `language_id`, `name`, `description`, `tag`, `meta_description`, `meta_keyword`) VALUES ('33', '1', 'Samsung SyncMaster 941BW', '&lt;div&gt;\r\n\tImagine the advantages of going big without slowing down. The big 19&amp;quot; 941BW monitor combines wide aspect ratio with fast pixel response time, for bigger images, more room to work and crisp motion. In addition, the exclusive MagicBright 2, MagicColor and MagicTune technologies help deliver the ideal image in every situation, while sleek, narrow bezels and adjustable stands deliver style just the way you want it. With the Samsung 941BW widescreen analog/digital LCD monitor, it&amp;#39;s not hard to imagine.&lt;/div&gt;\r\n', '', '', '');
INSERT INTO `oc_product_description` (`product_id`, `language_id`, `name`, `description`, `tag`, `meta_description`, `meta_keyword`) VALUES ('34', '1', 'iPod Shuffle', '&lt;div&gt;\r\n\t&lt;strong&gt;Born to be worn.&lt;/strong&gt;\r\n\t&lt;p&gt;\r\n\t\tClip on the worlds most wearable music player and take up to 240 songs with you anywhere. Choose from five colors including four new hues to make your musical fashion statement.&lt;/p&gt;\r\n\t&lt;p&gt;\r\n\t\t&lt;strong&gt;Random meets rhythm.&lt;/strong&gt;&lt;/p&gt;\r\n\t&lt;p&gt;\r\n\t\tWith iTunes autofill, iPod shuffle can deliver a new musical experience every time you sync. For more randomness, you can shuffle songs during playback with the slide of a switch.&lt;/p&gt;\r\n\t&lt;strong&gt;Everything is easy.&lt;/strong&gt;\r\n\t&lt;p&gt;\r\n\t\tCharge and sync with the included USB dock. Operate the iPod shuffle controls with one hand. Enjoy up to 12 hours straight of skip-free music playback.&lt;/p&gt;\r\n&lt;/div&gt;\r\n', '', '', '');
INSERT INTO `oc_product_description` (`product_id`, `language_id`, `name`, `description`, `tag`, `meta_description`, `meta_keyword`) VALUES ('43', '1', 'MacBook', '&lt;div&gt;\r\n\t&lt;p&gt;\r\n\t\t&lt;b&gt;Intel Core 2 Duo processor&lt;/b&gt;&lt;/p&gt;\r\n\t&lt;p&gt;\r\n\t\tPowered by an Intel Core 2 Duo processor at speeds up to 2.16GHz, the new MacBook is the fastest ever.&lt;/p&gt;\r\n\t&lt;p&gt;\r\n\t\t&lt;b&gt;1GB memory, larger hard drives&lt;/b&gt;&lt;/p&gt;\r\n\t&lt;p&gt;\r\n\t\tThe new MacBook now comes with 1GB of memory standard and larger hard drives for the entire line perfect for running more of your favorite applications and storing growing media collections.&lt;/p&gt;\r\n\t&lt;p&gt;\r\n\t\t&lt;b&gt;Sleek, 1.08-inch-thin design&lt;/b&gt;&lt;/p&gt;\r\n\t&lt;p&gt;\r\n\t\tMacBook makes it easy to hit the road thanks to its tough polycarbonate case, built-in wireless technologies, and innovative MagSafe Power Adapter that releases automatically if someone accidentally trips on the cord.&lt;/p&gt;\r\n\t&lt;p&gt;\r\n\t\t&lt;b&gt;Built-in iSight camera&lt;/b&gt;&lt;/p&gt;\r\n\t&lt;p&gt;\r\n\t\tRight out of the box, you can have a video chat with friends or family,2 record a video at your desk, or take fun pictures with Photo Booth&lt;/p&gt;\r\n&lt;/div&gt;\r\n', '', '', '');
INSERT INTO `oc_product_description` (`product_id`, `language_id`, `name`, `description`, `tag`, `meta_description`, `meta_keyword`) VALUES ('31', '1', 'Nikon D300', '&lt;div class=&quot;cpt_product_description &quot;&gt;\r\n\t&lt;div&gt;\r\n\t\tEngineered with pro-level features and performance, the 12.3-effective-megapixel D300 combines brand new technologies with advanced features inherited from Nikon&amp;#39;s newly announced D3 professional digital SLR camera to offer serious photographers remarkable performance combined with agility.&lt;br /&gt;\r\n\t\t&lt;br /&gt;\r\n\t\tSimilar to the D3, the D300 features Nikon&amp;#39;s exclusive EXPEED Image Processing System that is central to driving the speed and processing power needed for many of the camera&amp;#39;s new features. The D300 features a new 51-point autofocus system with Nikon&amp;#39;s 3D Focus Tracking feature and two new LiveView shooting modes that allow users to frame a photograph using the camera&amp;#39;s high-resolution LCD monitor. The D300 shares a similar Scene Recognition System as is found in the D3; it promises to greatly enhance the accuracy of autofocus, autoexposure, and auto white balance by recognizing the subject or scene being photographed and applying this information to the calculations for the three functions.&lt;br /&gt;\r\n\t\t&lt;br /&gt;\r\n\t\tThe D300 reacts with lightning speed, powering up in a mere 0.13 seconds and shooting with an imperceptible 45-millisecond shutter release lag time. The D300 is capable of shooting at a rapid six frames per second and can go as fast as eight frames per second when using the optional MB-D10 multi-power battery pack. In continuous bursts, the D300 can shoot up to 100 shots at full 12.3-megapixel resolution. (NORMAL-LARGE image setting, using a SanDisk Extreme IV 1GB CompactFlash card.)&lt;br /&gt;\r\n\t\t&lt;br /&gt;\r\n\t\tThe D300 incorporates a range of innovative technologies and features that will significantly improve the accuracy, control, and performance photographers can get from their equipment. Its new Scene Recognition System advances the use of Nikon&amp;#39;s acclaimed 1,005-segment sensor to recognize colors and light patterns that help the camera determine the subject and the type of scene being photographed before a picture is taken. This information is used to improve the accuracy of autofocus, autoexposure, and auto white balance functions in the D300. For example, the camera can track moving subjects better and by identifying them, it can also automatically select focus points faster and with greater accuracy. It can also analyze highlights and more accurately determine exposure, as well as infer light sources to deliver more accurate white balance detection.&lt;/div&gt;\r\n&lt;/div&gt;\r\n&lt;!-- cpt_container_end --&gt;', '', '', '');
INSERT INTO `oc_product_description` (`product_id`, `language_id`, `name`, `description`, `tag`, `meta_description`, `meta_keyword`) VALUES ('49', '1', 'Samsung Galaxy Tab 10.1', '&lt;p&gt;\r\n\tSamsung Galaxy Tab 10.1, is the world&amp;rsquo;s thinnest tablet, measuring 8.6 mm thickness, running with Android 3.0 Honeycomb OS on a 1GHz dual-core Tegra 2 processor, similar to its younger brother Samsung Galaxy Tab 8.9.&lt;/p&gt;\r\n&lt;p&gt;\r\n\tSamsung Galaxy Tab 10.1 gives pure Android 3.0 experience, adding its new TouchWiz UX or TouchWiz 4.0 &amp;ndash; includes a live panel, which lets you to customize with different content, such as your pictures, bookmarks, and social feeds, sporting a 10.1 inches WXGA capacitive touch screen with 1280 x 800 pixels of resolution, equipped with 3 megapixel rear camera with LED flash and a 2 megapixel front camera, HSPA+ connectivity up to 21Mbps, 720p HD video recording capability, 1080p HD playback, DLNA support, Bluetooth 2.1, USB 2.0, gyroscope, Wi-Fi 802.11 a/b/g/n, micro-SD slot, 3.5mm headphone jack, and SIM slot, including the Samsung Stick &amp;ndash; a Bluetooth microphone that can be carried in a pocket like a pen and sound dock with powered subwoofer.&lt;/p&gt;\r\n&lt;p&gt;\r\n\tSamsung Galaxy Tab 10.1 will come in 16GB / 32GB / 64GB verities and pre-loaded with Social Hub, Reader&amp;rsquo;s Hub, Music Hub and Samsung Mini Apps Tray &amp;ndash; which gives you access to more commonly used apps to help ease multitasking and it is capable of Adobe Flash Player 10.2, powered by 6860mAh battery that gives you 10hours of video-playback time.&amp;nbsp;&amp;auml;&amp;ouml;&lt;/p&gt;\r\n', '', '', '');
INSERT INTO `oc_product_description` (`product_id`, `language_id`, `name`, `description`, `tag`, `meta_description`, `meta_keyword`) VALUES ('30', '1', 'Canon EOS 5D', '&lt;p&gt;Canon\'s press material for the EOS 5D states that it \'defines (a) new D-SLR category\', while we\'re not typically too concerned with marketing talk this particular statement is clearly pretty accurate. The EOS 5D is unlike any previous digital SLR in that it combines a full-frame (35 mm sized) high resolution sensor (12.8 megapixels) with a relatively compact body (slightly larger than the EOS 20D, although in your hand it feels noticeably \'chunkier\'). The EOS 5D is aimed to slot in between the EOS 20D and the EOS-1D professional digital SLR\'s, an important difference when compared to the latter is that the EOS 5D doesn\'t have any environmental seals. While Canon don\'t specifically refer to the EOS 5D as a \'professional\' digital SLR it will have obvious appeal to professionals who want a high quality digital SLR in a body lighter than the EOS-1D. It will also no doubt appeal to current EOS 20D owners (although lets hope they\'ve not bought too many EF-S lenses...) äë&lt;/p&gt;\r\n', '', '', '');
INSERT INTO `oc_product_description` (`product_id`, `language_id`, `name`, `description`, `tag`, `meta_description`, `meta_keyword`) VALUES ('51', '1', 'Blue Short Skirt', '&lt;p&gt;&lt;font color=&quot;#222222&quot; face=&quot;arial, sans-serif&quot;&gt;Lorem Ipsum is simply dummy text of the printing and typesetting industry. Lorem Ipsum has been the industry\'s standard dummy text ever since the 1500s, when an unknown printer took a galley of type and scrambled it to make a type specimen book. It has survived not only five centuries, but also the leap into electronic typesetting, remaining essentially unchanged. It was popularised in the 1960s with the release of Letraset sheets containing Lorem Ipsum passages, and more recently with desktop publishing software like Aldus PageMaker including versions of Lorem Ipsum.&lt;/font&gt;&lt;/p&gt;\r\n', '', '', '');
INSERT INTO `oc_product_description` (`product_id`, `language_id`, `name`, `description`, `tag`, `meta_description`, `meta_keyword`) VALUES ('52', '1', 'Lotus Tunic with Long Sleeve', '&lt;p&gt;&lt;font color=&quot;#222222&quot; face=&quot;arial, sans-serif&quot;&gt;Lorem Ipsum is simply dummy text of the printing and typesetting industry. Lorem Ipsum has been the industry\'s standard dummy text ever since the 1500s, when an unknown printer took a galley of type and scrambled it to make a type specimen book. It has survived not only five centuries, but also the leap into electronic typesetting, remaining essentially unchanged. It was popularised in the 1960s with the release of Letraset sheets containing Lorem Ipsum passages, and more recently with desktop publishing software like Aldus PageMaker including versions of Lorem Ipsum.&lt;/font&gt;&lt;/p&gt;\r\n', '', '', '');
INSERT INTO `oc_product_description` (`product_id`, `language_id`, `name`, `description`, `tag`, `meta_description`, `meta_keyword`) VALUES ('156', '1', 'Red Lipstick', '&lt;p&gt;Lorem Ipsum is simply dummy text of the printing and typesetting industry. Lorem Ipsum has been the industry\'s standard dummy text ever since the 1500s, when an unknown printer took a galley of type and scrambled it to make a type specimen book. It has survived not only five centuries, but also the leap into electronic typesetting, remaining essentially unchanged. It was popularised in the 1960s with the release of Letraset sheets containing Lorem Ipsum passages, and more recently with desktop publishing software like Aldus PageMaker including versions of Lorem Ipsum.&lt;/p&gt;\r\n', '', '', '');
INSERT INTO `oc_product_description` (`product_id`, `language_id`, `name`, `description`, `tag`, `meta_description`, `meta_keyword`) VALUES ('53', '1', 'Black Leather Skirt', '&lt;p&gt;&lt;font color=&quot;#222222&quot; face=&quot;arial, sans-serif&quot;&gt;Lorem Ipsum is simply dummy text of the printing and typesetting industry. Lorem Ipsum has been the industry\'s standard dummy text ever since the 1500s, when an unknown printer took a galley of type and scrambled it to make a type specimen book. It has survived not only five centuries, but also the leap into electronic typesetting, remaining essentially unchanged. It was popularised in the 1960s with the release of Letraset sheets containing Lorem Ipsum passages, and more recently with desktop publishing software like Aldus PageMaker including versions of Lorem Ipsum.&lt;/font&gt;&lt;/p&gt;\r\n', '', '', '');
INSERT INTO `oc_product_description` (`product_id`, `language_id`, `name`, `description`, `tag`, `meta_description`, `meta_keyword`) VALUES ('163', '1', 'Purple Cashmere Scarve', '&lt;p&gt;Lorem Ipsum is simply dummy text of the printing and typesetting industry. Lorem Ipsum has been the industry\'s standard dummy text ever since the 1500s, when an unknown printer took a galley of type and scrambled it to make a type specimen book. It has survived not only five centuries, but also the leap into electronic typesetting, remaining essentially unchanged. It was popularised in the 1960s with the release of Letraset sheets containing Lorem Ipsum passages, and more recently with desktop publishing software like Aldus PageMaker including versions of Lorem Ipsum.&lt;/p&gt;\r\n', '', '', '');
INSERT INTO `oc_product_description` (`product_id`, `language_id`, `name`, `description`, `tag`, `meta_description`, `meta_keyword`) VALUES ('54', '1', 'Evening Black Dress', '&lt;p&gt;&lt;font color=&quot;#222222&quot; face=&quot;arial, sans-serif&quot;&gt;Lorem Ipsum is simply dummy text of the printing and typesetting industry. Lorem Ipsum has been the industry\'s standard dummy text ever since the 1500s, when an unknown printer took a galley of type and scrambled it to make a type specimen book. It has survived not only five centuries, but also the leap into electronic typesetting, remaining essentially unchanged. It was popularised in the 1960s with the release of Letraset sheets containing Lorem Ipsum passages, and more recently with desktop publishing software like Aldus PageMaker including versions of Lorem Ipsum.&lt;/font&gt;&lt;/p&gt;\r\n', '', '', '');
INSERT INTO `oc_product_description` (`product_id`, `language_id`, `name`, `description`, `tag`, `meta_description`, `meta_keyword`) VALUES ('162', '1', 'Oversized White Sunglasses', '&lt;p&gt;Lorem Ipsum is simply dummy text of the printing and typesetting industry. Lorem Ipsum has been the industry\'s standard dummy text ever since the 1500s, when an unknown printer took a galley of type and scrambled it to make a type specimen book. It has survived not only five centuries, but also the leap into electronic typesetting, remaining essentially unchanged. It was popularised in the 1960s with the release of Letraset sheets containing Lorem Ipsum passages, and more recently with desktop publishing software like Aldus PageMaker including versions of Lorem Ipsum.&lt;/p&gt;\r\n', '', '', '');
INSERT INTO `oc_product_description` (`product_id`, `language_id`, `name`, `description`, `tag`, `meta_description`, `meta_keyword`) VALUES ('55', '1', 'Evening Red Dress', '&lt;p&gt;&lt;font color=&quot;#222222&quot; face=&quot;arial, sans-serif&quot;&gt;Lorem Ipsum is simply dummy text of the printing and typesetting industry. Lorem Ipsum has been the industry\'s standard dummy text ever since the 1500s, when an unknown printer took a galley of type and scrambled it to make a type specimen book. It has survived not only five centuries, but also the leap into electronic typesetting, remaining essentially unchanged. It was popularised in the 1960s with the release of Letraset sheets containing Lorem Ipsum passages, and more recently with desktop publishing software like Aldus PageMaker including versions of Lorem Ipsum.&lt;/font&gt;&lt;/p&gt;\r\n', '', '', '');
INSERT INTO `oc_product_description` (`product_id`, `language_id`, `name`, `description`, `tag`, `meta_description`, `meta_keyword`) VALUES ('56', '1', 'Moon Belted Dress', '&lt;p&gt;&lt;font color=&quot;#222222&quot; face=&quot;arial, sans-serif&quot;&gt;Lorem Ipsum is simply dummy text of the printing and typesetting industry. Lorem Ipsum has been the industry\'s standard dummy text ever since the 1500s, when an unknown printer took a galley of type and scrambled it to make a type specimen book. It has survived not only five centuries, but also the leap into electronic typesetting, remaining essentially unchanged. It was popularised in the 1960s with the release of Letraset sheets containing Lorem Ipsum passages, and more recently with desktop publishing software like Aldus PageMaker including versions of Lorem Ipsum.&lt;/font&gt;&lt;/p&gt;\r\n', '', '', '');
INSERT INTO `oc_product_description` (`product_id`, `language_id`, `name`, `description`, `tag`, `meta_description`, `meta_keyword`) VALUES ('57', '1', 'Beige Dress', '&lt;p&gt;&lt;font color=&quot;#222222&quot; face=&quot;arial, sans-serif&quot;&gt;Lorem Ipsum is simply dummy text of the printing and typesetting industry. Lorem Ipsum has been the industry\'s standard dummy text ever since the 1500s, when an unknown printer took a galley of type and scrambled it to make a type specimen book. It has survived not only five centuries, but also the leap into electronic typesetting, remaining essentially unchanged. It was popularised in the 1960s with the release of Letraset sheets containing Lorem Ipsum passages, and more recently with desktop publishing software like Aldus PageMaker including versions of Lorem Ipsum.&lt;/font&gt;&lt;/p&gt;\r\n', 'cool, chic, sport, white', '', '');
INSERT INTO `oc_product_description` (`product_id`, `language_id`, `name`, `description`, `tag`, `meta_description`, `meta_keyword`) VALUES ('58', '1', 'Tube Pants', '&lt;p&gt;&lt;font color=&quot;#222222&quot; face=&quot;arial, sans-serif&quot;&gt;Lorem Ipsum is simply dummy text of the printing and typesetting industry. Lorem Ipsum has been the industry\'s standard dummy text ever since the 1500s, when an unknown printer took a galley of type and scrambled it to make a type specimen book. It has survived not only five centuries, but also the leap into electronic typesetting, remaining essentially unchanged. It was popularised in the 1960s with the release of Letraset sheets containing Lorem Ipsum passages, and more recently with desktop publishing software like Aldus PageMaker including versions of Lorem Ipsum.&lt;/font&gt;&lt;/p&gt;\r\n', '', '', '');
INSERT INTO `oc_product_description` (`product_id`, `language_id`, `name`, `description`, `tag`, `meta_description`, `meta_keyword`) VALUES ('59', '1', 'Low-High Skirt', '&lt;p&gt;&lt;font color=&quot;#222222&quot; face=&quot;arial, sans-serif&quot;&gt;Lorem Ipsum is simply dummy text of the printing and typesetting industry. Lorem Ipsum has been the industry\'s standard dummy text ever since the 1500s, when an unknown printer took a galley of type and scrambled it to make a type specimen book. It has survived not only five centuries, but also the leap into electronic typesetting, remaining essentially unchanged. It was popularised in the 1960s with the release of Letraset sheets containing Lorem Ipsum passages, and more recently with desktop publishing software like Aldus PageMaker including versions of Lorem Ipsum.&lt;/font&gt;&lt;/p&gt;\r\n', '', '', '');
INSERT INTO `oc_product_description` (`product_id`, `language_id`, `name`, `description`, `tag`, `meta_description`, `meta_keyword`) VALUES ('60', '1', 'Bell Sleeve Dress', '&lt;p&gt;&lt;font color=&quot;#222222&quot; face=&quot;arial, sans-serif&quot;&gt;Lorem Ipsum is simply dummy text of the printing and typesetting industry. Lorem Ipsum has been the industry\'s standard dummy text ever since the 1500s, when an unknown printer took a galley of type and scrambled it to make a type specimen book. It has survived not only five centuries, but also the leap into electronic typesetting, remaining essentially unchanged. It was popularised in the 1960s with the release of Letraset sheets containing Lorem Ipsum passages, and more recently with desktop publishing software like Aldus PageMaker including versions of Lorem Ipsum.&lt;/font&gt;&lt;/p&gt;\r\n', '', '', '');
INSERT INTO `oc_product_description` (`product_id`, `language_id`, `name`, `description`, `tag`, `meta_description`, `meta_keyword`) VALUES ('61', '1', 'Black Fur Collar', '&lt;p&gt;&lt;font color=&quot;#222222&quot; face=&quot;arial, sans-serif&quot;&gt;Lorem Ipsum is simply dummy text of the printing and typesetting industry. Lorem Ipsum has been the industry\'s standard dummy text ever since the 1500s, when an unknown printer took a galley of type and scrambled it to make a type specimen book. It has survived not only five centuries, but also the leap into electronic typesetting, remaining essentially unchanged. It was popularised in the 1960s with the release of Letraset sheets containing Lorem Ipsum passages, and more recently with desktop publishing software like Aldus PageMaker including versions of Lorem Ipsum.&lt;/font&gt;&lt;/p&gt;\r\n', '', '', '');
INSERT INTO `oc_product_description` (`product_id`, `language_id`, `name`, `description`, `tag`, `meta_description`, `meta_keyword`) VALUES ('62', '1', 'Black Jacket with Bell Sleeves', '&lt;p&gt;&lt;font color=&quot;#222222&quot; face=&quot;arial, sans-serif&quot;&gt;Lorem Ipsum is simply dummy text of the printing and typesetting industry. Lorem Ipsum has been the industry\'s standard dummy text ever since the 1500s, when an unknown printer took a galley of type and scrambled it to make a type specimen book. It has survived not only five centuries, but also the leap into electronic typesetting, remaining essentially unchanged. It was popularised in the 1960s with the release of Letraset sheets containing Lorem Ipsum passages, and more recently with desktop publishing software like Aldus PageMaker including versions of Lorem Ipsum.&lt;/font&gt;&lt;/p&gt;\r\n', '', '', '');
INSERT INTO `oc_product_description` (`product_id`, `language_id`, `name`, `description`, `tag`, `meta_description`, `meta_keyword`) VALUES ('164', '1', 'White Pearls Bracelet', '&lt;p&gt;Lorem Ipsum is simply dummy text of the printing and typesetting industry. Lorem Ipsum has been the industry\'s standard dummy text ever since the 1500s, when an unknown printer took a galley of type and scrambled it to make a type specimen book. It has survived not only five centuries, but also the leap into electronic typesetting, remaining essentially unchanged. It was popularised in the 1960s with the release of Letraset sheets containing Lorem Ipsum passages, and more recently with desktop publishing software like Aldus PageMaker including versions of Lorem Ipsum.&lt;/p&gt;\r\n', '', '', '');
INSERT INTO `oc_product_description` (`product_id`, `language_id`, `name`, `description`, `tag`, `meta_description`, `meta_keyword`) VALUES ('63', '1', 'Full Length Leggings', '&lt;p&gt;Lorem Ipsum is simply dummy text of the printing and typesetting industry. Lorem Ipsum has been the industry\'s standard dummy text ever since the 1500s, when an unknown printer took a galley of type and scrambled it to make a type specimen book. It has survived not only five centuries, but also the leap into electronic typesetting, remaining essentially unchanged. It was popularised in the 1960s with the release of Letraset sheets containing Lorem Ipsum passages, and more recently with desktop publishing software like Aldus PageMaker including versions of Lorem Ipsum.&lt;/p&gt;\r\n', '', '', '');
INSERT INTO `oc_product_description` (`product_id`, `language_id`, `name`, `description`, `tag`, `meta_description`, `meta_keyword`) VALUES ('158', '1', 'Volume Mascara', '&lt;p&gt;Lorem Ipsum is simply dummy text of the printing and typesetting industry. Lorem Ipsum has been the industry\'s standard dummy text ever since the 1500s, when an unknown printer took a galley of type and scrambled it to make a type specimen book. It has survived not only five centuries, but also the leap into electronic typesetting, remaining essentially unchanged. It was popularised in the 1960s with the release of Letraset sheets containing Lorem Ipsum passages, and more recently with desktop publishing software like Aldus PageMaker including versions of Lorem Ipsum.&lt;/p&gt;\r\n', '', '', '');
INSERT INTO `oc_product_description` (`product_id`, `language_id`, `name`, `description`, `tag`, `meta_description`, `meta_keyword`) VALUES ('64', '1', 'Retro Dress with White Dots', '&lt;p&gt;&lt;font color=&quot;#222222&quot; face=&quot;arial, sans-serif&quot;&gt;Lorem Ipsum is simply dummy text of the printing and typesetting industry. Lorem Ipsum has been the industry\'s standard dummy text ever since the 1500s, when an unknown printer took a galley of type and scrambled it to make a type specimen book. It has survived not only five centuries, but also the leap into electronic typesetting, remaining essentially unchanged. It was popularised in the 1960s with the release of Letraset sheets containing Lorem Ipsum passages, and more recently with desktop publishing software like Aldus PageMaker including versions of Lorem Ipsum.&lt;/font&gt;&lt;/p&gt;\r\n', '', '', '');
INSERT INTO `oc_product_description` (`product_id`, `language_id`, `name`, `description`, `tag`, `meta_description`, `meta_keyword`) VALUES ('152', '1', 'White Lace Panties', '&lt;p&gt;Lorem Ipsum is simply dummy text of the printing and typesetting industry. Lorem Ipsum has been the industry\'s standard dummy text ever since the 1500s, when an unknown printer took a galley of type and scrambled it to make a type specimen book. It has survived not only five centuries, but also the leap into electronic typesetting, remaining essentially unchanged. It was popularised in the 1960s with the release of Letraset sheets containing Lorem Ipsum passages, and more recently with desktop publishing software like Aldus PageMaker including versions of Lorem Ipsum.&lt;/p&gt;\r\n', '', '', '');
INSERT INTO `oc_product_description` (`product_id`, `language_id`, `name`, `description`, `tag`, `meta_description`, `meta_keyword`) VALUES ('65', '1', 'White Embroidered Dress', '&lt;p&gt;&lt;font color=&quot;#222222&quot; face=&quot;arial, sans-serif&quot;&gt;Lorem Ipsum is simply dummy text of the printing and typesetting industry. Lorem Ipsum has been the industry\'s standard dummy text ever since the 1500s, when an unknown printer took a galley of type and scrambled it to make a type specimen book. It has survived not only five centuries, but also the leap into electronic typesetting, remaining essentially unchanged. It was popularised in the 1960s with the release of Letraset sheets containing Lorem Ipsum passages, and more recently with desktop publishing software like Aldus PageMaker including versions of Lorem Ipsum.&lt;/font&gt;&lt;/p&gt;\r\n', '', '', '');
INSERT INTO `oc_product_description` (`product_id`, `language_id`, `name`, `description`, `tag`, `meta_description`, `meta_keyword`) VALUES ('66', '1', 'Mixed Pearls Necklace', '&lt;p&gt;&lt;font color=&quot;#222222&quot; face=&quot;arial, sans-serif&quot;&gt;Lorem Ipsum is simply dummy text of the printing and typesetting industry. Lorem Ipsum has been the industry\'s standard dummy text ever since the 1500s, when an unknown printer took a galley of type and scrambled it to make a type specimen book. It has survived not only five centuries, but also the leap into electronic typesetting, remaining essentially unchanged. It was popularised in the 1960s with the release of Letraset sheets containing Lorem Ipsum passages, and more recently with desktop publishing software like Aldus PageMaker including versions of Lorem Ipsum.&lt;/font&gt;&lt;/p&gt;\r\n', '', '', '');
INSERT INTO `oc_product_description` (`product_id`, `language_id`, `name`, `description`, `tag`, `meta_description`, `meta_keyword`) VALUES ('155', '1', 'Purple Eyeshadow', '&lt;p&gt;Lorem Ipsum is simply dummy text of the printing and typesetting industry. Lorem Ipsum has been the industry\'s standard dummy text ever since the 1500s, when an unknown printer took a galley of type and scrambled it to make a type specimen book. It has survived not only five centuries, but also the leap into electronic typesetting, remaining essentially unchanged. It was popularised in the 1960s with the release of Letraset sheets containing Lorem Ipsum passages, and more recently with desktop publishing software like Aldus PageMaker including versions of Lorem Ipsum.&lt;/p&gt;\r\n', '', '', '');
INSERT INTO `oc_product_description` (`product_id`, `language_id`, `name`, `description`, `tag`, `meta_description`, `meta_keyword`) VALUES ('67', '1', 'Floral Top', '&lt;p&gt;&lt;font color=&quot;#222222&quot; face=&quot;arial, sans-serif&quot;&gt;Lorem Ipsum is simply dummy text of the printing and typesetting industry. Lorem Ipsum has been the industry\'s standard dummy text ever since the 1500s, when an unknown printer took a galley of type and scrambled it to make a type specimen book. It has survived not only five centuries, but also the leap into electronic typesetting, remaining essentially unchanged. It was popularised in the 1960s with the release of Letraset sheets containing Lorem Ipsum passages, and more recently with desktop publishing software like Aldus PageMaker including versions of Lorem Ipsum.&lt;/font&gt;&lt;/p&gt;\r\n', '', '', '');
INSERT INTO `oc_product_description` (`product_id`, `language_id`, `name`, `description`, `tag`, `meta_description`, `meta_keyword`) VALUES ('68', '1', 'Black Leather Jacket', '&lt;p&gt;&lt;font color=&quot;#222222&quot; face=&quot;arial, sans-serif&quot;&gt;Lorem Ipsum is simply dummy text of the printing and typesetting industry. Lorem Ipsum has been the industry\'s standard dummy text ever since the 1500s, when an unknown printer took a galley of type and scrambled it to make a type specimen book. It has survived not only five centuries, but also the leap into electronic typesetting, remaining essentially unchanged. It was popularised in the 1960s with the release of Letraset sheets containing Lorem Ipsum passages, and more recently with desktop publishing software like Aldus PageMaker including versions of Lorem Ipsum.&lt;/font&gt;&lt;/p&gt;\r\n', '', '', '');
INSERT INTO `oc_product_description` (`product_id`, `language_id`, `name`, `description`, `tag`, `meta_description`, `meta_keyword`) VALUES ('69', '1', 'Big Modern Necklace', '&lt;p&gt;&lt;font color=&quot;#222222&quot; face=&quot;arial, sans-serif&quot;&gt;Lorem Ipsum is simply dummy text of the printing and typesetting industry. Lorem Ipsum has been the industry\'s standard dummy text ever since the 1500s, when an unknown printer took a galley of type and scrambled it to make a type specimen book. It has survived not only five centuries, but also the leap into electronic typesetting, remaining essentially unchanged. It was popularised in the 1960s with the release of Letraset sheets containing Lorem Ipsum passages, and more recently with desktop publishing software like Aldus PageMaker including versions of Lorem Ipsum.&lt;/font&gt;&lt;/p&gt;\r\n', '', '', '');
INSERT INTO `oc_product_description` (`product_id`, `language_id`, `name`, `description`, `tag`, `meta_description`, `meta_keyword`) VALUES ('50', '1', 'Blue Dress', '&lt;p&gt;&lt;font color=&quot;#222222&quot; face=&quot;arial, sans-serif&quot;&gt;Lorem Ipsum is simply dummy text of the printing and typesetting industry. Lorem Ipsum has been the industry\'s standard dummy text ever since the 1500s, when an unknown printer took a galley of type and scrambled it to make a type specimen book. It has survived not only five centuries, but also the leap into electronic typesetting, remaining essentially unchanged. It was popularised in the 1960s with the release of Letraset sheets containing Lorem Ipsum passages, and more recently with desktop publishing software like Aldus PageMaker including versions of Lorem Ipsum.&lt;/font&gt;&lt;/p&gt;\r\n', '', '', '');
INSERT INTO `oc_product_description` (`product_id`, `language_id`, `name`, `description`, `tag`, `meta_description`, `meta_keyword`) VALUES ('70', '1', 'Floral Dress', '&lt;p&gt;&lt;font color=&quot;#222222&quot; face=&quot;arial, sans-serif&quot;&gt;Lorem Ipsum is simply dummy text of the printing and typesetting industry. Lorem Ipsum has been the industry\'s standard dummy text ever since the 1500s, when an unknown printer took a galley of type and scrambled it to make a type specimen book. It has survived not only five centuries, but also the leap into electronic typesetting, remaining essentially unchanged. It was popularised in the 1960s with the release of Letraset sheets containing Lorem Ipsum passages, and more recently with desktop publishing software like Aldus PageMaker including versions of Lorem Ipsum.&lt;/font&gt;&lt;/p&gt;\r\n', '', '', '');
INSERT INTO `oc_product_description` (`product_id`, `language_id`, `name`, `description`, `tag`, `meta_description`, `meta_keyword`) VALUES ('161', '1', 'Trainig Pants', '&lt;p&gt;Lorem Ipsum is simply dummy text of the printing and typesetting industry. Lorem Ipsum has been the industry\'s standard dummy text ever since the 1500s, when an unknown printer took a galley of type and scrambled it to make a type specimen book. It has survived not only five centuries, but also the leap into electronic typesetting, remaining essentially unchanged. It was popularised in the 1960s with the release of Letraset sheets containing Lorem Ipsum passages, and more recently with desktop publishing software like Aldus PageMaker including versions of Lorem Ipsum.&lt;/p&gt;\r\n', '', '', '');
INSERT INTO `oc_product_description` (`product_id`, `language_id`, `name`, `description`, `tag`, `meta_description`, `meta_keyword`) VALUES ('71', '1', 'Oliver Tube Dress', '&lt;p&gt;&lt;font color=&quot;#222222&quot; face=&quot;arial, sans-serif&quot;&gt;Lorem Ipsum is simply dummy text of the printing and typesetting industry. Lorem Ipsum has been the industry\'s standard dummy text ever since the 1500s, when an unknown printer took a galley of type and scrambled it to make a type specimen book. It has survived not only five centuries, but also the leap into electronic typesetting, remaining essentially unchanged. It was popularised in the 1960s with the release of Letraset sheets containing Lorem Ipsum passages, and more recently with desktop publishing software like Aldus PageMaker including versions of Lorem Ipsum.&lt;/font&gt;&lt;/p&gt;\r\n', '', '', '');
INSERT INTO `oc_product_description` (`product_id`, `language_id`, `name`, `description`, `tag`, `meta_description`, `meta_keyword`) VALUES ('72', '1', 'Lightweight Grey Jacket', '&lt;p&gt;&lt;font color=&quot;#222222&quot; face=&quot;arial, sans-serif&quot;&gt;Lorem Ipsum is simply dummy text of the printing and typesetting industry. Lorem Ipsum has been the industry\'s standard dummy text ever since the 1500s, when an unknown printer took a galley of type and scrambled it to make a type specimen book. It has survived not only five centuries, but also the leap into electronic typesetting, remaining essentially unchanged. It was popularised in the 1960s with the release of Letraset sheets containing Lorem Ipsum passages, and more recently with desktop publishing software like Aldus PageMaker including versions of Lorem Ipsum.&lt;/font&gt;&lt;/p&gt;\r\n', '', '', '');
INSERT INTO `oc_product_description` (`product_id`, `language_id`, `name`, `description`, `tag`, `meta_description`, `meta_keyword`) VALUES ('157', '1', 'Moisture Makeup SPF15', '&lt;p&gt;Lorem Ipsum is simply dummy text of the printing and typesetting industry. Lorem Ipsum has been the industry\'s standard dummy text ever since the 1500s, when an unknown printer took a galley of type and scrambled it to make a type specimen book. It has survived not only five centuries, but also the leap into electronic typesetting, remaining essentially unchanged. It was popularised in the 1960s with the release of Letraset sheets containing Lorem Ipsum passages, and more recently with desktop publishing software like Aldus PageMaker including versions of Lorem Ipsum.&lt;/p&gt;\r\n', '', '', '');
INSERT INTO `oc_product_description` (`product_id`, `language_id`, `name`, `description`, `tag`, `meta_description`, `meta_keyword`) VALUES ('159', '1', 'White Leather Belt', '&lt;p&gt;Lorem Ipsum is simply dummy text of the printing and typesetting industry. Lorem Ipsum has been the industry\'s standard dummy text ever since the 1500s, when an unknown printer took a galley of type and scrambled it to make a type specimen book. It has survived not only five centuries, but also the leap into electronic typesetting, remaining essentially unchanged. It was popularised in the 1960s with the release of Letraset sheets containing Lorem Ipsum passages, and more recently with desktop publishing software like Aldus PageMaker including versions of Lorem Ipsum.&lt;/p&gt;\r\n', '', '', '');
INSERT INTO `oc_product_description` (`product_id`, `language_id`, `name`, `description`, `tag`, `meta_description`, `meta_keyword`) VALUES ('73', '1', 'Midi Black Dress', '&lt;p&gt;&lt;font color=&quot;#222222&quot; face=&quot;arial, sans-serif&quot;&gt;Lorem Ipsum is simply dummy text of the printing and typesetting industry. Lorem Ipsum has been the industry\'s standard dummy text ever since the 1500s, when an unknown printer took a galley of type and scrambled it to make a type specimen book. It has survived not only five centuries, but also the leap into electronic typesetting, remaining essentially unchanged. It was popularised in the 1960s with the release of Letraset sheets containing Lorem Ipsum passages, and more recently with desktop publishing software like Aldus PageMaker including versions of Lorem Ipsum.&lt;/font&gt;&lt;/p&gt;\r\n', '', '', '');
INSERT INTO `oc_product_description` (`product_id`, `language_id`, `name`, `description`, `tag`, `meta_description`, `meta_keyword`) VALUES ('74', '1', 'Beige Ruffle Dress', '&lt;p&gt;&lt;font color=&quot;#222222&quot; face=&quot;arial, sans-serif&quot;&gt;Lorem Ipsum is simply dummy text of the printing and typesetting industry. Lorem Ipsum has been the industry\'s standard dummy text ever since the 1500s, when an unknown printer took a galley of type and scrambled it to make a type specimen book. It has survived not only five centuries, but also the leap into electronic typesetting, remaining essentially unchanged. It was popularised in the 1960s with the release of Letraset sheets containing Lorem Ipsum passages, and more recently with desktop publishing software like Aldus PageMaker including versions of Lorem Ipsum.&lt;/font&gt;&lt;/p&gt;\r\n', '', '', '');
INSERT INTO `oc_product_description` (`product_id`, `language_id`, `name`, `description`, `tag`, `meta_description`, `meta_keyword`) VALUES ('75', '1', 'Jeweled Strapless Dress', '&lt;p&gt;&lt;font color=&quot;#222222&quot; face=&quot;arial, sans-serif&quot;&gt;Lorem Ipsum is simply dummy text of the printing and typesetting industry. Lorem Ipsum has been the industry\'s standard dummy text ever since the 1500s, when an unknown printer took a galley of type and scrambled it to make a type specimen book. It has survived not only five centuries, but also the leap into electronic typesetting, remaining essentially unchanged. It was popularised in the 1960s with the release of Letraset sheets containing Lorem Ipsum passages, and more recently with desktop publishing software like Aldus PageMaker including versions of Lorem Ipsum.&lt;/font&gt;&lt;/p&gt;\r\n', '', '', '');
INSERT INTO `oc_product_description` (`product_id`, `language_id`, `name`, `description`, `tag`, `meta_description`, `meta_keyword`) VALUES ('76', '1', 'Tube Strapless Dress', '&lt;p&gt;&lt;font color=&quot;#222222&quot; face=&quot;arial, sans-serif&quot;&gt;Lorem Ipsum is simply dummy text of the printing and typesetting industry. Lorem Ipsum has been the industry\'s standard dummy text ever since the 1500s, when an unknown printer took a galley of type and scrambled it to make a type specimen book. It has survived not only five centuries, but also the leap into electronic typesetting, remaining essentially unchanged. It was popularised in the 1960s with the release of Letraset sheets containing Lorem Ipsum passages, and more recently with desktop publishing software like Aldus PageMaker including versions of Lorem Ipsum.&lt;/font&gt;&lt;/p&gt;\r\n', '', '', '');
INSERT INTO `oc_product_description` (`product_id`, `language_id`, `name`, `description`, `tag`, `meta_description`, `meta_keyword`) VALUES ('150', '1', 'Skinny Jeans', '&lt;p&gt;Lorem Ipsum is simply dummy text of the printing and typesetting industry. Lorem Ipsum has been the industry\'s standard dummy text ever since the 1500s, when an unknown printer took a galley of type and scrambled it to make a type specimen book. It has survived not only five centuries, but also the leap into electronic typesetting, remaining essentially unchanged. It was popularised in the 1960s with the release of Letraset sheets containing Lorem Ipsum passages, and more recently with desktop publishing software like Aldus PageMaker including versions of Lorem Ipsum.&lt;/p&gt;\r\n', '', '', '');
INSERT INTO `oc_product_description` (`product_id`, `language_id`, `name`, `description`, `tag`, `meta_description`, `meta_keyword`) VALUES ('77', '1', 'Sequin Tube Dress', '&lt;p&gt;&lt;font color=&quot;#222222&quot; face=&quot;arial, sans-serif&quot;&gt;Lorem Ipsum is simply dummy text of the printing and typesetting industry. Lorem Ipsum has been the industry\'s standard dummy text ever since the 1500s, when an unknown printer took a galley of type and scrambled it to make a type specimen book. It has survived not only five centuries, but also the leap into electronic typesetting, remaining essentially unchanged. It was popularised in the 1960s with the release of Letraset sheets containing Lorem Ipsum passages, and more recently with desktop publishing software like Aldus PageMaker including versions of Lorem Ipsum.&lt;/font&gt;&lt;/p&gt;\r\n', '', '', '');
INSERT INTO `oc_product_description` (`product_id`, `language_id`, `name`, `description`, `tag`, `meta_description`, `meta_keyword`) VALUES ('87', '1', 'Skater Dress with Black Dots', '&lt;div style=&quot;color: rgb(34, 34, 34); font-family: arial, sans-serif; font-size: 13px; background-color: rgb(255, 255, 255);&quot;&gt;Lorem Ipsum is simply dummy text of the printing and typesetting industry. Lorem Ipsum has been the industry\'s standard dummy text ever since the 1500s, when an unknown printer took a galley of type and scrambled it to make a type specimen book. It has survived not only five centuries, but also the leap into electronic typesetting, remaining essentially unchanged. It was popularised in the 1960s with the release of Letraset sheets containing Lorem Ipsum passages, and more recently with desktop publishing software like Aldus PageMaker including versions of Lorem Ipsum.&lt;/div&gt;\r\n', '', '', '');
INSERT INTO `oc_product_description` (`product_id`, `language_id`, `name`, `description`, `tag`, `meta_description`, `meta_keyword`) VALUES ('78', '1', 'Flower Embroidered Midi Dress', '&lt;p&gt;&lt;font color=&quot;#222222&quot; face=&quot;arial, sans-serif&quot;&gt;Lorem Ipsum is simply dummy text of the printing and typesetting industry. Lorem Ipsum has been the industry\'s standard dummy text ever since the 1500s, when an unknown printer took a galley of type and scrambled it to make a type specimen book. It has survived not only five centuries, but also the leap into electronic typesetting, remaining essentially unchanged. It was popularised in the 1960s with the release of Letraset sheets containing Lorem Ipsum passages, and more recently with desktop publishing software like Aldus PageMaker including versions of Lorem Ipsum.&lt;/font&gt;&lt;/p&gt;\r\n', '', '', '');
INSERT INTO `oc_product_description` (`product_id`, `language_id`, `name`, `description`, `tag`, `meta_description`, `meta_keyword`) VALUES ('160', '1', 'Diamond Earrings', '&lt;p&gt;Lorem Ipsum is simply dummy text of the printing and typesetting industry. Lorem Ipsum has been the industry\'s standard dummy text ever since the 1500s, when an unknown printer took a galley of type and scrambled it to make a type specimen book. It has survived not only five centuries, but also the leap into electronic typesetting, remaining essentially unchanged. It was popularised in the 1960s with the release of Letraset sheets containing Lorem Ipsum passages, and more recently with desktop publishing software like Aldus PageMaker including versions of Lorem Ipsum.&lt;/p&gt;\r\n', '', '', '');
INSERT INTO `oc_product_description` (`product_id`, `language_id`, `name`, `description`, `tag`, `meta_description`, `meta_keyword`) VALUES ('79', '1', 'Navy Lightweight Military Coat', '&lt;p&gt;&lt;font color=&quot;#222222&quot; face=&quot;arial, sans-serif&quot;&gt;Lorem Ipsum is simply dummy text of the printing and typesetting industry. Lorem Ipsum has been the industry\'s standard dummy text ever since the 1500s, when an unknown printer took a galley of type and scrambled it to make a type specimen book. It has survived not only five centuries, but also the leap into electronic typesetting, remaining essentially unchanged. It was popularised in the 1960s with the release of Letraset sheets containing Lorem Ipsum passages, and more recently with desktop publishing software like Aldus PageMaker including versions of Lorem Ipsum.&lt;/font&gt;&lt;/p&gt;\r\n', '', '', '');
INSERT INTO `oc_product_description` (`product_id`, `language_id`, `name`, `description`, `tag`, `meta_description`, `meta_keyword`) VALUES ('154', '1', 'White Lace Corset', '&lt;p&gt;Lorem Ipsum is simply dummy text of the printing and typesetting industry. Lorem Ipsum has been the industry\'s standard dummy text ever since the 1500s, when an unknown printer took a galley of type and scrambled it to make a type specimen book. It has survived not only five centuries, but also the leap into electronic typesetting, remaining essentially unchanged. It was popularised in the 1960s with the release of Letraset sheets containing Lorem Ipsum passages, and more recently with desktop publishing software like Aldus PageMaker including versions of Lorem Ipsum.&lt;/p&gt;\r\n', '', '', '');
INSERT INTO `oc_product_description` (`product_id`, `language_id`, `name`, `description`, `tag`, `meta_description`, `meta_keyword`) VALUES ('80', '1', 'White Coat In Wool', '&lt;p&gt;&lt;font color=&quot;#222222&quot; face=&quot;arial, sans-serif&quot;&gt;Lorem Ipsum is simply dummy text of the printing and typesetting industry. Lorem Ipsum has been the industry\'s standard dummy text ever since the 1500s, when an unknown printer took a galley of type and scrambled it to make a type specimen book. It has survived not only five centuries, but also the leap into electronic typesetting, remaining essentially unchanged. It was popularised in the 1960s with the release of Letraset sheets containing Lorem Ipsum passages, and more recently with desktop publishing software like Aldus PageMaker including versions of Lorem Ipsum.&lt;/font&gt;&lt;/p&gt;\r\n', '', '', '');
INSERT INTO `oc_product_description` (`product_id`, `language_id`, `name`, `description`, `tag`, `meta_description`, `meta_keyword`) VALUES ('149', '1', 'Red City Bag', '&lt;p&gt;Lorem Ipsum is simply dummy text of the printing and typesetting industry. Lorem Ipsum has been the industry\'s standard dummy text ever since the 1500s, when an unknown printer took a galley of type and scrambled it to make a type specimen book. It has survived not only five centuries, but also the leap into electronic typesetting, remaining essentially unchanged. It was popularised in the 1960s with the release of Letraset sheets containing Lorem Ipsum passages, and more recently with desktop publishing software like Aldus PageMaker including versions of Lorem Ipsum.&lt;/p&gt;\r\n', '', '', '');
INSERT INTO `oc_product_description` (`product_id`, `language_id`, `name`, `description`, `tag`, `meta_description`, `meta_keyword`) VALUES ('81', '1', 'Red Evening Dress', '&lt;p&gt;&lt;font color=&quot;#222222&quot; face=&quot;arial, sans-serif&quot;&gt;Lorem Ipsum is simply dummy text of the printing and typesetting industry. Lorem Ipsum has been the industry\'s standard dummy text ever since the 1500s, when an unknown printer took a galley of type and scrambled it to make a type specimen book. It has survived not only five centuries, but also the leap into electronic typesetting, remaining essentially unchanged. It was popularised in the 1960s with the release of Letraset sheets containing Lorem Ipsum passages, and more recently with desktop publishing software like Aldus PageMaker including versions of Lorem Ipsum.&lt;/font&gt;&lt;/p&gt;\r\n', '', '', '');
INSERT INTO `oc_product_description` (`product_id`, `language_id`, `name`, `description`, `tag`, `meta_description`, `meta_keyword`) VALUES ('82', '1', 'Trench Coat', '&lt;p&gt;&lt;font color=&quot;#222222&quot; face=&quot;arial, sans-serif&quot;&gt;Lorem Ipsum is simply dummy text of the printing and typesetting industry. Lorem Ipsum has been the industry\'s standard dummy text ever since the 1500s, when an unknown printer took a galley of type and scrambled it to make a type specimen book. It has survived not only five centuries, but also the leap into electronic typesetting, remaining essentially unchanged. It was popularised in the 1960s with the release of Letraset sheets containing Lorem Ipsum passages, and more recently with desktop publishing software like Aldus PageMaker including versions of Lorem Ipsum.&lt;/font&gt;&lt;/p&gt;\r\n', '', '', '');
INSERT INTO `oc_product_description` (`product_id`, `language_id`, `name`, `description`, `tag`, `meta_description`, `meta_keyword`) VALUES ('83', '1', 'Brown Pencil Skirt', '&lt;p&gt;&lt;font color=&quot;#222222&quot; face=&quot;arial, sans-serif&quot;&gt;Lorem Ipsum is simply dummy text of the printing and typesetting industry. Lorem Ipsum has been the industry\'s standard dummy text ever since the 1500s, when an unknown printer took a galley of type and scrambled it to make a type specimen book. It has survived not only five centuries, but also the leap into electronic typesetting, remaining essentially unchanged. It was popularised in the 1960s with the release of Letraset sheets containing Lorem Ipsum passages, and more recently with desktop publishing software like Aldus PageMaker including versions of Lorem Ipsum.&lt;/font&gt;&lt;/p&gt;\r\n', '', '', '');
INSERT INTO `oc_product_description` (`product_id`, `language_id`, `name`, `description`, `tag`, `meta_description`, `meta_keyword`) VALUES ('84', '1', 'London Tweed Coat', '&lt;p&gt;&lt;font color=&quot;#222222&quot; face=&quot;arial, sans-serif&quot;&gt;Lorem Ipsum is simply dummy text of the printing and typesetting industry. Lorem Ipsum has been the industry\'s standard dummy text ever since the 1500s, when an unknown printer took a galley of type and scrambled it to make a type specimen book. It has survived not only five centuries, but also the leap into electronic typesetting, remaining essentially unchanged. It was popularised in the 1960s with the release of Letraset sheets containing Lorem Ipsum passages, and more recently with desktop publishing software like Aldus PageMaker including versions of Lorem Ipsum.&lt;/font&gt;&lt;/p&gt;\r\n', '', '', '');
INSERT INTO `oc_product_description` (`product_id`, `language_id`, `name`, `description`, `tag`, `meta_description`, `meta_keyword`) VALUES ('85', '1', 'Sleeveless Sweater', '&lt;p&gt;&lt;font color=&quot;#222222&quot; face=&quot;arial, sans-serif&quot;&gt;Lorem Ipsum is simply dummy text of the printing and typesetting industry. Lorem Ipsum has been the industry\'s standard dummy text ever since the 1500s, when an unknown printer took a galley of type and scrambled it to make a type specimen book. It has survived not only five centuries, but also the leap into electronic typesetting, remaining essentially unchanged. It was popularised in the 1960s with the release of Letraset sheets containing Lorem Ipsum passages, and more recently with desktop publishing software like Aldus PageMaker including versions of Lorem Ipsum.&lt;/font&gt;&lt;/p&gt;\r\n', '', '', '');
INSERT INTO `oc_product_description` (`product_id`, `language_id`, `name`, `description`, `tag`, `meta_description`, `meta_keyword`) VALUES ('151', '1', 'Gym Shoulder Bag', '&lt;p&gt;Lorem Ipsum is simply dummy text of the printing and typesetting industry. Lorem Ipsum has been the industry\'s standard dummy text ever since the 1500s, when an unknown printer took a galley of type and scrambled it to make a type specimen book. It has survived not only five centuries, but also the leap into electronic typesetting, remaining essentially unchanged. It was popularised in the 1960s with the release of Letraset sheets containing Lorem Ipsum passages, and more recently with desktop publishing software like Aldus PageMaker including versions of Lorem Ipsum.&lt;/p&gt;\r\n', '', '', '');
INSERT INTO `oc_product_description` (`product_id`, `language_id`, `name`, `description`, `tag`, `meta_description`, `meta_keyword`) VALUES ('86', '1', 'Oversized Leather Bag', '&lt;p&gt;&lt;font color=&quot;#222222&quot; face=&quot;arial, sans-serif&quot;&gt;Lorem Ipsum is simply dummy text of the printing and typesetting industry. Lorem Ipsum has been the industry\'s standard dummy text ever since the 1500s, when an unknown printer took a galley of type and scrambled it to make a type specimen book. It has survived not only five centuries, but also the leap into electronic typesetting, remaining essentially unchanged. It was popularised in the 1960s with the release of Letraset sheets containing Lorem Ipsum passages, and more recently with desktop publishing software like Aldus PageMaker including versions of Lorem Ipsum.&lt;/font&gt;&lt;/p&gt;\r\n', '', '', '');
INSERT INTO `oc_product_description` (`product_id`, `language_id`, `name`, `description`, `tag`, `meta_description`, `meta_keyword`) VALUES ('88', '1', 'Purple Short Sleeve Shirt', '&lt;p&gt;&lt;font color=&quot;#222222&quot; face=&quot;arial, sans-serif&quot;&gt;Lorem Ipsum is simply dummy text of the printing and typesetting industry. Lorem Ipsum has been the industry\'s standard dummy text ever since the 1500s, when an unknown printer took a galley of type and scrambled it to make a type specimen book. It has survived not only five centuries, but also the leap into electronic typesetting, remaining essentially unchanged. It was popularised in the 1960s with the release of Letraset sheets containing Lorem Ipsum passages, and more recently with desktop publishing software like Aldus PageMaker including versions of Lorem Ipsum.&lt;/font&gt;&lt;/p&gt;\r\n', '', '', '');
INSERT INTO `oc_product_description` (`product_id`, `language_id`, `name`, `description`, `tag`, `meta_description`, `meta_keyword`) VALUES ('153', '1', 'Cashmere Nightgown', '&lt;p&gt;Lorem Ipsum is simply dummy text of the printing and typesetting industry. Lorem Ipsum has been the industry\'s standard dummy text ever since the 1500s, when an unknown printer took a galley of type and scrambled it to make a type specimen book. It has survived not only five centuries, but also the leap into electronic typesetting, remaining essentially unchanged. It was popularised in the 1960s with the release of Letraset sheets containing Lorem Ipsum passages, and more recently with desktop publishing software like Aldus PageMaker including versions of Lorem Ipsum.&lt;/p&gt;\r\n', '', '', '');
INSERT INTO `oc_product_description` (`product_id`, `language_id`, `name`, `description`, `tag`, `meta_description`, `meta_keyword`) VALUES ('89', '1', 'Strapless Black Dress', '&lt;p&gt;&lt;font color=&quot;#222222&quot; face=&quot;arial, sans-serif&quot;&gt;Lorem Ipsum is simply dummy text of the printing and typesetting industry. Lorem Ipsum has been the industry\'s standard dummy text ever since the 1500s, when an unknown printer took a galley of type and scrambled it to make a type specimen book. It has survived not only five centuries, but also the leap into electronic typesetting, remaining essentially unchanged. It was popularised in the 1960s with the release of Letraset sheets containing Lorem Ipsum passages, and more recently with desktop publishing software like Aldus PageMaker including versions of Lorem Ipsum.&lt;/font&gt;&lt;/p&gt;\r\n', '', '', '');
INSERT INTO `oc_product_description` (`product_id`, `language_id`, `name`, `description`, `tag`, `meta_description`, `meta_keyword`) VALUES ('165', '1', 'Yellow Patent Clutch', '&lt;p&gt;Lorem Ipsum is simply dummy text of the printing and typesetting industry. Lorem Ipsum has been the industry\'s standard dummy text ever since the 1500s, when an unknown printer took a galley of type and scrambled it to make a type specimen book. It has survived not only five centuries, but also the leap into electronic typesetting, remaining essentially unchanged. It was popularised in the 1960s with the release of Letraset sheets containing Lorem Ipsum passages, and more recently with desktop publishing software like Aldus PageMaker including versions of Lorem Ipsum.&lt;/p&gt;\r\n', '', '', '');
INSERT INTO `oc_product_description` (`product_id`, `language_id`, `name`, `description`, `tag`, `meta_description`, `meta_keyword`) VALUES ('179', '1', 'Black &amp; White Straw Hat', '&lt;p&gt;Lorem Ipsum is simply dummy text of the printing and typesetting industry. Lorem Ipsum has been the industry\'s standard dummy text ever since the 1500s, when an unknown printer took a galley of type and scrambled it to make a type specimen book. It has survived not only five centuries, but also the leap into electronic typesetting, remaining essentially unchanged. It was popularised in the 1960s with the release of Letraset sheets containing Lorem Ipsum passages, and more recently with desktop publishing software like Aldus PageMaker including versions of Lorem Ipsum.&lt;/p&gt;\r\n', '', '', '');
INSERT INTO `oc_product_description` (`product_id`, `language_id`, `name`, `description`, `tag`, `meta_description`, `meta_keyword`) VALUES ('180', '1', 'White Staw Hat', '&lt;p&gt;Lorem Ipsum is simply dummy text of the printing and typesetting industry. Lorem Ipsum has been the industry\'s standard dummy text ever since the 1500s, when an unknown printer took a galley of type and scrambled it to make a type specimen book. It has survived not only five centuries, but also the leap into electronic typesetting, remaining essentially unchanged. It was popularised in the 1960s with the release of Letraset sheets containing Lorem Ipsum passages, and more recently with desktop publishing software like Aldus PageMaker including versions of Lorem Ipsum.&lt;/p&gt;\r\n', '', '', '');
INSERT INTO `oc_product_description` (`product_id`, `language_id`, `name`, `description`, `tag`, `meta_description`, `meta_keyword`) VALUES ('181', '1', 'Oversized Necklace', '&lt;p&gt;Lorem Ipsum is simply dummy text of the printing and typesetting industry. Lorem Ipsum has been the industry\'s standard dummy text ever since the 1500s, when an unknown printer took a galley of type and scrambled it to make a type specimen book. It has survived not only five centuries, but also the leap into electronic typesetting, remaining essentially unchanged. It was popularised in the 1960s with the release of Letraset sheets containing Lorem Ipsum passages, and more recently with desktop publishing software like Aldus PageMaker including versions of Lorem Ipsum.&lt;/p&gt;\r\n', '', '', '');
INSERT INTO `oc_product_description` (`product_id`, `language_id`, `name`, `description`, `tag`, `meta_description`, `meta_keyword`) VALUES ('182', '1', 'Push Up Bra', '&lt;p&gt;Lorem Ipsum is simply dummy text of the printing and typesetting industry. Lorem Ipsum has been the industry\'s standard dummy text ever since the 1500s, when an unknown printer took a galley of type and scrambled it to make a type specimen book. It has survived not only five centuries, but also the leap into electronic typesetting, remaining essentially unchanged. It was popularised in the 1960s with the release of Letraset sheets containing Lorem Ipsum passages, and more recently with desktop publishing software like Aldus PageMaker including versions of Lorem Ipsum.&lt;/p&gt;\r\n', '', '', '');
INSERT INTO `oc_product_description` (`product_id`, `language_id`, `name`, `description`, `tag`, `meta_description`, `meta_keyword`) VALUES ('183', '1', 'Running Shoes', '&lt;p&gt;Lorem Ipsum is simply dummy text of the printing and typesetting industry. Lorem Ipsum has been the industry\'s standard dummy text ever since the 1500s, when an unknown printer took a galley of type and scrambled it to make a type specimen book. It has survived not only five centuries, but also the leap into electronic typesetting, remaining essentially unchanged. It was popularised in the 1960s with the release of Letraset sheets containing Lorem Ipsum passages, and more recently with desktop publishing software like Aldus PageMaker including versions of Lorem Ipsum.&lt;/p&gt;\r\n', '', '', '');
INSERT INTO `oc_product_description` (`product_id`, `language_id`, `name`, `description`, `tag`, `meta_description`, `meta_keyword`) VALUES ('189', '1', 'Refreshing Fruits &amp; Cereal', '&lt;p&gt;Lorem Ipsum is simply dummy text of the printing and typesetting industry. Lorem Ipsum has been the industry\'s standard dummy text ever since the 1500s, when an unknown printer took a galley of type and scrambled it to make a type specimen book. It has survived not only five centuries, but also the leap into electronic typesetting, remaining essentially unchanged. It was popularised in the 1960s with the release of Letraset sheets containing Lorem Ipsum passages, and more recently with desktop publishing software like Aldus PageMaker including versions of Lorem Ipsum.&lt;/p&gt;\r\n', '', '', '');
INSERT INTO `oc_product_description` (`product_id`, `language_id`, `name`, `description`, `tag`, `meta_description`, `meta_keyword`) VALUES ('190', '1', 'Scrambled Eggs', '&lt;p&gt;Lorem Ipsum is simply dummy text of the printing and typesetting industry. Lorem Ipsum has been the industry\'s standard dummy text ever since the 1500s, when an unknown printer took a galley of type and scrambled it to make a type specimen book. It has survived not only five centuries, but also the leap into electronic typesetting, remaining essentially unchanged. It was popularised in the 1960s with the release of Letraset sheets containing Lorem Ipsum passages, and more recently with desktop publishing software like Aldus PageMaker including versions of Lorem Ipsum.&lt;/p&gt;\r\n', '', '', '');
INSERT INTO `oc_product_description` (`product_id`, `language_id`, `name`, `description`, `tag`, `meta_description`, `meta_keyword`) VALUES ('191', '1', 'Fluffy Pancakes', '&lt;p&gt;Lorem Ipsum is simply dummy text of the printing and typesetting industry. Lorem Ipsum has been the industry\'s standard dummy text ever since the 1500s, when an unknown printer took a galley of type and scrambled it to make a type specimen book. It has survived not only five centuries, but also the leap into electronic typesetting, remaining essentially unchanged. It was popularised in the 1960s with the release of Letraset sheets containing Lorem Ipsum passages, and more recently with desktop publishing software like Aldus PageMaker including versions of Lorem Ipsum.&lt;/p&gt;\r\n', '', '', '');
INSERT INTO `oc_product_description` (`product_id`, `language_id`, `name`, `description`, `tag`, `meta_description`, `meta_keyword`) VALUES ('192', '1', 'French Croissant', '&lt;p&gt;Lorem Ipsum is simply dummy text of the printing and typesetting industry. Lorem Ipsum has been the industry\'s standard dummy text ever since the 1500s, when an unknown printer took a galley of type and scrambled it to make a type specimen book. It has survived not only five centuries, but also the leap into electronic typesetting, remaining essentially unchanged. It was popularised in the 1960s with the release of Letraset sheets containing Lorem Ipsum passages, and more recently with desktop publishing software like Aldus PageMaker including versions of Lorem Ipsum.&lt;/p&gt;\r\n', '', '', '');
INSERT INTO `oc_product_description` (`product_id`, `language_id`, `name`, `description`, `tag`, `meta_description`, `meta_keyword`) VALUES ('193', '1', 'Full Breakfast', '&lt;p&gt;Lorem Ipsum is simply dummy text of the printing and typesetting industry. Lorem Ipsum has been the industry\'s standard dummy text ever since the 1500s, when an unknown printer took a galley of type and scrambled it to make a type specimen book. It has survived not only five centuries, but also the leap into electronic typesetting, remaining essentially unchanged. It was popularised in the 1960s with the release of Letraset sheets containing Lorem Ipsum passages, and more recently with desktop publishing software like Aldus PageMaker including versions of Lorem Ipsum.&lt;/p&gt;\r\n', '', '', '');
INSERT INTO `oc_product_description` (`product_id`, `language_id`, `name`, `description`, `tag`, `meta_description`, `meta_keyword`) VALUES ('194', '1', 'Honeycomb Cereals', '&lt;p&gt;Lorem Ipsum is simply dummy text of the printing and typesetting industry. Lorem Ipsum has been the industry\'s standard dummy text ever since the 1500s, when an unknown printer took a galley of type and scrambled it to make a type specimen book. It has survived not only five centuries, but also the leap into electronic typesetting, remaining essentially unchanged. It was popularised in the 1960s with the release of Letraset sheets containing Lorem Ipsum passages, and more recently with desktop publishing software like Aldus PageMaker including versions of Lorem Ipsum.&lt;/p&gt;\r\n', '', '', '');
INSERT INTO `oc_product_description` (`product_id`, `language_id`, `name`, `description`, `tag`, `meta_description`, `meta_keyword`) VALUES ('195', '1', 'Browny', '&lt;p&gt;Lorem Ipsum is simply dummy text of the printing and typesetting industry. Lorem Ipsum has been the industry\'s standard dummy text ever since the 1500s, when an unknown printer took a galley of type and scrambled it to make a type specimen book. It has survived not only five centuries, but also the leap into electronic typesetting, remaining essentially unchanged. It was popularised in the 1960s with the release of Letraset sheets containing Lorem Ipsum passages, and more recently with desktop publishing software like Aldus PageMaker including versions of Lorem Ipsum.&lt;/p&gt;\r\n', '', '', '');
INSERT INTO `oc_product_description` (`product_id`, `language_id`, `name`, `description`, `tag`, `meta_description`, `meta_keyword`) VALUES ('196', '1', 'Cheese Cake', '&lt;p&gt;Lorem Ipsum is simply dummy text of the printing and typesetting industry. Lorem Ipsum has been the industry\'s standard dummy text ever since the 1500s, when an unknown printer took a galley of type and scrambled it to make a type specimen book. It has survived not only five centuries, but also the leap into electronic typesetting, remaining essentially unchanged. It was popularised in the 1960s with the release of Letraset sheets containing Lorem Ipsum passages, and more recently with desktop publishing software like Aldus PageMaker including versions of Lorem Ipsum.&lt;/p&gt;\r\n', '', '', '');
INSERT INTO `oc_product_description` (`product_id`, `language_id`, `name`, `description`, `tag`, `meta_description`, `meta_keyword`) VALUES ('197', '1', 'Iced Chocolate', '&lt;p&gt;Lorem Ipsum is simply dummy text of the printing and typesetting industry. Lorem Ipsum has been the industry\'s standard dummy text ever since the 1500s, when an unknown printer took a galley of type and scrambled it to make a type specimen book. It has survived not only five centuries, but also the leap into electronic typesetting, remaining essentially unchanged. It was popularised in the 1960s with the release of Letraset sheets containing Lorem Ipsum passages, and more recently with desktop publishing software like Aldus PageMaker including versions of Lorem Ipsum.&lt;/p&gt;\r\n', '', '', '');
INSERT INTO `oc_product_description` (`product_id`, `language_id`, `name`, `description`, `tag`, `meta_description`, `meta_keyword`) VALUES ('198', '1', 'Strawberry Cake', '&lt;p&gt;Lorem Ipsum is simply dummy text of the printing and typesetting industry. Lorem Ipsum has been the industry\'s standard dummy text ever since the 1500s, when an unknown printer took a galley of type and scrambled it to make a type specimen book. It has survived not only five centuries, but also the leap into electronic typesetting, remaining essentially unchanged. It was popularised in the 1960s with the release of Letraset sheets containing Lorem Ipsum passages, and more recently with desktop publishing software like Aldus PageMaker including versions of Lorem Ipsum.&lt;/p&gt;\r\n', '', '', '');
INSERT INTO `oc_product_description` (`product_id`, `language_id`, `name`, `description`, `tag`, `meta_description`, `meta_keyword`) VALUES ('199', '1', 'Fruity Cake', '&lt;p&gt;Lorem Ipsum is simply dummy text of the printing and typesetting industry. Lorem Ipsum has been the industry\'s standard dummy text ever since the 1500s, when an unknown printer took a galley of type and scrambled it to make a type specimen book. It has survived not only five centuries, but also the leap into electronic typesetting, remaining essentially unchanged. It was popularised in the 1960s with the release of Letraset sheets containing Lorem Ipsum passages, and more recently with desktop publishing software like Aldus PageMaker including versions of Lorem Ipsum.&lt;/p&gt;\r\n', '', '', '');
INSERT INTO `oc_product_description` (`product_id`, `language_id`, `name`, `description`, `tag`, `meta_description`, `meta_keyword`) VALUES ('200', '1', 'Strawberry IceCream', '&lt;p&gt;Lorem Ipsum is simply dummy text of the printing and typesetting industry. Lorem Ipsum has been the industry\'s standard dummy text ever since the 1500s, when an unknown printer took a galley of type and scrambled it to make a type specimen book. It has survived not only five centuries, but also the leap into electronic typesetting, remaining essentially unchanged. It was popularised in the 1960s with the release of Letraset sheets containing Lorem Ipsum passages, and more recently with desktop publishing software like Aldus PageMaker including versions of Lorem Ipsum.&lt;/p&gt;\r\n', '', '', '');
INSERT INTO `oc_product_description` (`product_id`, `language_id`, `name`, `description`, `tag`, `meta_description`, `meta_keyword`) VALUES ('201', '1', 'Grilled Chicken', '&lt;p&gt;Lorem Ipsum is simply dummy text of the printing and typesetting industry. Lorem Ipsum has been the industry\'s standard dummy text ever since the 1500s, when an unknown printer took a galley of type and scrambled it to make a type specimen book. It has survived not only five centuries, but also the leap into electronic typesetting, remaining essentially unchanged. It was popularised in the 1960s with the release of Letraset sheets containing Lorem Ipsum passages, and more recently with desktop publishing software like Aldus PageMaker including versions of Lorem Ipsum.&lt;/p&gt;\r\n', '', '', '');
INSERT INTO `oc_product_description` (`product_id`, `language_id`, `name`, `description`, `tag`, `meta_description`, `meta_keyword`) VALUES ('202', '1', 'Grilled Beef', '&lt;p&gt;Lorem Ipsum is simply dummy text of the printing and typesetting industry. Lorem Ipsum has been the industry\'s standard dummy text ever since the 1500s, when an unknown printer took a galley of type and scrambled it to make a type specimen book. It has survived not only five centuries, but also the leap into electronic typesetting, remaining essentially unchanged. It was popularised in the 1960s with the release of Letraset sheets containing Lorem Ipsum passages, and more recently with desktop publishing software like Aldus PageMaker including versions of Lorem Ipsum.&lt;/p&gt;\r\n', '', '', '');
INSERT INTO `oc_product_description` (`product_id`, `language_id`, `name`, `description`, `tag`, `meta_description`, `meta_keyword`) VALUES ('203', '1', 'Dorada Grill', '&lt;p&gt;Lorem Ipsum is simply dummy text of the printing and typesetting industry. Lorem Ipsum has been the industry\'s standard dummy text ever since the 1500s, when an unknown printer took a galley of type and scrambled it to make a type specimen book. It has survived not only five centuries, but also the leap into electronic typesetting, remaining essentially unchanged. It was popularised in the 1960s with the release of Letraset sheets containing Lorem Ipsum passages, and more recently with desktop publishing software like Aldus PageMaker including versions of Lorem Ipsum.&lt;/p&gt;\r\n', '', '', '');
INSERT INTO `oc_product_description` (`product_id`, `language_id`, `name`, `description`, `tag`, `meta_description`, `meta_keyword`) VALUES ('204', '1', 'Sample Grilled Beef', '&lt;p&gt;Lorem Ipsum is simply dummy text of the printing and typesetting industry. Lorem Ipsum has been the industry\'s standard dummy text ever since the 1500s, when an unknown printer took a galley of type and scrambled it to make a type specimen book. It has survived not only five centuries, but also the leap into electronic typesetting, remaining essentially unchanged. It was popularised in the 1960s with the release of Letraset sheets containing Lorem Ipsum passages, and more recently with desktop publishing software like Aldus PageMaker including versions of Lorem Ipsum.&lt;/p&gt;\r\n', '', '', '');
INSERT INTO `oc_product_description` (`product_id`, `language_id`, `name`, `description`, `tag`, `meta_description`, `meta_keyword`) VALUES ('205', '1', 'Grilled Chicken Legs', '&lt;p&gt;Lorem Ipsum is simply dummy text of the printing and typesetting industry. Lorem Ipsum has been the industry\'s standard dummy text ever since the 1500s, when an unknown printer took a galley of type and scrambled it to make a type specimen book. It has survived not only five centuries, but also the leap into electronic typesetting, remaining essentially unchanged. It was popularised in the 1960s with the release of Letraset sheets containing Lorem Ipsum passages, and more recently with desktop publishing software like Aldus PageMaker including versions of Lorem Ipsum.&lt;/p&gt;\r\n', '', '', '');
INSERT INTO `oc_product_description` (`product_id`, `language_id`, `name`, `description`, `tag`, `meta_description`, `meta_keyword`) VALUES ('206', '1', 'Grilled Pork Chops', '&lt;p&gt;Lorem Ipsum is simply dummy text of the printing and typesetting industry. Lorem Ipsum has been the industry\'s standard dummy text ever since the 1500s, when an unknown printer took a galley of type and scrambled it to make a type specimen book. It has survived not only five centuries, but also the leap into electronic typesetting, remaining essentially unchanged. It was popularised in the 1960s with the release of Letraset sheets containing Lorem Ipsum passages, and more recently with desktop publishing software like Aldus PageMaker including versions of Lorem Ipsum.&lt;/p&gt;\r\n', '', '', '');
INSERT INTO `oc_product_description` (`product_id`, `language_id`, `name`, `description`, `tag`, `meta_description`, `meta_keyword`) VALUES ('207', '1', 'European Pizza', '&lt;p&gt;Lorem Ipsum is simply dummy text of the printing and typesetting industry. Lorem Ipsum has been the industry\'s standard dummy text ever since the 1500s, when an unknown printer took a galley of type and scrambled it to make a type specimen book. It has survived not only five centuries, but also the leap into electronic typesetting, remaining essentially unchanged. It was popularised in the 1960s with the release of Letraset sheets containing Lorem Ipsum passages, and more recently with desktop publishing software like Aldus PageMaker including versions of Lorem Ipsum.&lt;/p&gt;\r\n', '', '', '');
