INSERT INTO `oc_journal2_modules` (`module_id`, `module_type`, `module_data`) VALUES ('124', 'journal2_photo_gallery', '{"module_name":"New Module","gallery_name":{"value":{"1":"Photo Gallery","2":""}},"thumbs_limit":"9","thumbs_width":"","thumbs_height":"","thumbs_type":"crop","items_per_row":{"range":"1,10","step":"1","value":{"mobile":{"value":"3","range":"1,10","step":"1"},"mobile1":{"value":"3","range":"1,10","step":"1"},"tablet":{"value":"5","range":"1,10","step":"1"},"tablet1":{"value":"5","range":"1,10","step":"1"},"tablet2":{"value":"4","range":"1,10","step":"1"},"desktop":{"value":"7","range":"1,10","step":"1"},"desktop1":{"value":"7","range":"1,10","step":"1"},"desktop2":{"value":"5","range":"1,10","step":"1"},"large_desktop":{"value":"7","range":"1,10","step":"1"},"large_desktop1":{"value":"7","range":"1,10","step":"1"},"large_desktop2":{"value":"5","range":"1,10","step":"1"}}},"carousel":"1","carousel_arrows":"top","carousel_buttons":1,"top_bottom_placement":0,"background":{"value":{"bgimage_attach":"scroll","bgimage_repeat":"repeat","bgimage_position":"center","bgcolor":{"value":{"color":"rgb(250, 250, 250)"}}}},"autoplay":"0","pause_on_hover":"1","transition_speed":"400","transition_delay":"3000","touch_drag":"1","fullwidth":"0","margin_top":"20","margin_bottom":"20","image_border":{"value":{"border_rounded":"px","border_type":"solid","border_radius_unit":"%","border":{"value":""},"border_top":{"value":""},"border_right":{"value":""},"border_bottom":{"value":""},"border_left":{"value":""},"border_radius":{"value":{"text":""}},"border_radius_top":{"value":""},"border_radius_right":{"value":""},"border_radius_left":{"value":""},"border_radius_bottom":{"value":""}}},"images":[{"is_open":false,"status":"1","name":{"value":{"1":"Sample Caption","2":"","3":""}},"image":"data\\/blouse.jpg"},{"is_open":false,"status":"1","name":{"value":{"1":"Sample Caption","2":"","3":""}},"image":"data\\/18.jpg"},{"is_open":false,"status":"1","name":{"value":{"1":"Sample Caption","2":"","3":""}},"image":"data\\/11.jpg"},{"is_open":false,"status":"1","name":{"value":{"1":"Sample Caption","2":"","3":""}},"image":"data\\/21.jpg"},{"is_open":false,"status":"1","name":{"value":{"1":"Sample Caption","2":"","3":""}},"image":"data\\/beauty.jpg"},{"is_open":false,"status":"1","name":{"value":{"1":"Sample Caption","2":"","3":""}},"image":"data\\/19.jpg"},{"is_open":false,"status":"1","name":{"value":{"1":"","2":"","3":""}},"image":"data\\/black.jpg"},{"is_open":false,"status":"1","name":{"value":{"1":"","3":""}},"image":"data\\/Depositphotos_5599304_original.jpg"},{"is_open":false,"status":"1","name":{"value":{"1":"","3":""}},"image":"data\\/15.jpg"},{"is_open":false,"status":"1","name":{"value":{"1":"","3":""}},"image":"data\\/1.jpg"}],"enable_on_phone":"1","enable_on_tablet":"1","enable_on_desktop":"1","general_is_open":true,"top_bottom_is_open":true,"disable_mobile":"0","carousel_bullets":"1","close_others":false}');
INSERT INTO `oc_journal2_modules` (`module_id`, `module_type`, `module_data`) VALUES ('127', 'journal2_cms_blocks', '{"module_name":"Map - Contact Page","module_title":{"value":{"1":"","2":""}},"items_per_row":{"range":"1,10","step":"1","value":{"mobile":{"value":"1","range":"1,10","step":"1"},"mobile1":{"value":"1","range":"1,10","step":"1"},"tablet":{"value":"1","range":"1,10","step":"1"},"tablet1":{"value":"1","range":"1,10","step":"1"},"tablet2":{"value":"1","range":"1,10","step":"1"},"desktop":{"value":"1","range":"1,10","step":"1"},"desktop1":{"value":"1","range":"1,10","step":"1"},"desktop2":{"value":"1","range":"1,10","step":"1"},"large_desktop":{"value":"1","range":"1,10","step":"1"},"large_desktop1":{"value":"1","range":"1,10","step":"1"},"large_desktop2":{"value":"1","range":"1,10","step":"1"}}},"module_background":{"value":{"bgimage_attach":"scroll"}},"module_padding":"0","disable_mobile":"1","background":{"value":{"bgimage_attach":"scroll"}},"fullwidth":"0","margin_top":"","margin_bottom":"","sections":[{"is_open":true,"section_title":[],"text":{"1":"<p><iframe frameborder=\\"0\\" height=\\"200\\" src=\\"https:\\/\\/www.google.com\\/maps\\/embed?pb=!1m18!1m12!1m3!1d2624.745754504347!2d2.3350847999999917!3d48.863058399999964!2m3!1f0!2f0!3f0!3m2!1i1024!2i768!4f13.1!3m3!1m2!1s0x47e66e25967267e3%3A0x72b2a53b90685549!2s174+Rue+de+Rivoli!5e0!3m2!1sen!2s!4v1400359491114\\" style=\\"border:0\\" width=\\"100%\\"><\\/iframe><\\/p>\\n"},"text_align":"left","icon_status":"0","icon_position":"top","icon":{"options":{"font_size":"16px"}},"icon_border":{"value":{"border_rounded":"px"}},"icon_bg_color":"","icon_width":"","icon_height":"","status":"1","sort_order":""}],"general_is_open":true,"top_bottom_is_open":true}');
INSERT INTO `oc_journal2_modules` (`module_id`, `module_type`, `module_data`) VALUES ('168', 'journal2_custom_sections', '{"module_name":"Featured - New Arrivals","module_type":"product","items_per_row":{"range":"1,10","step":"1","value":{"mobile":{"value":"1","range":"1,10","step":"1"},"mobile1":{"value":"2","range":"1,10","step":"1"},"tablet":{"value":"3","range":"1,10","step":"1"},"tablet1":{"value":"2","range":"1,10","step":"1"},"tablet2":{"value":"1","range":"1,10","step":"1"},"desktop":{"value":"5","range":"1,10","step":"1"},"desktop1":{"value":"4","range":"1,10","step":"1"},"desktop2":{"value":"2","range":"1,10","step":"1"},"large_desktop":{"value":"5","range":"1,10","step":"1"},"large_desktop1":{"value":"4","range":"1,10","step":"1"},"large_desktop2":{"value":"3","range":"1,10","step":"1"}}},"top_bottom_placement":0,"module_background":{"value":{"bgimage_attach":"scroll"}},"module_padding":"0","background":{"value":{"bgimage_attach":"scroll","bgimage_repeat":"repeat","bgimage_position":"center","bgcolor":{"value":{"color":"rgb(255, 255, 255)"}}}},"disable_mobile":"0","disable_desktop":"0","fullwidth":"0","margin_top":"","margin_bottom":"20","show_title":"1","brand_name":"1","image_border":{"value":{"border_rounded":"px","border_type":"solid","border_radius_unit":"px","border":{"value":""},"border_top":{"value":""},"border_right":{"value":""},"border_bottom":{"value":""},"border_left":{"value":""},"border_radius":{"value":""},"border_radius_top":{"value":""},"border_radius_right":{"value":""},"border_radius_left":{"value":""},"border_radius_bottom":{"value":""}}},"image_bgcolor":"","image_width":"","image_height":"","image_type":"fit","product_sections":[{"is_open":true,"section_title":{"value":{"1":"New Arrivals","2":"","3":""}},"section_type":"module","status":"1","default_section":"1","sort_order":"","products":[],"category":"","items_limit":"5","module_type":"latest","link":{"menu_type":"custom","url":""},"new_window":"0","random_from":"all","filter_category":"1","todays_specials_only":"1","countdown_visibility":"1"},{"is_open":true,"section_title":{"value":{"1":"Bestsellers","2":"","3":""}},"section_type":"module","status":"1","default_section":"0","sort_order":"","products":[],"category":"","items_limit":"5","module_type":"bestsellers","link":{"menu_type":"custom","url":""},"new_window":"0","random_from":"all","filter_category":"1","todays_specials_only":"1","countdown_visibility":"1"},{"is_open":true,"section_title":{"value":{"1":"Special Offers","2":"","3":""}},"section_type":"module","status":"1","default_section":"0","sort_order":"","products":[],"category":"","items_limit":"5","module_type":"specials","link":{"menu_type":"custom","url":""},"new_window":"0","random_from":"all","filter_category":"1","todays_specials_only":"1","countdown_visibility":"1"},{"is_open":true,"section_title":{"value":{"1":"Custom","2":"","3":""}},"section_type":"custom","status":"1","default_section":"0","sort_order":"","products":[{"data":{"id":"270","name":"Red Sneakers"}},{"data":{"id":"269","name":"Cool Boots"}},{"data":{"id":"271","name":"Oversized Sunglasses"}},{"data":{"id":"264","name":"Sample Cherry Perfume"}},{"data":{"id":"272","name":"Red Formal Watch"}}],"category":"","items_limit":"","module_type":"featured","link":{"menu_type":"custom","url":""},"new_window":"0","random_from":"all","filter_category":"1","todays_specials_only":"1","countdown_visibility":"1"},{"is_open":true,"section_title":{"value":{"1":"Apple","2":"","3":""}},"section_type":"manufacturer","status":"1","default_section":"0","sort_order":"","products":[],"category":"","items_limit":"5","module_type":"featured","link":{"menu_type":"category","url":"","menu_item":{"id":"59","name":"Fashion"}},"new_window":"0","random_from":"all","filter_category":"1","manufacturer":{"data":{"id":"8","name":"Apple"}},"todays_specials_only":"1","countdown_visibility":"1"},{"is_open":true,"section_title":{"value":{"1":"Custom Link","2":"","3":""}},"section_type":"link","status":"1","default_section":"0","sort_order":"","products":[],"category":"","items_limit":5,"module_type":"featured","filter_category":"0","link":{"menu_type":"category","url":"","menu_item":{"id":"60","name":"Fashion &gt; Dresses"}},"new_window":"0","random_from":"all","todays_specials_only":"1","countdown_visibility":"1"}],"category_sections":[],"manufacturer_sections":[],"general_is_open":true,"top_bottom_is_open":true}');
INSERT INTO `oc_journal2_modules` (`module_id`, `module_type`, `module_data`) VALUES ('133', 'journal2_newsletter', '{"module_name":"Blog","module_title":{"value":{"1":"","2":""}},"module_text":{"value":{"1":"Stay up to date with news and promotions by signing up for our weekly newsletter.","2":""}},"module_text_font":{"value":{"font_type":"google","font_size":"15px","font_family":"Helvetica, Arial, sans-serif","font_name":"Droid Serif","font_weight":"italic","font_style":"italic","letter_spacing":"","text_transform":"none","font_subset":["latin"],"color":{"value":{"color":"rgb(68, 67, 73)"}}}},"module_background":{"value":{"bgimage_attach":"scroll","bgimage_repeat":"repeat","bgimage_position":"center","bgimage":{"value":{"image":"data\\/journal2\\/misc\\/news.png"}},"bgcolor":{"value":{"color":"rgb(244, 244, 244)"}}}},"module_border":{"value":{"border_rounded":"px","border_type":"solid","border_radius_unit":"px","border":{"value":""},"border_top":{"value":""},"border_right":{"value":""},"border_bottom":{"value":""},"border_left":{"value":""},"border_radius":{"value":""},"border_radius_top":{"value":""},"border_radius_right":{"value":""},"border_radius_left":{"value":""},"border_radius_bottom":{"value":""}}},"module_padding":"15","text_position":"top","input_height":"44","input_placeholder":{"value":{"1":"Email Address...","2":""}},"input_bg_color":[],"input_font":{"value":{"font_type":"none","font_size":"13px","font_family":"Helvetica, Arial, sans-serif","font_name":"","font_weight":"normal","font_style":"normal","letter_spacing":"","text_transform":"none"}},"input_border":{"value":{"border_rounded":"px","border_type":"solid","border_radius_unit":"px","border":{"value":{"text":"1"}},"border_top":{"value":""},"border_right":{"value":""},"border_bottom":{"value":""},"border_left":{"value":""},"border_radius":{"value":{"text":""}},"border_radius_top":{"value":""},"border_radius_right":{"value":""},"border_radius_left":{"value":""},"border_radius_bottom":{"value":""},"border_color":{"value":{"color":"rgb(204, 204, 204)"}}}},"button_text":{"value":{"1":"Send","2":""}},"button_icon":{"options":{"font_size":"16px","color":{"value":{"color":"rgb(255, 255, 255)"}}},"icon_type":"none","icon":{"icon":"&#xe67b;","class":"envelope"}},"button_border":{"value":{"border_rounded":"px"}},"button_offset_top":"-1","button_offset_left":"4","background":{"value":{"bgimage_attach":"scroll"}},"disable_mobile":"0","fullwidth":"0","margin_top":"","margin_bottom":"","general_is_open":true,"top_bottom_is_open":true}');
INSERT INTO `oc_journal2_modules` (`module_id`, `module_type`, `module_data`) VALUES ('230', 'journal2_newsletter', '{"module_name":"Home Popup","module_title":{"value":{"1":"","3":""}},"module_text":{"value":{"1":"Sign up for our newsletter to receive special offers.","3":""}},"module_text_font":{"value":{"font_type":"google","font_size":"16px","font_family":"Georgia, serif","font_name":"Droid Serif","font_weight":"italic","font_style":"italic","letter_spacing":"","text_transform":"none","color":{"value":{"color":"rgb(0, 0, 0)"}},"font_subset":["latin"]}},"module_background":{"value":{"bgimage_attach":"scroll"}},"module_border":{"value":{"border_rounded":"px"}},"module_padding":"","text_position":"left","input_height":"45","input_placeholder":{"value":{"1":"Email Address","3":""}},"input_bg_color":[],"input_font":{"value":{"font_type":"none","font_size":"13px","font_family":"Helvetica, Arial, sans-serif","font_name":"","font_weight":"normal","font_style":"normal","letter_spacing":"","text_transform":"none"}},"input_border":{"value":{"border_rounded":"px"}},"button_text":{"value":{"1":"Send","3":""}},"button_icon":{"options":{"font_size":"16px"}},"button_border":{"value":{"border_rounded":"px"}},"button_offset_top":"","button_offset_left":"5","background":{"value":{"bgimage_attach":"scroll"}},"disable_mobile":"0","fullwidth":"0","margin_top":"","margin_bottom":"","general_is_open":true}');
INSERT INTO `oc_journal2_modules` (`module_id`, `module_type`, `module_data`) VALUES ('178', 'journal2_slider', '{"module_name":"Main Slider","width":"","height":"450","hideonmobile":"0","hidecaptionsonmobile":"0","timer":"top","js_options":{"delay":"5000","onHoverStop":"on","thumbWidth":100,"thumbHeight":75,"thumbAmount":4,"hideThumbs":1,"navigationType":"bullet","navigationArrows":"solo","navigationStyle":"round","navigationHAlign":"center","navigationVAlign":"bottom","navigationHOffset":"","navigationVOffset":"20"},"preload_images":"1","background":{"value":{"bgimage_attach":"scroll"}},"fullwidth":"1","margin_top":"","margin_bottom":"","slides":[{"is_open":true,"slide_name":"","image":{"1":"data\\/journal-demo\\/girl-1.jpg","3":"data\\/journal-demo\\/girl-1.jpg"},"thumb":{"1":"","3":""},"transition":"random-static","slotamount":"","masterspeed":"800","delay":"","captions":[{"is_open":false,"caption_name":"Main Title","type":"text","video_type":"youtube","video_yt_id":"","video_vm_id":"","video_path":"","video_fullwidth":0,"video_width":"","video_height":"","video_autoplay":0,"video_autoplayonlyfirsttime":0,"video_nextslideatend":1,"video_volume":1,"text_font":{"value":{"font_type":"google","font_size":"46px","font_family":"Helvetica, Arial, sans-serif","font_name":"Roboto Condensed","font_weight":"regular","font_style":"normal","letter_spacing":"","text_transform":"uppercase","font_subset":["latin"]}},"text_color":"","text_bgcolor":"","text_hover_color":"","text_hover_bg_color":"","text_border":{"value":{"border_rounded":"px","border_type":"solid","border_radius_unit":"px","border":{"value":""},"border_top":{"value":""},"border_right":{"value":""},"border_bottom":{"value":{"text":""}},"border_left":{"value":""},"border_radius":{"value":""},"border_radius_top":{"value":""},"border_radius_right":{"value":""},"border_radius_left":{"value":""},"border_radius_bottom":{"value":""},"border_color":{"value":{"color":""}}}},"text_hover_border_color":"","text_padding_top":"0","text_padding_right":"0","text_padding_bottom":"0","text_padding_left":"0","text_line_height":"60","text_align":"left","x":"575","y":"45","animation_in":"skewfromright","animation_out":"fadeout","custom_in_transition_x":"","custom_in_transition_y":"","custom_in_scale_x":"","custom_in_scale_y":"","custom_in_rotation_x":"90","custom_in_rotation_y":"","custom_in_rotation_z":"","transformOriginXin":"center","transformOriginYin":"center","custom_in_transform_perspective":"500","custom_in_opacity":"1","custom_out_transition_x":"","custom_out_transition_y":"","custom_out_scale_x":"","custom_out_scale_y":"","custom_out_rotation_x":"90","custom_out_rotation_y":"","custom_out_rotation_z":"","transformOriginXout":"center","transformOriginYout":"center","custom_out_transform_perspective":"700","custom_out_opacity":"1","speed":"1000","start":"500","endspeed":"","end":"","status":1,"sort_order":"","link":{"menu_type":"custom"},"link_new_window":"0","easing":"easeInOutQuart","endeasing":"easeInOutQuart","text":{"value":{"1":"Ultra Customizable<br \\/>Opencart Theme","2":"","3":"Ultra Customizable<br \\/>Opencart Theme"}},"animations_is_open":true,"image":{"1":[],"3":[]}},{"is_open":false,"caption_name":"Over 1500...","type":"text","video_type":"youtube","video_yt_id":"","video_vm_id":"","video_path":"","video_fullwidth":0,"video_width":"","video_height":"","video_autoplay":0,"video_autoplayonlyfirsttime":0,"video_nextslideatend":1,"video_volume":1,"text_font":{"value":{"font_type":"system","font_size":"17px","font_family":"Helvetica, Arial, sans-serif","font_name":"","font_weight":"normal","font_style":"normal","letter_spacing":"","text_transform":"none"}},"text_color":"","text_bgcolor":"","text_hover_color":"","text_hover_bg_color":"","text_border":{"value":{"border_rounded":"px"}},"text_hover_border_color":"","text_padding_top":"","text_padding_right":"","text_padding_bottom":"","text_padding_left":"","text_line_height":"","text_align":"left","x":"580","y":"180","animation_in":"skewfromright","animation_out":"fadeout","custom_in_transition_x":"","custom_in_transition_y":"","custom_in_scale_x":"","custom_in_scale_y":"","custom_in_rotation_x":"","custom_in_rotation_y":"","custom_in_rotation_z":"","transformOriginXin":"center","transformOriginYin":"center","custom_in_transform_perspective":"500","custom_in_opacity":"1","custom_out_transition_x":"","custom_out_transition_y":"","custom_out_scale_x":"","custom_out_scale_y":"","custom_out_rotation_x":"","custom_out_rotation_y":"","custom_out_rotation_z":"","transformOriginXout":"center","transformOriginYout":"center","custom_out_transform_perspective":"500","custom_out_opacity":"1","speed":"1000","start":"600","endspeed":"","end":"","status":1,"sort_order":"","link":{"menu_type":"custom"},"link_new_window":"0","easing":"easeInOutQuart","endeasing":"easeInOutQuart","text":{"value":{"1":"&bull; Over 2000 Customizable Options","2":"","3":""}},"animations_is_open":true,"image":{"1":[],"3":[]}},{"is_open":false,"caption_name":"10 skins","type":"text","video_type":"youtube","video_yt_id":"","video_vm_id":"","video_path":"","video_fullwidth":0,"video_width":"","video_height":"","video_autoplay":0,"video_autoplayonlyfirsttime":0,"video_nextslideatend":1,"video_volume":1,"text_font":{"value":{"font_type":"system","font_size":"17px","font_family":"Helvetica, Arial, sans-serif","font_name":"","font_weight":"normal","font_style":"normal","letter_spacing":"","text_transform":"none"}},"text_color":"","text_bgcolor":"","text_hover_color":"","text_hover_bg_color":"","text_border":{"value":{"border_rounded":"px"}},"text_hover_border_color":"","text_padding_top":"","text_padding_right":"","text_padding_bottom":"","text_padding_left":"","text_line_height":"","text_align":"center","x":"580","y":"210","animation_in":"skewfromright","animation_out":"fadeout","custom_in_transition_x":"","custom_in_transition_y":"","custom_in_scale_x":"","custom_in_scale_y":"","custom_in_rotation_x":"","custom_in_rotation_y":"","custom_in_rotation_z":"","transformOriginXin":"center","transformOriginYin":"center","custom_in_transform_perspective":"500","custom_in_opacity":"1","custom_out_transition_x":"","custom_out_transition_y":"","custom_out_scale_x":"","custom_out_scale_y":"","custom_out_rotation_x":"","custom_out_rotation_y":"","custom_out_rotation_z":"","transformOriginXout":"center","transformOriginYout":"center","custom_out_transform_perspective":"500","custom_out_opacity":"1","speed":"1000","start":"700","endspeed":"","end":"","status":1,"sort_order":"","link":{"menu_type":"custom"},"link_new_window":"0","easing":"easeInOutQuart","endeasing":"easeInOutQuart","text":{"value":{"1":"&bull; 10 Unique Skins Included","2":"","3":""}},"animations_is_open":false,"image":{"1":[],"3":[]}},{"is_open":false,"caption_name":"Page Speed","type":"text","video_type":"youtube","video_yt_id":"","video_vm_id":"","video_path":"","video_fullwidth":0,"video_width":"","video_height":"","video_autoplay":0,"video_autoplayonlyfirsttime":0,"video_nextslideatend":1,"video_volume":1,"text_font":{"value":{"font_type":"system","font_size":"17px","font_family":"Helvetica, Arial, sans-serif","font_name":"","font_weight":"normal","font_style":"normal","letter_spacing":"","text_transform":"none"}},"text_color":"","text_bgcolor":"","text_hover_color":"","text_hover_bg_color":"","text_border":{"value":{"border_rounded":"px"}},"text_hover_border_color":"","text_padding_top":"","text_padding_right":"","text_padding_bottom":"","text_padding_left":"","text_line_height":"","text_align":"center","x":"580","y":"240","animation_in":"skewfromright","animation_out":"fadeout","custom_in_transition_x":"","custom_in_transition_y":"","custom_in_scale_x":"","custom_in_scale_y":"","custom_in_rotation_x":"","custom_in_rotation_y":"","custom_in_rotation_z":"","transformOriginXin":"center","transformOriginYin":"center","custom_in_transform_perspective":"500","custom_in_opacity":"1","custom_out_transition_x":"","custom_out_transition_y":"","custom_out_scale_x":"","custom_out_scale_y":"","custom_out_rotation_x":"","custom_out_rotation_y":"","custom_out_rotation_z":"","transformOriginXout":"center","transformOriginYout":"center","custom_out_transform_perspective":"500","custom_out_opacity":"1","speed":"1000","start":"800","endspeed":"","end":"","status":1,"sort_order":"","link":{"menu_type":"custom"},"link_new_window":"0","easing":"easeInOutQuart","endeasing":"easeInOutQuart","text":{"value":{"1":"&bull; Page Speed Caching","2":"","3":""}},"animations_is_open":false,"image":{"1":[],"3":[]}},{"is_open":false,"caption_name":"Ajax Filter","type":"text","video_type":"youtube","video_yt_id":"","video_vm_id":"","video_path":"","video_fullwidth":0,"video_width":"","video_height":"","video_autoplay":0,"video_autoplayonlyfirsttime":0,"video_nextslideatend":1,"video_volume":1,"text_font":{"value":{"font_type":"system","font_size":"17px","font_family":"Helvetica, Arial, sans-serif","font_name":"","font_weight":"normal","font_style":"normal","letter_spacing":"","text_transform":"none"}},"text_color":"","text_bgcolor":"","text_hover_color":"","text_hover_bg_color":"","text_border":{"value":{"border_rounded":"px"}},"text_hover_border_color":"","text_padding_top":"","text_padding_right":"","text_padding_bottom":"","text_padding_left":"","text_line_height":"","text_align":"center","x":"580","y":"270","animation_in":"skewfromright","animation_out":"fadeout","custom_in_transition_x":"","custom_in_transition_y":"","custom_in_scale_x":"","custom_in_scale_y":"","custom_in_rotation_x":"","custom_in_rotation_y":"","custom_in_rotation_z":"","transformOriginXin":"center","transformOriginYin":"center","custom_in_transform_perspective":"500","custom_in_opacity":"1","custom_out_transition_x":"","custom_out_transition_y":"","custom_out_scale_x":"","custom_out_scale_y":"","custom_out_rotation_x":"","custom_out_rotation_y":"","custom_out_rotation_z":"","transformOriginXout":"center","transformOriginYout":"center","custom_out_transform_perspective":"500","custom_out_opacity":"1","speed":"1000","start":"900","endspeed":"","end":"","status":1,"sort_order":"","link":{"menu_type":"custom"},"link_new_window":"0","easing":"easeInOutQuart","endeasing":"easeInOutQuart","text":{"value":{"1":"&bull; Ajax Product Filter","2":"","3":""}},"animations_is_open":false,"image":{"1":[],"3":[]}},{"is_open":false,"caption_name":"Footer","type":"text","video_type":"youtube","video_yt_id":"","video_vm_id":"","video_path":"","video_fullwidth":0,"video_width":"","video_height":"","video_autoplay":0,"video_autoplayonlyfirsttime":0,"video_nextslideatend":1,"video_volume":1,"text_font":{"value":{"font_type":"system","font_size":"17px","font_family":"Helvetica, Arial, sans-serif","font_name":"","font_weight":"normal","font_style":"normal","letter_spacing":"","text_transform":"none"}},"text_color":"","text_bgcolor":"","text_hover_color":"","text_hover_bg_color":"","text_border":{"value":{"border_rounded":"px"}},"text_hover_border_color":"","text_padding_top":"","text_padding_right":"","text_padding_bottom":"","text_padding_left":"","text_line_height":"","text_align":"center","x":"580","y":"300","animation_in":"skewfromright","animation_out":"fadeout","custom_in_transition_x":"","custom_in_transition_y":"","custom_in_scale_x":"","custom_in_scale_y":"","custom_in_rotation_x":"","custom_in_rotation_y":"","custom_in_rotation_z":"","transformOriginXin":"center","transformOriginYin":"center","custom_in_transform_perspective":"500","custom_in_opacity":"1","custom_out_transition_x":"","custom_out_transition_y":"","custom_out_scale_x":"","custom_out_scale_y":"","custom_out_rotation_x":"","custom_out_rotation_y":"","custom_out_rotation_z":"","transformOriginXout":"center","transformOriginYout":"center","custom_out_transform_perspective":"500","custom_out_opacity":"1","speed":"1000","start":"1000","endspeed":"","end":"","status":1,"sort_order":"","link":{"menu_type":"custom"},"link_new_window":"0","easing":"easeInOutQuart","endeasing":"easeInOutQuart","text":{"value":{"1":"&bull; Advanced Footer System","2":"","3":""}},"animations_is_open":false,"image":{"1":[],"3":[]}},{"is_open":true,"caption_name":"Button","type":"text","video_type":"youtube","video_yt_id":"","video_vm_id":"","video_path":"","video_fullwidth":0,"video_width":"","video_height":"","video_autoplay":0,"video_autoplayonlyfirsttime":0,"video_nextslideatend":1,"video_volume":1,"text_font":{"value":{"font_type":"google","font_size":"20px","font_family":"Helvetica, Arial, sans-serif","font_name":"Roboto Condensed","font_weight":"regular","font_style":"normal","letter_spacing":"","text_transform":"uppercase","font_subset":["latin"],"color":{"value":{"color":"rgb(68, 67, 73)"}}}},"text_color":"","text_bgcolor":{"value":{"color":""}},"text_hover_color":{"value":{"color":"rgb(255, 255, 255)"}},"text_hover_bg_color":{"value":{"color":"rgb(221, 0, 23)"}},"text_border":{"value":{"border_rounded":"px","border_type":"solid","border_radius_unit":"px","border":{"value":{"text":"1"}},"border_top":{"value":""},"border_right":{"value":""},"border_bottom":{"value":""},"border_left":{"value":""},"border_radius":{"value":""},"border_radius_top":{"value":""},"border_radius_right":{"value":""},"border_radius_left":{"value":""},"border_radius_bottom":{"value":""},"border_color":{"value":{"color":""}}}},"text_hover_border_color":{"value":{"color":"rgb(221, 0, 23)"}},"text_padding_top":"12","text_padding_right":"20","text_padding_bottom":"15","text_padding_left":"20","text_line_height":"","text_align":"center","x":"585","y":"340","animation_in":"skewfromright","animation_out":"fadeout","custom_in_transition_x":"","custom_in_transition_y":"","custom_in_scale_x":"","custom_in_scale_y":"","custom_in_rotation_x":"","custom_in_rotation_y":"","custom_in_rotation_z":"","transformOriginXin":"center","transformOriginYin":"center","custom_in_transform_perspective":"500","custom_in_opacity":"1","custom_out_transition_x":"","custom_out_transition_y":"","custom_out_scale_x":"","custom_out_scale_y":"","custom_out_rotation_x":"","custom_out_rotation_y":"","custom_out_rotation_z":"","transformOriginXout":"center","transformOriginYout":"center","custom_out_transform_perspective":"500","custom_out_opacity":"1","speed":"1000","start":"1100","endspeed":"","end":"","status":1,"sort_order":"","link":{"menu_type":"custom","menu_item":{"url":"http:\\/\\/themeforest.net\\/item\\/journal-advanced-opencart-theme-framework\\/4260361?ref=DigitalAtelier"}},"link_new_window":"1","easing":"easeInOutQuart","endeasing":"easeInOutQuart","text":{"value":{"1":"Buy Journal","2":"","3":""}},"animations_is_open":true,"image":{"1":[],"3":[]}}],"status":1,"sort_order":"","link":{"menu_type":"custom"},"link_new_window":"0","easing":"easeInOutQuart","close_others":true},{"is_open":false,"slide_name":"","image":{"1":"data\\/journal-demo\\/girl-2.jpg","3":"data\\/journal-demo\\/girl-2.jpg"},"thumb":{"1":"","3":""},"transition":"random-static","slotamount":"","masterspeed":"800","delay":"","captions":[{"is_open":true,"caption_name":"","type":"image","video_type":"youtube","video_yt_id":"","video_vm_id":"","video_path":"","video_fullwidth":0,"video_width":"","video_height":"","video_autoplay":0,"video_autoplayonlyfirsttime":0,"video_nextslideatend":1,"video_volume":1,"text_font":{"value":{"font_type":"none","font_size":"13px","font_family":"Helvetica, Arial, sans-serif","font_name":"","font_weight":"normal","font_style":"normal","letter_spacing":"","text_transform":"none"}},"text_color":"","text_bgcolor":"","text_hover_color":"","text_hover_bg_color":"","text_border":{"value":{"border_rounded":"px"}},"text_hover_border_color":"","text_padding_top":"","text_padding_right":"","text_padding_bottom":"","text_padding_left":"","text_line_height":"","text_align":"center","x":"130","y":"80","animation_in":"customin","animation_out":"customout","custom_in_transition_x":"","custom_in_transition_y":"","custom_in_scale_x":"0","custom_in_scale_y":"0","custom_in_rotation_x":"","custom_in_rotation_y":"","custom_in_rotation_z":"","transformOriginXin":"center","transformOriginYin":"center","custom_in_transform_perspective":"500","custom_in_opacity":"1","custom_out_transition_x":"","custom_out_transition_y":"","custom_out_scale_x":"0","custom_out_scale_y":"0","custom_out_rotation_x":"","custom_out_rotation_y":"","custom_out_rotation_z":"","transformOriginXout":"center","transformOriginYout":"center","custom_out_transform_perspective":"500","custom_out_opacity":"1","speed":"700","start":"700","endspeed":"500","end":"","status":1,"sort_order":"","link":{"menu_type":"custom"},"link_new_window":"0","easing":"easeOutBack","endeasing":"easeInBack","text":{"value":{"1":"","2":"","3":""}},"animations_is_open":true,"image":{"1":"data\\/journal2\\/misc\\/b1.png","3":"data\\/journal2\\/misc\\/b1.png"}},{"is_open":false,"caption_name":"","type":"image","video_type":"youtube","video_yt_id":"","video_vm_id":"","video_path":"","video_fullwidth":0,"video_width":"","video_height":"","video_autoplay":0,"video_autoplayonlyfirsttime":0,"video_nextslideatend":1,"video_volume":1,"text_font":{"value":{"font_type":"none","font_size":"13px","font_family":"Helvetica, Arial, sans-serif","font_name":"","font_weight":"normal","font_style":"normal","letter_spacing":"","text_transform":"none"}},"text_color":"","text_bgcolor":"","text_hover_color":"","text_hover_bg_color":"","text_border":{"value":{"border_rounded":"px"}},"text_hover_border_color":"","text_padding_top":"","text_padding_right":"","text_padding_bottom":"","text_padding_left":"","text_line_height":"","text_align":"center","x":"370","y":"65","animation_in":"customin","animation_out":"customout","custom_in_transition_x":"","custom_in_transition_y":"","custom_in_scale_x":"0","custom_in_scale_y":"0","custom_in_rotation_x":"","custom_in_rotation_y":"","custom_in_rotation_z":"","transformOriginXin":"center","transformOriginYin":"center","custom_in_transform_perspective":"500","custom_in_opacity":"1","custom_out_transition_x":"","custom_out_transition_y":"","custom_out_scale_x":"0","custom_out_scale_y":"0","custom_out_rotation_x":"","custom_out_rotation_y":"","custom_out_rotation_z":"","transformOriginXout":"center","transformOriginYout":"center","custom_out_transform_perspective":"500","custom_out_opacity":"1","speed":"700","start":"800","endspeed":"500","end":"","status":1,"sort_order":"","link":{"menu_type":"custom"},"link_new_window":"0","easing":"easeOutBack","endeasing":"easeInBack","text":{"value":{"1":"","2":"","3":""}},"animations_is_open":true,"image":{"1":"data\\/journal2\\/misc\\/b2.png","3":"data\\/journal2\\/misc\\/b2.png"}},{"is_open":false,"caption_name":"","type":"image","video_type":"youtube","video_yt_id":"","video_vm_id":"","video_path":"","video_fullwidth":0,"video_width":"","video_height":"","video_autoplay":0,"video_autoplayonlyfirsttime":0,"video_nextslideatend":1,"video_volume":1,"text_font":{"value":{"font_type":"none","font_size":"13px","font_family":"Helvetica, Arial, sans-serif","font_name":"","font_weight":"normal","font_style":"normal","letter_spacing":"","text_transform":"none"}},"text_color":"","text_bgcolor":"","text_hover_color":"","text_hover_bg_color":"","text_border":{"value":{"border_rounded":"px"}},"text_hover_border_color":"","text_padding_top":"","text_padding_right":"","text_padding_bottom":"","text_padding_left":"","text_line_height":"","text_align":"center","x":"360","y":"230","animation_in":"customin","animation_out":"customout","custom_in_transition_x":"","custom_in_transition_y":"","custom_in_scale_x":"0","custom_in_scale_y":"0","custom_in_rotation_x":"","custom_in_rotation_y":"","custom_in_rotation_z":"","transformOriginXin":"center","transformOriginYin":"center","custom_in_transform_perspective":"500","custom_in_opacity":"1","custom_out_transition_x":"","custom_out_transition_y":"","custom_out_scale_x":"0","custom_out_scale_y":"0","custom_out_rotation_x":"","custom_out_rotation_y":"","custom_out_rotation_z":"","transformOriginXout":"center","transformOriginYout":"center","custom_out_transform_perspective":"500","custom_out_opacity":"1","speed":"700","start":"900","endspeed":"500","end":"","status":1,"sort_order":"","link":{"menu_type":"category","menu_item":{"id":"59","name":"Fashion"}},"link_new_window":"0","easing":"easeOutBack","endeasing":"easeInBack","text":{"value":{"1":"","2":"","3":""}},"animations_is_open":true,"image":{"1":"data\\/journal2\\/misc\\/b3.png","3":"data\\/journal2\\/misc\\/b3.png"}}],"status":"1","sort_order":"","link":{"menu_type":"custom"},"link_new_window":"0","easing":"easeInOutQuart","close_others":true}],"general_is_open":false,"navigation_is_open":false,"top_bottom_is_open":false,"close_others":true}');
INSERT INTO `oc_journal2_modules` (`module_id`, `module_type`, `module_data`) VALUES ('179', 'journal2_side_blocks', '{"module_name":"CMS Block","module_type":"block","icon":{"options":{"font_size":"28px","color":{"value":{"color":"rgb(255, 255, 255)"}}},"icon_type":"icon","icon":{"icon":"&#xe62a;","class":"question-sign"}},"icon_bg_color":"rgb(123, 205, 237)","icon_border":{"value":{"border_rounded":"px","border_type":"solid","border_radius_unit":"px","border":{"value":""},"border_top":{"value":""},"border_right":{"value":""},"border_bottom":{"value":""},"border_left":{"value":""},"border_radius":{"value":""},"border_radius_top":{"value":{"text":""}},"border_radius_right":{"value":""},"border_radius_left":{"value":{"text":""}},"border_radius_bottom":{"value":{"text":""}}}},"icon_bg_hover_color":"","content_bg_color":"rgb(244, 244, 244)","alignment":"right","position":"fixed","icon_width":"50","icon_height":"50","offset_top":"460","offset_side":"","content_width":"275","content_padding":"15","content":{"1":"<h3>Multi Purpose Side Blocks<\\/h3>\\n\\n<p><img alt=\\"\\" height=\\"80\\" src=\\"http:\\/\\/digital-cdn.net\\/2\\/image\\/data\\/journal2\\/misc\\/button-up.jpg\\" style=\\"margin-bottom: 10px;\\" width=\\"290\\" \\/>Put anything in these HTML blocks. Social widgets, images, videos, whatever you want. Create <strong>unlimited blocks<\\/strong>&nbsp;and position them globally on all pages or selectively just on the pages you want.<\\/p>\\n"},"link":{"menu_type":"custom","url":""},"new_window":"0"}');
INSERT INTO `oc_journal2_modules` (`module_id`, `module_type`, `module_data`) VALUES ('182', 'journal2_advanced_grid', '{"module_name":"Demo 2","height":"200","module_background":{"value":{"bgimage_attach":"scroll"}},"module_padding":"0","background":{"value":{"bgimage_attach":"scroll","bgimage_repeat":"repeat","bgimage_position":"center","bgcolor":{"value":{"color":"rgb(255, 255, 255)"}},"bgimage":{"value":{"image":""}}}},"fullwidth":"0","margin_top":"10","margin_bottom":"30","disable_mobile":"0","module_spacing":"20","columns":[{"is_open":false,"width":"50","status":1,"sort_order":"","modules":[{"is_open":true,"height":"100","module_id":"188","disable_mobile":"0","status":1,"sort_order":""}],"close_others":true},{"is_open":false,"width":"25","status":1,"sort_order":"","modules":[{"is_open":false,"height":"100","module_id":"189","disable_mobile":"1","status":1,"sort_order":""}]},{"is_open":false,"width":"25","status":1,"sort_order":"","modules":[{"is_open":true,"height":"50","module_id":"190","disable_mobile":"1","status":1,"sort_order":""},{"is_open":true,"height":"50","module_id":"191","disable_mobile":"1","status":1,"sort_order":""}]}],"general_is_open":false,"top_bottom_is_open":true,"close_others":true}');
INSERT INTO `oc_journal2_modules` (`module_id`, `module_type`, `module_data`) VALUES ('184', 'journal2_headline_rotator', '{"module_name":"Get the theme - call to action","transition_delay":"4000","text_font":{"value":{"font_type":"google","font_size":"40px","font_family":"Helvetica, Arial, sans-serif","font_name":"Droid Serif","font_weight":"italic","font_style":"italic","letter_spacing":"","text_transform":"none","font_subset":["latin"],"color":{"value":{"color":"rgb(255, 255, 255)"}}}},"text_background":{"value":{"bgimage_attach":"scroll","bgimage_repeat":"repeat","bgimage_position":"center","bgcolor":{"value":{"color":""}}}},"text_align":"center","bullets":"0","bullets_position":"center","top_bottom_placement":0,"background":{"value":{"bgimage_attach":"fixed","bgimage_repeat":"repeat","bgimage_position":"center","bgimage":{"value":{"image":"data\\/journal2\\/background\\/fashion-bg-dark.jpg"}},"bgcolor":{"value":{"color":"rgb(68, 67, 73)"}}}},"disable_mobile":"0","fullwidth":"0","margin_top":"70","margin_bottom":"70","sections":[{"is_open":true,"name":"","text":{"value":{"1":"Get the Ultimate Opencart Theme Now","2":""}},"icon":{"options":{"font_size":"16px"}},"cta":"1","cta_link":{"menu_type":"custom","menu_item":{"url":"http:\\/\\/themeforest.net\\/item\\/journal-premium-responsive-opencart-theme\\/4260361?ref=DigitalAtelier"}},"cta_icon":{"options":{"font_size":"16px"}},"cta_icon_position":"right","cta_new_window":"1","cta_text":{"value":{"1":"Buy Journal","2":""}},"cta_position":"center","cta_offset_top":"10","cta_offset_left":"","status":"1","sort_order":""}],"general_is_open":true,"top_bottom_is_open":true}');
INSERT INTO `oc_journal2_modules` (`module_id`, `module_type`, `module_data`) VALUES ('185', 'journal2_cms_blocks', '{"module_name":"Home Page Blocks","module_title":{"value":{"1":"","2":""}},"items_per_row":{"range":"1,10","step":"1","value":{"mobile":{"value":"1","range":"1,10","step":"1"},"mobile1":{"value":"1","range":"1,10","step":"1"},"tablet":{"value":"3","range":"1,10","step":"1"},"tablet1":{"value":"3","range":"1,10","step":"1"},"tablet2":{"value":"1","range":"1,10","step":"1"},"desktop":{"value":"3","range":"1,10","step":"1"},"desktop1":{"value":"3","range":"1,10","step":"1"},"desktop2":{"value":"3","range":"1,10","step":"1"},"large_desktop":{"value":"3","range":"1,10","step":"1"},"large_desktop1":{"value":"3","range":"1,10","step":"1"},"large_desktop2":{"value":"3","range":"1,10","step":"1"}}},"module_background":{"value":{"bgimage_attach":"scroll"}},"module_padding":"0","disable_mobile":"0","background":{"value":{"bgimage_attach":"scroll","bgimage_repeat":"repeat","bgimage_position":"center","bgcolor":{"value":{"color":"rgb(238, 241, 234)"}}}},"fullwidth":"0","margin_top":"30","margin_bottom":"10","sections":[{"is_open":true,"section_title":[],"text":{"1":"<h3>Unlimited CMS Blocks<\\/h3>\\n\\n<p style=\\"line-height: 20.7999992370605px;\\">Lorem ipsum dolor sit amet, consectetur adipiscing elit. Aliquam iaculis egestas laoreet. Etiam faucibus massa sed risus lacinia in vulputate dolor imperdiet. Curabitur pharetra, purus a commodo dignissim, sapien nulla tempus nisi.<\\/p>\\n"},"text_align":"left","icon_status":"1","icon_position":"left","icon":{"options":{"font_size":"38px","color":{"value":{"color":"rgb(80, 80, 80)"}}},"icon_type":"icon","icon":{"icon":"&#xe6a6;","class":"uniF4EA"}},"icon_border":{"value":{"border_rounded":"px","border_type":"solid","border_radius_unit":"%","border":{"value":""},"border_top":{"value":""},"border_right":{"value":""},"border_bottom":{"value":""},"border_left":{"value":""},"border_radius":{"value":{"text":"50"}},"border_radius_top":{"value":""},"border_radius_right":{"value":""},"border_radius_left":{"value":""},"border_radius_bottom":{"value":""}}},"icon_bg_color":{"value":{"color":""}},"icon_width":"","icon_height":"","status":"1","sort_order":""},{"is_open":false,"section_title":[],"text":{"1":"<h3>Ajax Product Filter Included<\\/h3>\\n\\n<p>Lorem ipsum dolor sit amet, consectetur adipiscing elit. Aliquam iaculis egestas laoreet. Etiam faucibus massa sed risus lacinia in vulputate dolor imperdiet. Curabitur pharetra, purus a commodo dignissim, sapien nulla tempus nisi.<\\/p>\\n"},"text_align":"left","icon_status":"1","icon_position":"left","icon":{"options":{"font_size":"38px","color":{"value":{"color":"rgb(80, 80, 80)"}}},"icon_type":"icon","icon":{"icon":"&#xe603;","class":"ok"}},"icon_border":{"value":{"border_rounded":"px","border_type":"solid","border_radius_unit":"px","border":{"value":""},"border_top":{"value":""},"border_right":{"value":""},"border_bottom":{"value":""},"border_left":{"value":""},"border_radius":{"value":{"text":"50"}},"border_radius_top":{"value":""},"border_radius_right":{"value":""},"border_radius_left":{"value":""},"border_radius_bottom":{"value":""},"border_color":{"value":{"color":""}}}},"icon_bg_color":{"value":{"color":""}},"icon_width":"","icon_height":"","status":"1","sort_order":""},{"is_open":false,"section_title":[],"text":{"1":"<h3>Built In Page Caching<\\/h3>\\n\\n<p>Lorem ipsum dolor sit amet, consectetur adipiscing elit. Aliquam iaculis egestas laoreet. Etiam faucibus massa sed risus lacinia in vulputate dolor imperdiet. Curabitur pharetra, purus a commodo dignissim, sapien nulla tempus nisi.<\\/p>\\n"},"text_align":"left","icon_status":"1","icon_position":"left","icon":{"options":{"font_size":"38px","color":{"value":{"color":"rgb(80, 80, 80)"}},"top":"2"},"icon_type":"icon","icon":{"icon":"&#xe621;","class":"lightning"}},"icon_border":{"value":{"border_rounded":"px","border_type":"solid","border_radius_unit":"%","border":{"value":""},"border_top":{"value":""},"border_right":{"value":""},"border_bottom":{"value":""},"border_left":{"value":""},"border_radius":{"value":{"text":"50"}},"border_radius_top":{"value":""},"border_radius_right":{"value":""},"border_radius_left":{"value":""},"border_radius_bottom":{"value":""}}},"icon_bg_color":{"value":{"color":""}},"icon_width":"","icon_height":"","status":"1","sort_order":""},{"is_open":false,"section_title":[],"text":{"1":"<h3>Unique Design Features<\\/h3>\\n\\n<p>Lorem ipsum dolor sit amet, consectetur adipiscing elit. Aliquam iaculis egestas laoreet. Etiam faucibus massa sed risus lacinia in vulputate dolor imperdiet. Curabitur pharetra, purus a commodo dignissim, sapien nulla tempus nisi.<\\/p>\\n"},"text_align":"left","icon_status":"1","icon_position":"left","icon":{"options":{"font_size":"40px","color":{"value":{"color":"rgb(80, 80, 80)"}}},"icon_type":"icon","icon":{"icon":"&#xe1de;","class":"trophy3"}},"icon_border":{"value":{"border_rounded":"px"}},"icon_bg_color":"","icon_width":"","icon_height":"","status":"1","sort_order":""},{"is_open":false,"section_title":[],"text":{"1":"<h3>The Most Advanced Footer<\\/h3>\\n\\n<p>Lorem ipsum dolor sit amet, consectetur adipiscing elit. Aliquam iaculis egestas laoreet. Etiam faucibus massa sed risus lacinia in vulputate dolor imperdiet. Curabitur pharetra, purus a commodo dignissim, sapien nulla tempus nisi.<\\/p>\\n"},"text_align":"left","icon_status":"1","icon_position":"left","icon":{"options":{"font_size":"38px","color":{"value":{"color":"rgb(80, 80, 80)"}}},"icon_type":"icon","icon":{"icon":"&#xe605;","class":"camera2"}},"icon_border":{"value":{"border_rounded":"px"}},"icon_bg_color":"","icon_width":"","icon_height":"","status":"1","sort_order":""},{"is_open":false,"section_title":[],"text":{"1":"<h3>Fully Dynamic and Modular<\\/h3>\\n\\n<p>Lorem ipsum dolor sit amet, consectetur adipiscing elit. Aliquam iaculis egestas laoreet. Etiam faucibus massa sed risus lacinia in vulputate dolor imperdiet. Curabitur pharetra, purus a commodo dignissim, sapien nulla tempus nisi.<\\/p>\\n"},"text_align":"left","icon_status":"1","icon_position":"left","icon":{"options":{"font_size":"40px","color":{"value":{"color":"rgb(80, 80, 80)"}}},"icon_type":"icon","icon":{"icon":"&#xe060;","class":"plane"}},"icon_border":{"value":{"border_rounded":"px"}},"icon_bg_color":"","icon_width":"","icon_height":"","status":"1","sort_order":""}],"general_is_open":false,"top_bottom_is_open":false,"close_others":true}');
INSERT INTO `oc_journal2_modules` (`module_id`, `module_type`, `module_data`) VALUES ('187', 'journal2_headline_rotator', '{"module_name":"Discount message","transition_delay":"5000","text_font":{"value":{"font_type":"google","font_size":"16px","font_family":"Helvetica, Arial, sans-serif","font_name":"Droid Serif","font_weight":"regular","font_style":"italic","letter_spacing":"","text_transform":"none","font_subset":["latin"],"color":{"value":{"color":"rgb(255, 255, 255)"}}}},"text_background":{"value":{"bgimage_attach":"scroll","bgimage_repeat":"repeat","bgimage_position":"center","bgcolor":{"value":{"color":"rgb(68, 67, 73)"}}}},"text_align":"center","bullets":"0","bullets_position":"center","top_bottom_placement":0,"background":{"value":{"bgimage_attach":"scroll","bgimage_repeat":"repeat","bgimage_position":"center","bgcolor":{"value":{"color":"rgb(255, 255, 255)"}}}},"disable_mobile":"0","fullwidth":"0","margin_top":"","margin_bottom":"","sections":[{"is_open":true,"name":"","text":{"value":{"1":"Purchase over $100 and get Free Shipping on all products.","2":""}},"icon":{"options":{"font_size":"20px","color":{"value":{"color":"rgb(255, 255, 255)"}},"left":"-5"},"icon_type":"icon","icon":{"icon":"&#xe0ad;","class":"truck3"}},"cta":"0","cta_link":{"menu_type":"custom"},"cta_icon":{"options":{"font_size":"16px"}},"cta_icon_position":"right","cta_new_window":"0","cta_text":{"value":{"1":"","2":""}},"cta_position":"center","cta_offset_top":"","cta_offset_left":"","status":"1","sort_order":""},{"is_open":true,"name":"","text":{"value":{"1":"This is a Headline Rotator module, you can add it to any page, any position...","2":""}},"icon":{"options":{"font_size":"20px","color":{"value":{"color":"rgb(255, 255, 255)"}},"left":""},"icon_type":"icon","icon":{"icon":"&#xe62a;","class":"question-sign"}},"cta":"0","cta_link":{"menu_type":"custom"},"cta_icon":{"options":{"font_size":"16px"}},"cta_icon_position":"right","cta_new_window":"0","cta_text":{"value":{"1":"hello","2":""}},"cta_position":"right","cta_offset_top":"","cta_offset_left":"","status":"1","sort_order":""},{"is_open":true,"name":"","text":{"value":{"1":"Use this for any announcements or promo messages, or just remove it.","2":""}},"icon":{"options":{"font_size":"20px","color":{"value":{"color":"rgb(255, 255, 255)"}}},"icon_type":"icon","icon":{"icon":"&#xe657;","class":"shield"}},"cta":"0","cta_link":{"menu_type":"custom"},"cta_icon":{"options":{"font_size":"16px"}},"cta_icon_position":"right","cta_new_window":"0","cta_text":{"value":{"1":"","2":""}},"cta_position":"center","cta_offset_top":"","cta_offset_left":"","status":"1","sort_order":""}],"general_is_open":true,"top_bottom_is_open":true}');
INSERT INTO `oc_journal2_modules` (`module_id`, `module_type`, `module_data`) VALUES ('223', 'journal2_carousel', '{"module_name":"Also Bought","module_type":"product","items_per_row":{"range":"1,10","step":"1","value":{"mobile":{"value":"1","range":"1,10","step":"1"},"mobile1":{"value":"2","range":"1,10","step":"1"},"tablet":{"value":"3","range":"1,10","step":"1"},"tablet1":{"value":"2","range":"1,10","step":"1"},"tablet2":{"value":"1","range":"1,10","step":"1"},"desktop":{"value":"4","range":"1,10","step":"1"},"desktop1":{"value":"3","range":"1,10","step":"1"},"desktop2":{"value":"2","range":"1,10","step":"1"},"large_desktop":{"value":"5","range":"1,10","step":"1"},"large_desktop1":{"value":"4","range":"1,10","step":"1"},"large_desktop2":{"value":"4","range":"1,10","step":"1"}}},"module_background":{"value":{"bgimage_attach":"scroll"}},"module_padding":"0","arrows":"top","bullets":1,"top_bottom_placement":0,"background":{"value":{"bgimage_attach":"scroll","bgimage_repeat":"repeat","bgimage_position":"center","bgcolor":{"value":{"color":"rgb(238, 241, 234)"}}}},"fullwidth":"0","margin_top":"20","margin_bottom":"20","show_title":"1","brand_name":"1","autoplay":"1","pause_on_hover":"1","transition_speed":"400","transition_delay":"3000","touch_drag":"1","disable_mobile":"0","image_border":{"value":{"border_rounded":"px"}},"image_bgcolor":"","image_width":"","image_height":"","image_type":"fit","product_sections":[{"is_open":true,"section_title":{"value":{"1":"People Also Bought","2":"","3":""}},"section_type":"module","status":"1","default_section":"0","sort_order":"","products":[],"category":"","items_limit":"6","module_type":"people-also-bought","filter_category":"0","link":{"menu_type":"custom","url":""},"new_window":"0","random_from":"all","todays_specials_only":"1","countdown_visibility":"1"}],"category_sections":[],"manufacturer_sections":[],"general_is_open":true,"top_bottom_is_open":true}');
INSERT INTO `oc_journal2_modules` (`module_id`, `module_type`, `module_data`) VALUES ('188', 'journal2_static_banners', '{"module_name":"Demo2-split-banner-1","module_title":{"value":{"1":"","2":""}},"items_per_row":{"range":"1,10","step":"1","value":{"mobile":{"value":"1","range":"1,10","step":"1"},"mobile1":{"value":"1","range":"1,10","step":"1"},"tablet":{"value":"1","range":"1,10","step":"1"},"tablet1":{"value":"1","range":"1,10","step":"1"},"tablet2":{"value":"1","range":"1,10","step":"1"},"desktop":{"value":"1","range":"1,10","step":"1"},"desktop1":{"value":"1","range":"1,10","step":"1"},"desktop2":{"value":"1","range":"1,10","step":"1"},"large_desktop":{"value":"1","range":"1,10","step":"1"},"large_desktop1":{"value":"1","range":"1,10","step":"1"},"large_desktop2":{"value":"1","range":"1,10","step":"1"}}},"background":{"value":{"bgimage_attach":"scroll"}},"bgcolor":{"value":{"color":"rgba(0, 0, 0, 0.4)"}},"icon":{"options":{"font_size":"32px","color":{"value":{"color":"rgb(255, 255, 255)"}}},"icon_type":"icon","icon":{"icon":"&#xe648;","class":"link"}},"disable_mobile":"0","fullwidth":"0","margin_top":"","margin_bottom":"","image_border":{"value":{"border_rounded":"px"}},"sections":[{"is_open":true,"image":"data\\/journal2\\/misc\\/demo2-split-banner-1.jpg","link":{"menu_type":"custom","menu_item":{"url":"#"}},"link_new_window":"0","status":"1","sort_order":""}],"general_is_open":true,"top_bottom_is_open":true}');
INSERT INTO `oc_journal2_modules` (`module_id`, `module_type`, `module_data`) VALUES ('189', 'journal2_static_banners', '{"module_name":"Demo2-split-banner-2","module_title":{"value":{"1":"","2":""}},"items_per_row":{"range":"1,10","step":"1","value":{"mobile":{"value":"1","range":"1,10","step":"1"},"mobile1":{"value":"1","range":"1,10","step":"1"},"tablet":{"value":"1","range":"1,10","step":"1"},"tablet1":{"value":"1","range":"1,10","step":"1"},"tablet2":{"value":"1","range":"1,10","step":"1"},"desktop":{"value":"1","range":"1,10","step":"1"},"desktop1":{"value":"1","range":"1,10","step":"1"},"desktop2":{"value":"1","range":"1,10","step":"1"},"large_desktop":{"value":"1","range":"1,10","step":"1"},"large_desktop1":{"value":"1","range":"1,10","step":"1"},"large_desktop2":{"value":"1","range":"1,10","step":"1"}}},"background":{"value":{"bgimage_attach":"scroll"}},"bgcolor":{"value":{"color":"rgba(0, 0, 0, 0.4)"}},"icon":{"options":{"font_size":"32px","color":{"value":{"color":"rgb(255, 255, 255)"}}},"icon_type":"icon","icon":{"icon":"&#xe056;","class":"plus"}},"disable_mobile":"0","fullwidth":"0","margin_top":"","margin_bottom":"","image_border":{"value":{"border_rounded":"px"}},"sections":[{"is_open":true,"image":"data\\/journal2\\/misc\\/demo2-split-banner-2.jpg","link":{"menu_type":"custom","menu_item":{"url":"#"}},"link_new_window":"0","status":"1","sort_order":""}],"general_is_open":true,"top_bottom_is_open":true}');
INSERT INTO `oc_journal2_modules` (`module_id`, `module_type`, `module_data`) VALUES ('190', 'journal2_static_banners', '{"module_name":"Demo2-split-banner-3","module_title":{"value":{"1":"","2":""}},"items_per_row":{"range":"1,10","step":"1","value":{"mobile":{"value":"1","range":"1,10","step":"1"},"mobile1":{"value":"1","range":"1,10","step":"1"},"tablet":{"value":"1","range":"1,10","step":"1"},"tablet1":{"value":"1","range":"1,10","step":"1"},"tablet2":{"value":"1","range":"1,10","step":"1"},"desktop":{"value":"1","range":"1,10","step":"1"},"desktop1":{"value":"1","range":"1,10","step":"1"},"desktop2":{"value":"1","range":"1,10","step":"1"},"large_desktop":{"value":"1","range":"1,10","step":"1"},"large_desktop1":{"value":"1","range":"1,10","step":"1"},"large_desktop2":{"value":"1","range":"1,10","step":"1"}}},"background":{"value":{"bgimage_attach":"scroll","bgimage_repeat":"repeat","bgimage_position":"center"}},"bgcolor":{"value":{"color":"rgba(0, 0, 0, 0.4)"}},"icon":{"options":{"font_size":"24px","color":{"value":{"color":"rgb(255, 255, 255)"}}},"icon_type":"icon","icon":{"icon":"&#xe608;","class":"arrow-right"}},"disable_mobile":"0","fullwidth":"0","margin_top":"","margin_bottom":"","image_border":{"value":{"border_rounded":"px"}},"sections":[{"is_open":true,"image":"data\\/journal2\\/misc\\/demo2-split-banner-3.jpg","link":{"menu_type":"custom","menu_item":{"url":"#"}},"link_new_window":"0","status":"1","sort_order":""}],"general_is_open":true,"top_bottom_is_open":true}');
INSERT INTO `oc_journal2_modules` (`module_id`, `module_type`, `module_data`) VALUES ('191', 'journal2_static_banners', '{"module_name":"Demo2-split-banner-4","module_title":{"value":{"1":"","2":""}},"items_per_row":{"range":"1,10","step":"1","value":{"mobile":{"value":"1","range":"1,10","step":"1"},"mobile1":{"value":"1","range":"1,10","step":"1"},"tablet":{"value":"1","range":"1,10","step":"1"},"tablet1":{"value":"1","range":"1,10","step":"1"},"tablet2":{"value":"1","range":"1,10","step":"1"},"desktop":{"value":"1","range":"1,10","step":"1"},"desktop1":{"value":"1","range":"1,10","step":"1"},"desktop2":{"value":"1","range":"1,10","step":"1"},"large_desktop":{"value":"1","range":"1,10","step":"1"},"large_desktop1":{"value":"1","range":"1,10","step":"1"},"large_desktop2":{"value":"1","range":"1,10","step":"1"}}},"background":{"value":{"bgimage_attach":"scroll"}},"bgcolor":{"value":{"color":"rgba(0, 0, 0, 0.4)"}},"icon":{"options":{"font_size":"24px","color":{"value":{"color":"rgb(255, 255, 255)"}}},"icon_type":"icon","icon":{"icon":"&#xe608;","class":"arrow-right"}},"disable_mobile":"0","fullwidth":"0","margin_top":"","margin_bottom":"","image_border":{"value":{"border_rounded":"px"}},"sections":[{"is_open":true,"image":"data\\/journal2\\/misc\\/demo2-split-banner-4.jpg","link":{"menu_type":"custom","menu_item":{"url":"#"}},"link_new_window":"0","status":"1","sort_order":""}],"general_is_open":true,"top_bottom_is_open":true}');
INSERT INTO `oc_journal2_modules` (`module_id`, `module_type`, `module_data`) VALUES ('195', 'journal2_side_blocks', '{"module_name":"FB Block","module_type":"block","icon":{"options":{"font_size":"24px","color":{"value":{"color":"rgb(255, 255, 255)"}}},"icon_type":"icon","icon":{"icon":"&#xe683;","class":"facebook3"}},"icon_bg_color":"rgb(66, 139, 202)","icon_border":{"value":{"border_rounded":"px","border_type":"solid","border_radius_unit":"px","border":{"value":""},"border_top":{"value":""},"border_right":{"value":""},"border_bottom":{"value":""},"border_left":{"value":""},"border_radius":{"value":""},"border_radius_top":{"value":""},"border_radius_right":{"value":""},"border_radius_left":{"value":""},"border_radius_bottom":{"value":""}}},"icon_bg_hover_color":"","content_bg_color":"rgb(255, 255, 255)","alignment":"right","position":"fixed","icon_width":"50","icon_height":"50","offset_top":"360","offset_side":"","content_width":"300","content_padding":"","content":[null,"<script>(function(d, s, id) {\\n  var js, fjs = d.getElementsByTagName(s)[0];\\n  if (d.getElementById(id)) return;\\n  js = d.createElement(s); js.id = id;\\n  js.src = \\"\\/\\/connect.facebook.net\\/en_US\\/sdk.js#xfbml=1&appId=413404662072763&version=v2.3\\";\\n  fjs.parentNode.insertBefore(js, fjs);\\n}(document, \'script\', \'facebook-jssdk\'));<\\/script>\\n<div class=\\"fb-page\\" data-hide-cover=\\"false\\" data-href=\\"https:\\/\\/www.facebook.com\\/facebook\\" data-show-facepile=\\"true\\" data-show-posts=\\"false\\" data-width=\\"300\\">&nbsp;<\\/div>\\n"],"link":{"menu_type":"custom","url":""},"new_window":"0"}');
INSERT INTO `oc_journal2_modules` (`module_id`, `module_type`, `module_data`) VALUES ('196', 'journal2_side_blocks', '{"module_name":"Tweets Block","module_type":"block","icon":{"options":{"font_size":"24px","color":{"value":{"color":"rgb(255, 255, 255)"}}},"icon_type":"icon","icon":{"icon":"&#xe682;","class":"twitter3"}},"icon_bg_color":"rgb(43, 176, 227)","icon_border":{"value":{"border_rounded":"px"}},"icon_bg_hover_color":"","content_bg_color":"","alignment":"right","position":"fixed","icon_width":"50","icon_height":"50","offset_top":"410","offset_side":"","content_width":"300","content_padding":"","content":[null,"<p><a class=\\"twitter-timeline\\" data-widget-id=\\"342636600209068032\\" href=\\"https:\\/\\/twitter.com\\/envato\\">Tweets by @envato<\\/a> <script>!function(d,s,id){var js,fjs=d.getElementsByTagName(s)[0],p=\\/^http:\\/.test(d.location)?\'http\':\'https\';if(!d.getElementById(id)){js=d.createElement(s);js.id=id;js.src=p+\\":\\/\\/platform.twitter.com\\/widgets.js\\";fjs.parentNode.insertBefore(js,fjs);}}(document,\\"script\\",\\"twitter-wjs\\");<\\/script><\\/p>\\n"],"link":{"menu_type":"custom","url":""},"new_window":"0"}');
INSERT INTO `oc_journal2_modules` (`module_id`, `module_type`, `module_data`) VALUES ('226', 'journal2_carousel', '{"module_name":"Category Wall","module_type":"category","items_per_row":{"range":"1,10","step":"1","value":{"mobile":{"value":"2","range":"1,10","step":"1"},"mobile1":{"value":"3","range":"1,10","step":"1"},"tablet":{"value":"5","range":"1,10","step":"1"},"tablet1":{"value":"4","range":"1,10","step":"1"},"tablet2":{"value":"3","range":"1,10","step":"1"},"desktop":{"value":"6","range":"1,10","step":"1"},"desktop1":{"value":"5","range":"1,10","step":"1"},"desktop2":{"value":"4","range":"1,10","step":"1"},"large_desktop":{"value":"7","range":"1,10","step":"1"},"large_desktop1":{"value":"6","range":"1,10","step":"1"},"large_desktop2":{"value":"5","range":"1,10","step":"1"}}},"module_background":{"value":{"bgimage_attach":"scroll"}},"module_padding":"0","arrows":"top","bullets":1,"top_bottom_placement":0,"background":{"value":{"bgimage_attach":"scroll"}},"fullwidth":"0","margin_top":"20","margin_bottom":"","show_title":"1","brand_name":"1","autoplay":"0","pause_on_hover":"1","transition_speed":"400","transition_delay":"3000","touch_drag":"0","disable_mobile":"0","image_border":{"value":{"border_rounded":"px","border_type":"solid","border_radius_unit":"px","border":{"value":""},"border_top":{"value":""},"border_right":{"value":""},"border_bottom":{"value":""},"border_left":{"value":""},"border_radius":{"value":""},"border_radius_top":{"value":""},"border_radius_right":{"value":""},"border_radius_left":{"value":""},"border_radius_bottom":{"value":""}}},"image_bgcolor":"","image_width":"","image_height":"","image_type":"fit","product_sections":[],"category_sections":[{"is_open":true,"section_title":{"value":{"1":"Category Wall","2":""}},"section_type":"sub","status":"1","default_section":"0","sort_order":"","category_sub":{"id":"59","name":"Fashion"},"categories":[],"items_limit":5,"link":{"menu_type":"custom","url":""},"new_window":"0"}],"manufacturer_sections":[],"general_is_open":true,"top_bottom_is_open":true}');
INSERT INTO `oc_journal2_modules` (`module_id`, `module_type`, `module_data`) VALUES ('227', 'journal2_slider', '{"module_name":"Category (Fashion)","width":"","height":"150","hideonmobile":"0","hidecaptionsonmobile":"0","timer":"bottom","js_options":{"delay":4000,"onHoverStop":"off","thumbWidth":100,"thumbHeight":75,"thumbAmount":4,"hideThumbs":1,"navigationType":"bullet","navigationArrows":"solo","navigationStyle":"round","navigationHAlign":"center","navigationVAlign":"bottom","navigationHOffset":"","navigationVOffset":"20"},"preload_images":"1","background":{"value":{"bgimage_attach":"scroll"}},"fullwidth":"1","margin_top":"","margin_bottom":"","slides":[{"is_open":true,"slide_name":"","image":"data\\/journal-demo\\/cat.jpg","thumb":"","transition":"fade","slotamount":"","masterspeed":800,"delay":"","captions":[{"is_open":true,"caption_name":"Fashion","type":"text","video_type":"youtube","video_yt_id":"","video_vm_id":"","video_path":"","video_fullwidth":0,"video_width":"","video_height":"","video_autoplay":0,"video_autoplayonlyfirsttime":0,"video_nextslideatend":1,"video_volume":1,"text_font":{"value":{"font_type":"google","font_size":"40px","font_family":"Helvetica, Arial, sans-serif","font_name":"Droid Serif","font_weight":"regular","font_style":"normal","letter_spacing":"","text_transform":"uppercase","font_subset":["latin"],"color":{"value":{"color":"rgb(255, 255, 255)"}}}},"text_color":"","text_bgcolor":"","text_hover_color":"","text_hover_bg_color":"","text_border":{"value":{"border_rounded":"px"}},"text_hover_border_color":"","text_padding_top":"","text_padding_right":"","text_padding_bottom":"","text_padding_left":"","text_line_height":"","text_align":"center","x":"520","y":"40","animation_in":"customin","animation_out":"fadeout","custom_in_transition_x":"","custom_in_transition_y":"","custom_in_scale_x":"","custom_in_scale_y":"","custom_in_rotation_x":"90","custom_in_rotation_y":"","custom_in_rotation_z":"","transformOriginXin":"center","transformOriginYin":"center","custom_in_transform_perspective":"500","custom_in_opacity":"1","custom_out_transition_x":"","custom_out_transition_y":"","custom_out_scale_x":"","custom_out_scale_y":"","custom_out_rotation_x":"","custom_out_rotation_y":"","custom_out_rotation_z":"","transformOriginXout":"center","transformOriginYout":"center","custom_out_transform_perspective":"500","custom_out_opacity":"1","speed":"1000","start":"500","endspeed":"","end":"","status":1,"sort_order":"","link":{"menu_type":"custom"},"link_new_window":"0","easing":"easeInOutQuart","endeasing":"easeInOutQuart","text":{"value":{"1":"Fashion"}},"animations_is_open":true},{"is_open":true,"caption_name":"","type":"text","video_type":"youtube","video_yt_id":"","video_vm_id":"","video_path":"","video_fullwidth":0,"video_width":"","video_height":"","video_autoplay":0,"video_autoplayonlyfirsttime":0,"video_nextslideatend":1,"video_volume":1,"text_font":{"value":{"font_type":"google","font_size":"18px","font_family":"Helvetica, Arial, sans-serif","font_name":"Droid Serif","font_weight":"regular","font_style":"normal","letter_spacing":"","text_transform":"none","color":{"value":{"color":"rgb(255, 255, 255)"}},"font_subset":["latin"]}},"text_color":"","text_bgcolor":"","text_hover_color":"","text_hover_bg_color":"","text_border":{"value":{"border_rounded":"px"}},"text_hover_border_color":"","text_padding_top":"","text_padding_right":"","text_padding_bottom":"","text_padding_left":"","text_line_height":"","text_align":"center","x":"310","y":"90","animation_in":"customin","animation_out":"fadeout","custom_in_transition_x":"","custom_in_transition_y":"","custom_in_scale_x":"","custom_in_scale_y":"","custom_in_rotation_x":"90","custom_in_rotation_y":"","custom_in_rotation_z":"","transformOriginXin":"center","transformOriginYin":"center","custom_in_transform_perspective":"500","custom_in_opacity":"1","custom_out_transition_x":"","custom_out_transition_y":"","custom_out_scale_x":"","custom_out_scale_y":"","custom_out_rotation_x":"","custom_out_rotation_y":"","custom_out_rotation_z":"","transformOriginXout":"center","transformOriginYout":"center","custom_out_transform_perspective":"500","custom_out_opacity":"1","speed":"1000","start":"500","endspeed":"","end":"","status":1,"sort_order":"","link":{"menu_type":"custom"},"link_new_window":"0","easing":"easeInOutQuart","endeasing":"easeInOutQuart","text":{"value":{"1":"You can add different sliders or banners to any page in any position."}},"animations_is_open":true}],"status":1,"sort_order":"","link":{"menu_type":"custom"},"link_new_window":"0","easing":"easeInOutQuart"}],"general_is_open":true,"navigation_is_open":true,"top_bottom_is_open":true}');
INSERT INTO `oc_journal2_modules` (`module_id`, `module_type`, `module_data`) VALUES ('233', 'journal2_popup', '{"module_name":"Blog Style Popup","close_button":"1","padding":"","title":{"value":{"1":"Did you know you can open custom popups from any link?","3":"Did you know you can open custom popups from any link?"}},"title_font":{"value":{"font_type":"google","font_size":"19px","font_family":"Helvetica, Arial, sans-serif","font_name":"Droid Serif","font_weight":"regular","font_style":"normal","letter_spacing":"","text_transform":"none","font_subset":["latin"]}},"title_bg_color":{"value":{"color":"rgb(244, 244, 244)"}},"title_height":"50","newsletter":"0","newsletter_bg_color":"","newsletter_height":80,"newsletter_id":"","footer_height":60,"footer_bg_color":"","type":"text","text":{"1":"<p><img alt=\\"\\" height=\\"400\\" src=\\"http:\\/\\/digital-cdn.net\\/1\\/image\\/data\\/journal2\\/blog\\/blog-style-popup.jpg\\" width=\\"600\\" \\/><\\/p>\\n","3":"<p><img alt=\\"\\" height=\\"400\\" src=\\"http:\\/\\/digital-cdn.net\\/1\\/image\\/data\\/journal2\\/blog\\/blog-style-popup.jpg\\" width=\\"600\\" \\/><\\/p>\\n"},"text_font":[],"text_height":"","image":"no_image.jpg","content_overflow":"0","disable_mobile":"1","status":"1","width":600,"height":"380","background":{"value":{"bgimage_attach":"scroll"}},"button_1":"0","button_1_link":{"menu_type":"custom"},"button_1_icon":{"options":{"font_size":"16px"}},"button_1_new_window":"0","button_1_text":{"value":{"1":"","3":""}},"button_1_font":{"value":{"font_type":"none","font_size":"13px","font_family":"Helvetica, Arial, sans-serif","font_name":"","font_weight":"normal","font_style":"normal","letter_spacing":"","text_transform":"none"}},"button_1_bgcolor":"","button_1_hover_bgcolor":"","button_2":"0","button_2_link":{"menu_type":"custom"},"button_2_icon":{"options":{"font_size":"16px"}},"button_2_new_window":"0","button_2_text":{"value":{"1":"","3":""}},"button_2_font":{"value":{"font_type":"none","font_size":"13px","font_family":"Helvetica, Arial, sans-serif","font_name":"","font_weight":"normal","font_style":"normal","letter_spacing":"","text_transform":"none"}},"button_2_bgcolor":"","button_2_hover_bgcolor":"","button_submit_icon":{"options":{"font_size":"16px"}},"button_submit_text":{"value":{"1":"","3":""}},"button_submit_font":{"value":{"font_type":"none","font_size":"13px","font_family":"Helvetica, Arial, sans-serif","font_name":"","font_weight":"normal","font_style":"normal","letter_spacing":"","text_transform":"none"}},"button_submit_bgcolor":"","button_submit_hover_bgcolor":"","button_submit_position":"center","do_not_show_again":"1","do_not_show_again_text":{"value":{"1":"","3":""}},"do_not_show_again_font":{"value":{"font_type":"none","font_size":"13px","font_family":"Helvetica, Arial, sans-serif","font_name":"","font_weight":"normal","font_style":"normal","letter_spacing":"","text_transform":"none"}},"do_not_show_again_cookie":"2a99fre8kt9","sort_order":"","general_is_open":true,"header_is_open":true,"newsletter_is_open":true,"footer_is_open":true,"button_submit_icon_position":"left","button_1_icon_position":"left","button_2_icon_position":"left","content_is_open":true,"top_bottom_is_open":true}');
INSERT INTO `oc_journal2_modules` (`module_id`, `module_type`, `module_data`) VALUES ('234', 'journal2_blog_side_posts', '{"general_is_open":true,"close_others":false,"module_name":"Latest Posts","module_type":"newest","limit":5,"title":{"value":{"1":"Latest Posts","3":""}}}');
INSERT INTO `oc_journal2_modules` (`module_id`, `module_type`, `module_data`) VALUES ('235', 'journal2_blog_categories', '{"general_is_open":true,"close_others":false,"module_name":"Blog Categories","title":{"value":{"1":"Blog Categories","3":"Blog Categories"}}}');
INSERT INTO `oc_journal2_modules` (`module_id`, `module_type`, `module_data`) VALUES ('236', 'journal2_blog_comments', '{"general_is_open":true,"close_others":false,"module_name":"Latest Comments","limit":5,"title":{"value":{"1":"Latest Comments","3":"Latest Comments"}}}');
INSERT INTO `oc_journal2_modules` (`module_id`, `module_type`, `module_data`) VALUES ('237', 'journal2_blog_search', '{"general_is_open":true,"close_others":false,"module_name":"Blog Search","title":{"value":{"1":"","3":""}},"placeholder":{"value":{"1":"Blog Search","3":"Blog Search"}}}');
INSERT INTO `oc_journal2_modules` (`module_id`, `module_type`, `module_data`) VALUES ('238', 'journal2_blog_tags', '{"general_is_open":true,"close_others":false,"module_name":"Filter by Tag","limit":15,"title":{"value":{"1":"Filter by Tag","3":"Filter by Tag"}}}');
INSERT INTO `oc_journal2_modules` (`module_id`, `module_type`, `module_data`) VALUES ('239', 'journal2_blog_posts', '{"general_is_open":true,"top_bottom_is_open":true,"close_others":false,"module_name":"Home Posts","top_bottom_placement":0,"module_padding":"0","background":{"value":{"bgimage_attach":"scroll","bgimage_repeat":"repeat","bgimage_position":"center","bgcolor":{"value":{"color":"rgb(189, 195, 199)"}},"bgimage":{"value":{"image":""}}}},"fullwidth":"0","margin_top":"20","margin_bottom":"10","module_type":"newest","posts":[],"display":"grid","items_per_row":{"range":"1,10","step":"1","value":{"mobile":{"value":"1","range":"1,10","step":"1"},"mobile1":{"value":"2","range":"1,10","step":"1"},"tablet":{"value":"3","range":"1,10","step":"1"},"tablet1":{"value":"2","range":"1,10","step":"1"},"tablet2":{"value":"1","range":"1,10","step":"1"},"desktop":{"value":"4","range":"1,10","step":"1"},"desktop1":{"value":"3","range":"1,10","step":"1"},"desktop2":{"value":"2","range":"1,10","step":"1"},"large_desktop":{"value":"4","range":"1,10","step":"1"},"large_desktop1":{"value":"4","range":"1,10","step":"1"},"large_desktop2":{"value":"3","range":"1,10","step":"1"}}},"description":1,"description_limit":150,"limit":"7","content_align":"left","image_width":"400","image_height":250,"image_type":"crop","carousel":"1","carousel_arrows":"top","carousel_buttons":1,"autoplay":"0","pause_on_hover":"1","transition_speed":"400","transition_delay":"3000","enable_on_phone":"1","enable_on_tablet":"1","enable_on_desktop":"1","title":{"value":{"1":"Recent Blog Articles","3":"Recent Blog Articles"}},"module_background":{"value":{"bgimage_attach":"scroll"}},"touch_drag":"0","disable_mobile":"0","carousel_bullets":"1"}');
INSERT INTO `oc_journal2_modules` (`module_id`, `module_type`, `module_data`) VALUES ('240', 'journal2_slider', '{"module_name":"Blog Header","width":"","height":"150","hideonmobile":"1","hidecaptionsonmobile":"0","timer":"none","js_options":{"delay":4000,"onHoverStop":"off","thumbWidth":100,"thumbHeight":75,"thumbAmount":4,"hideThumbs":1,"navigationType":"none","navigationArrows":"solo","navigationStyle":"round","navigationHAlign":"center","navigationVAlign":"bottom","navigationHOffset":"","navigationVOffset":"20"},"preload_images":"1","background":{"value":{"bgimage_attach":"scroll"}},"fullwidth":"1","margin_top":"","margin_bottom":"","slides":[{"is_open":true,"slide_name":"","image":{"1":"data\\/journal2\\/blog\\/blog-header.jpg","3":""},"thumb":{"1":"","3":""},"transition":"fade","slotamount":"","masterspeed":800,"delay":"","captions":[{"is_open":true,"caption_name":"","type":"text","video_type":"youtube","video_yt_id":"","video_vm_id":"","video_path":"","video_fullwidth":0,"video_width":"","video_height":"","video_autoplay":0,"video_autoplayonlyfirsttime":0,"video_nextslideatend":1,"video_volume":1,"text_font":{"value":{"font_type":"google","font_size":"35px","font_family":"Helvetica, Arial, sans-serif","font_name":"Droid Serif","font_weight":"regular","font_style":"normal","letter_spacing":"","text_transform":"uppercase","font_subset":["latin"],"color":{"value":{"color":"rgb(255, 255, 255)"}}}},"text_color":"","text_bgcolor":"","text_hover_color":"","text_hover_bg_color":"","text_border":{"value":{"border_rounded":"px"}},"text_hover_border_color":"","text_padding_top":"","text_padding_right":"","text_padding_bottom":"","text_padding_left":"","text_line_height":"","text_align":"center","x":"390","y":"40","animation_in":"customin","animation_out":"fadeout","custom_in_transition_x":"","custom_in_transition_y":"","custom_in_scale_x":"","custom_in_scale_y":"","custom_in_rotation_x":"90","custom_in_rotation_y":"","custom_in_rotation_z":"","transformOriginXin":"top","transformOriginYin":"center","custom_in_transform_perspective":"900","custom_in_opacity":"1","custom_out_transition_x":"","custom_out_transition_y":"","custom_out_scale_x":"","custom_out_scale_y":"","custom_out_rotation_x":"","custom_out_rotation_y":"","custom_out_rotation_z":"","transformOriginXout":"center","transformOriginYout":"center","custom_out_transform_perspective":"500","custom_out_opacity":"1","speed":"700","start":"750","endspeed":"","end":"","status":1,"sort_order":"","link":{"menu_type":"custom"},"link_new_window":"0","easing":"easeOutBack","endeasing":"easeInOutQuart","text":{"value":{"1":"Welcome to Our Blog","3":""}},"animations_is_open":true,"image":{"1":[],"3":[]}},{"is_open":true,"caption_name":"","type":"text","video_type":"youtube","video_yt_id":"","video_vm_id":"","video_path":"","video_fullwidth":0,"video_width":"","video_height":"","video_autoplay":0,"video_autoplayonlyfirsttime":0,"video_nextslideatend":1,"video_volume":1,"text_font":{"value":{"font_type":"google","font_size":"17px","font_family":"Helvetica, Arial, sans-serif","font_name":"Droid Serif","font_weight":"regular","font_style":"normal","letter_spacing":"","text_transform":"none","font_subset":["latin"],"color":{"value":{"color":"rgb(255, 255, 255)"}}}},"text_color":"","text_bgcolor":"","text_hover_color":"","text_hover_bg_color":"","text_border":{"value":{"border_rounded":"px"}},"text_hover_border_color":"","text_padding_top":"","text_padding_right":"","text_padding_bottom":"","text_padding_left":"","text_line_height":"","text_align":"center","x":"300","y":"85","animation_in":"customin","animation_out":"fadeout","custom_in_transition_x":"","custom_in_transition_y":"","custom_in_scale_x":"","custom_in_scale_y":"","custom_in_rotation_x":"90","custom_in_rotation_y":"","custom_in_rotation_z":"","transformOriginXin":"top","transformOriginYin":"center","custom_in_transform_perspective":"900","custom_in_opacity":"1","custom_out_transition_x":"","custom_out_transition_y":"","custom_out_scale_x":"","custom_out_scale_y":"","custom_out_rotation_x":"","custom_out_rotation_y":"","custom_out_rotation_z":"","transformOriginXout":"center","transformOriginYout":"center","custom_out_transform_perspective":"500","custom_out_opacity":"1","speed":"700","start":"950","endspeed":"","end":"","status":1,"sort_order":"","link":{"menu_type":"custom"},"link_new_window":"0","easing":"easeOutBack","endeasing":"easeInOutQuart","text":{"value":{"1":"You can customize every single blog page with any modules, in any position","3":""}},"animations_is_open":true,"image":[]}],"status":1,"sort_order":"","link":{"menu_type":"custom"},"link_new_window":"0","easing":"easeInOutQuart"}],"general_is_open":true,"navigation_is_open":true,"top_bottom_is_open":true}');
INSERT INTO `oc_journal2_modules` (`module_id`, `module_type`, `module_data`) VALUES ('241', 'journal2_popup', '{"module_name":"Contact Form","close_button":"1","padding":"","title":{"value":{"1":"Custom Order Form","3":"Custom Order Form"}},"title_font":{"value":{"font_type":"none","font_size":"13px","font_family":"Helvetica, Arial, sans-serif","font_name":"","font_weight":"normal","font_style":"normal","letter_spacing":"","text_transform":"none","color":{"value":{"color":"rgb(255, 255, 255)"}}}},"title_bg_color":{"value":{"color":"rgb(221, 0, 23)"}},"title_height":"45","newsletter":"0","newsletter_bg_color":"","newsletter_height":80,"newsletter_id":"","footer_height":"60","footer_bg_color":"","type":"contact","text":[],"text_font":[],"text_height":"","image":"no_image.jpg","content_overflow":"1","disable_mobile":"0","status":"1","width":600,"height":300,"background":{"value":{"bgimage_attach":"scroll"}},"button_1":"0","button_1_link":{"menu_type":"custom"},"button_1_icon":{"options":{"font_size":"16px"}},"button_1_new_window":"0","button_1_text":{"value":{"1":"","3":""}},"button_1_font":{"value":{"font_type":"none","font_size":"13px","font_family":"Helvetica, Arial, sans-serif","font_name":"","font_weight":"normal","font_style":"normal","letter_spacing":"","text_transform":"none"}},"button_1_bgcolor":"","button_1_hover_bgcolor":"","button_2":"0","button_2_link":{"menu_type":"custom"},"button_2_icon":{"options":{"font_size":"16px"}},"button_2_new_window":"0","button_2_text":{"value":{"1":"","3":""}},"button_2_font":{"value":{"font_type":"none","font_size":"13px","font_family":"Helvetica, Arial, sans-serif","font_name":"","font_weight":"normal","font_style":"normal","letter_spacing":"","text_transform":"none"}},"button_2_bgcolor":"","button_2_hover_bgcolor":"","button_submit_icon":{"options":{"font_size":"16px"}},"button_submit_text":{"value":{"1":"Send","3":""}},"button_submit_font":{"value":{"font_type":"none","font_size":"13px","font_family":"Helvetica, Arial, sans-serif","font_name":"","font_weight":"normal","font_style":"normal","letter_spacing":"","text_transform":"none"}},"button_submit_bgcolor":"","button_submit_hover_bgcolor":"","button_submit_position":"center","do_not_show_again":"1","do_not_show_again_text":{"value":{"1":"","3":""}},"do_not_show_again_font":{"value":{"font_type":"none","font_size":"13px","font_family":"Helvetica, Arial, sans-serif","font_name":"","font_weight":"normal","font_style":"normal","letter_spacing":"","text_transform":"none"}},"do_not_show_again_cookie":"vlawttep14i","sort_order":"","general_is_open":true,"header_is_open":true,"newsletter_is_open":true,"footer_is_open":true,"button_submit_icon_position":"left","button_1_icon_position":"left","button_2_icon_position":"left","content_is_open":true,"top_bottom_is_open":true}');
INSERT INTO `oc_journal2_modules` (`module_id`, `module_type`, `module_data`) VALUES ('242', 'journal2_product_tabs', '{"module_name":"Enquiry Button","name":{"value":{"1":"Send Enquiry","3":"Send Enquiry"}},"icon_status":"1","icon":{"options":{"font_size":"17px","color":{"value":{"color":"rgb(255, 255, 255)"}},"top":"","left":""},"icon_type":"icon","icon":{"icon":"&#xe67b;","class":"envelope"}},"icon_border":{"value":{"border_rounded":"px"}},"icon_bg_color":"","icon_width":"","icon_height":"","content_type":"enquiry","content":[],"popup":"241","global":"0","products":[{"data":{"id":"269","name":"Cool Boots"}},{"data":{"id":"179","name":"Black &amp; White Straw Hat"}}],"categories":[],"manufacturers":[],"store_id":-1,"status":1,"sort_order":"","position":"tab","option_position":"top"}');


TRUNCATE TABLE `oc_journal2_skins`;

ALTER TABLE `oc_journal2_skins` AUTO_INCREMENT = 100;



TRUNCATE TABLE `oc_journal2_blog_category`;

INSERT INTO `oc_journal2_blog_category` (`category_id`, `parent_id`, `image`, `status`, `sort_order`) VALUES ('2', '0', '', '1', '0');
INSERT INTO `oc_journal2_blog_category` (`category_id`, `parent_id`, `image`, `status`, `sort_order`) VALUES ('3', '0', '', '1', '0');
INSERT INTO `oc_journal2_blog_category` (`category_id`, `parent_id`, `image`, `status`, `sort_order`) VALUES ('4', '0', '', '1', '0');
INSERT INTO `oc_journal2_blog_category` (`category_id`, `parent_id`, `image`, `status`, `sort_order`) VALUES ('5', '0', '', '1', '5');


TRUNCATE TABLE `oc_journal2_blog_category_description`;

INSERT INTO `oc_journal2_blog_category_description` (`category_id`, `language_id`, `name`, `description`, `meta_title`, `meta_keywords`, `meta_description`, `keyword`) VALUES ('2', '2', '', '', '', '', '', '');
INSERT INTO `oc_journal2_blog_category_description` (`category_id`, `language_id`, `name`, `description`, `meta_title`, `meta_keywords`, `meta_description`, `keyword`) VALUES ('3', '2', '', '', '', '', '', '');
INSERT INTO `oc_journal2_blog_category_description` (`category_id`, `language_id`, `name`, `description`, `meta_title`, `meta_keywords`, `meta_description`, `keyword`) VALUES ('2', '1', 'Shopping', '', '', '', '', 'shopping');
INSERT INTO `oc_journal2_blog_category_description` (`category_id`, `language_id`, `name`, `description`, `meta_title`, `meta_keywords`, `meta_description`, `keyword`) VALUES ('3', '1', 'Traveling', '', '', '', '', 'traveling');
INSERT INTO `oc_journal2_blog_category_description` (`category_id`, `language_id`, `name`, `description`, `meta_title`, `meta_keywords`, `meta_description`, `keyword`) VALUES ('4', '2', '', '', '', '', '', '');
INSERT INTO `oc_journal2_blog_category_description` (`category_id`, `language_id`, `name`, `description`, `meta_title`, `meta_keywords`, `meta_description`, `keyword`) VALUES ('4', '1', 'Branding', '', '', '', '', 'branding');
INSERT INTO `oc_journal2_blog_category_description` (`category_id`, `language_id`, `name`, `description`, `meta_title`, `meta_keywords`, `meta_description`, `keyword`) VALUES ('5', '2', '', '', '', '', '', '');
INSERT INTO `oc_journal2_blog_category_description` (`category_id`, `language_id`, `name`, `description`, `meta_title`, `meta_keywords`, `meta_description`, `keyword`) VALUES ('5', '1', 'New Products', '', '', '', '', 'new-products');


TRUNCATE TABLE `oc_journal2_blog_category_to_layout`;



TRUNCATE TABLE `oc_journal2_blog_category_to_store`;

INSERT INTO `oc_journal2_blog_category_to_store` (`category_id`, `store_id`) VALUES ('2', '0');
INSERT INTO `oc_journal2_blog_category_to_store` (`category_id`, `store_id`) VALUES ('3', '0');
INSERT INTO `oc_journal2_blog_category_to_store` (`category_id`, `store_id`) VALUES ('4', '0');
INSERT INTO `oc_journal2_blog_category_to_store` (`category_id`, `store_id`) VALUES ('5', '0');


TRUNCATE TABLE `oc_journal2_blog_comments`;

INSERT INTO `oc_journal2_blog_comments` (`comment_id`, `parent_id`, `post_id`, `customer_id`, `author_id`, `name`, `email`, `website`, `comment`, `status`, `date`) VALUES ('1', '0', '1', '0', '1', 'Michael', 'support@digital-atelier.com', '', 'I must say, the Journal Blog is a fantastic addition to an already outstanding theme. Keep up the good work guys, it\'s amazing what you come up with for the Opencart community.', '1', '2014-09-15 12:08:31');
INSERT INTO `oc_journal2_blog_comments` (`comment_id`, `parent_id`, `post_id`, `customer_id`, `author_id`, `name`, `email`, `website`, `comment`, `status`, `date`) VALUES ('2', '0', '1', '0', '1', 'Alex', 'journal@digital-atelier.com', '', 'Lorem ipsum dolor sit amet, consectetur adipiscing elit. Aliquam iaculis egestas laoreet. Etiam faucibus massa sed risus lacinia in vulputate dolor imperdiet. Curabitur pharetra, purus a commodo dignissim, sapien nulla tempus nisi, et varius nulla urna at arcu.', '1', '2014-09-15 12:08:54');
INSERT INTO `oc_journal2_blog_comments` (`comment_id`, `parent_id`, `post_id`, `customer_id`, `author_id`, `name`, `email`, `website`, `comment`, `status`, `date`) VALUES ('3', '0', '1', '0', '1', 'Kostas', 'hello@digital-atelier.com', '', 'Lorem ipsum dolor sit amet, consectetur adipiscing elit. Aliquam iaculis egestas laoreet. Etiam faucibus massa sed risus lacinia in vulputate dolor imperdiet. Curabitur pharetra, purus a commodo dignissim, sapien nulla tempus nisi, et varius nulla urna at arcu.', '1', '2014-09-15 12:10:22');
INSERT INTO `oc_journal2_blog_comments` (`comment_id`, `parent_id`, `post_id`, `customer_id`, `author_id`, `name`, `email`, `website`, `comment`, `status`, `date`) VALUES ('4', '3', '1', '0', '1', 'Admin', 'admin@digital-atelier.com', '', 'Lorem ipsum dolor sit amet, consectetur adipiscing elit. Aliquam iaculis egestas laoreet. Etiam faucibus massa sed risus lacinia in vulputate dolor imperdiet. Curabitur pharetra, purus a commodo dignissim, sapien nulla tempus nisi, et varius nulla urna at arcu.', '1', '2014-09-15 12:10:58');
INSERT INTO `oc_journal2_blog_comments` (`comment_id`, `parent_id`, `post_id`, `customer_id`, `author_id`, `name`, `email`, `website`, `comment`, `status`, `date`) VALUES ('8', '3', '1', '0', '1', 'Rodriguez', 'hello@digital-atelier.com', '', 'Lorem ipsum dolor sit amet, consectetur adipiscing elit. Aliquam iaculis egestas laoreet.', '1', '2014-10-24 21:43:29');
INSERT INTO `oc_journal2_blog_comments` (`comment_id`, `parent_id`, `post_id`, `customer_id`, `author_id`, `name`, `email`, `website`, `comment`, `status`, `date`) VALUES ('9', '0', '1', '0', '1', 'Mikka', 'admin@digital-atelier.com', '', 'Lorem ipsum dolor sit amet, consectetur adipiscing elit. Aliquam iaculis egestas laoreet. Etiam faucibus massa sed risus lacinia in vulputate dolor imperdiet. Curabitur pharetra, purus a commodo dignissim, sapien nulla tempus nisi, et varius nulla urna at arcu. Lorem ipsum dolor sit amet, consectetur adipiscing elit. Aliquam iaculis egestas laoreet. Etiam faucibus massa sed risus lacinia in vulputate dolor imperdiet. Curabitur pharetra, purus a commodo dignissim, sapien nulla tempus nisi, et varius nulla urna at arcu.', '1', '2014-10-24 21:50:26');
INSERT INTO `oc_journal2_blog_comments` (`comment_id`, `parent_id`, `post_id`, `customer_id`, `author_id`, `name`, `email`, `website`, `comment`, `status`, `date`) VALUES ('12', '0', '1', '0', '1', 'Ben', 'journal@digital-atelier.com', '', 'Lorem ipsum dolor sit amet, consectetur adipiscing elit. Aliquam iaculis egestas laoreet. Etiam faucibus massa sed risus lacinia in vulputate dolor imperdiet. Curabitur pharetra, purus a commodo dignissim, sapien nulla tempus nisi, et varius nulla urna at arcu.', '0', '2014-10-24 22:02:23');
INSERT INTO `oc_journal2_blog_comments` (`comment_id`, `parent_id`, `post_id`, `customer_id`, `author_id`, `name`, `email`, `website`, `comment`, `status`, `date`) VALUES ('13', '2', '1', '0', '1', 'Jay', 'hello@digital-atelier.com', '', 'Lorem ipsum dolor sit amet, consectetur adipiscing elit. Aliquam iaculis egestas laoreet. Etiam faucibus massa sed risus lacinia in vulputate dolor imperdiet. Curabitur pharetra, purus a commodo dignissim, sapien nulla tempus nisi, et varius nulla urna at arcu.', '0', '2014-10-24 22:02:42');
INSERT INTO `oc_journal2_blog_comments` (`comment_id`, `parent_id`, `post_id`, `customer_id`, `author_id`, `name`, `email`, `website`, `comment`, `status`, `date`) VALUES ('14', '2', '1', '0', '1', 'Steve', 'support@digital-atelier.com', '', 'Lorem ipsum dolor sit amet, consectetur adipiscing elit. Aliquam iaculis egestas laoreet.', '1', '2014-10-24 22:04:38');
INSERT INTO `oc_journal2_blog_comments` (`comment_id`, `parent_id`, `post_id`, `customer_id`, `author_id`, `name`, `email`, `website`, `comment`, `status`, `date`) VALUES ('15', '2', '1', '0', '1', 'Cassandra', 'admin@digital-atelier.com', '', 'Lorem ipsum dolor sit amet, consectetur adipiscing elit. Aliquam iaculis egestas laoreet.', '1', '2014-10-24 22:05:47');
INSERT INTO `oc_journal2_blog_comments` (`comment_id`, `parent_id`, `post_id`, `customer_id`, `author_id`, `name`, `email`, `website`, `comment`, `status`, `date`) VALUES ('16', '1', '1', '0', '1', 'Jenny', 'info@digital-atelier.com', '', 'I completely agree. The best possible feature set you can find in any Opencart theme. And I love the Gravatar support for comments, so cool! Keep it up guys!', '1', '2014-10-24 22:06:05');
INSERT INTO `oc_journal2_blog_comments` (`comment_id`, `parent_id`, `post_id`, `customer_id`, `author_id`, `name`, `email`, `website`, `comment`, `status`, `date`) VALUES ('80', '0', '3', '0', '3', 'kjk', 'fakie@gmail.com', 'kalsfdjAKSDF', 'SKDF', '0', '2014-11-04 06:12:25');
INSERT INTO `oc_journal2_blog_comments` (`comment_id`, `parent_id`, `post_id`, `customer_id`, `author_id`, `name`, `email`, `website`, `comment`, `status`, `date`) VALUES ('18', '3', '1', '0', '1', 'Ella', 'journa@digital-atelier.com', '', 'Lorem ipsum dolor sit amet.', '1', '2014-10-24 22:10:55');
INSERT INTO `oc_journal2_blog_comments` (`comment_id`, `parent_id`, `post_id`, `customer_id`, `author_id`, `name`, `email`, `website`, `comment`, `status`, `date`) VALUES ('19', '0', '2', '0', '1', 'Michael', 'support@digital-atelier.com', '', 'I must say, the Journal Blog is a fantastic addition to an already outstanding theme. Keep up the good work guys, it\'s amazing what you come up with for the Opencart community.', '1', '2014-09-15 12:08:31');
INSERT INTO `oc_journal2_blog_comments` (`comment_id`, `parent_id`, `post_id`, `customer_id`, `author_id`, `name`, `email`, `website`, `comment`, `status`, `date`) VALUES ('20', '0', '2', '0', '1', 'Alex', 'journal@digital-atelier.com', '', 'Lorem ipsum dolor sit amet, consectetur adipiscing elit. Aliquam iaculis egestas laoreet. Etiam faucibus massa sed risus lacinia in vulputate dolor imperdiet. Curabitur pharetra, purus a commodo dignissim, sapien nulla tempus nisi, et varius nulla urna at arcu.', '1', '2014-09-15 12:08:54');
INSERT INTO `oc_journal2_blog_comments` (`comment_id`, `parent_id`, `post_id`, `customer_id`, `author_id`, `name`, `email`, `website`, `comment`, `status`, `date`) VALUES ('81', '0', '4', '0', '0', 'Soffie', 'jnjnjn@jnjn.com', '', 'Lorem ipsum dolor sit amet, consectetur adipiscing elit. Aliquam iaculis egestas laoreet. Etiam faucibus massa sed risus lacinia in vulputate dolor imperdiet.', '0', '2014-11-04 15:08:28');
INSERT INTO `oc_journal2_blog_comments` (`comment_id`, `parent_id`, `post_id`, `customer_id`, `author_id`, `name`, `email`, `website`, `comment`, `status`, `date`) VALUES ('26', '0', '3', '0', '1', 'Alex', 'journal@digital-atelier.com', '', 'Lorem ipsum dolor sit amet, consectetur adipiscing elit. Aliquam iaculis egestas laoreet. Etiam faucibus massa sed risus lacinia in vulputate dolor imperdiet. Curabitur pharetra, purus a commodo dignissim, sapien nulla tempus nisi, et varius nulla urna at arcu.', '1', '2014-09-15 12:08:54');
INSERT INTO `oc_journal2_blog_comments` (`comment_id`, `parent_id`, `post_id`, `customer_id`, `author_id`, `name`, `email`, `website`, `comment`, `status`, `date`) VALUES ('27', '0', '3', '0', '1', 'Kostas', 'hello@digital-atelier.com', '', 'Lorem ipsum dolor sit amet, consectetur adipiscing elit. Aliquam iaculis egestas laoreet. Etiam faucibus massa sed risus lacinia in vulputate dolor imperdiet. Curabitur pharetra, purus a commodo dignissim, sapien nulla tempus nisi, et varius nulla urna at arcu.', '1', '2014-09-15 12:10:22');
INSERT INTO `oc_journal2_blog_comments` (`comment_id`, `parent_id`, `post_id`, `customer_id`, `author_id`, `name`, `email`, `website`, `comment`, `status`, `date`) VALUES ('31', '0', '3', '0', '1', 'Michael', 'support@digital-atelier.com', '', 'I must say, the Journal Blog is a fantastic addition to an already outstanding theme. Keep up the good work guys, it\'s amazing what you come up with for the Opencart community.', '1', '2014-09-15 12:08:31');
INSERT INTO `oc_journal2_blog_comments` (`comment_id`, `parent_id`, `post_id`, `customer_id`, `author_id`, `name`, `email`, `website`, `comment`, `status`, `date`) VALUES ('77', '0', '1', '0', '0', 'kjklj', 'kljkl@fds.sk', 'ss', 'Lorem ipsum', '0', '2014-11-03 23:53:11');
INSERT INTO `oc_journal2_blog_comments` (`comment_id`, `parent_id`, `post_id`, `customer_id`, `author_id`, `name`, `email`, `website`, `comment`, `status`, `date`) VALUES ('78', '0', '1', '0', '0', 'abc', 'abc@abc.ab', '', 'comment', '0', '2014-11-04 00:27:00');
INSERT INTO `oc_journal2_blog_comments` (`comment_id`, `parent_id`, `post_id`, `customer_id`, `author_id`, `name`, `email`, `website`, `comment`, `status`, `date`) VALUES ('73', '37', '4', '0', '1', 'Sandra', 'info@digital-atelier.com', '', 'Super Theme, I\'m going to buy it for my handmade jewellery store.', '1', '2014-11-03 15:21:51');
INSERT INTO `oc_journal2_blog_comments` (`comment_id`, `parent_id`, `post_id`, `customer_id`, `author_id`, `name`, `email`, `website`, `comment`, `status`, `date`) VALUES ('37', '0', '4', '0', '1', 'Michael', 'support@digital-atelier.com', '', 'I must say, the Journal Blog is a fantastic addition to an already outstanding theme. Keep up the good work guys, it\'s amazing what you come up with for the Opencart community.', '1', '2014-09-15 12:08:31');
INSERT INTO `oc_journal2_blog_comments` (`comment_id`, `parent_id`, `post_id`, `customer_id`, `author_id`, `name`, `email`, `website`, `comment`, `status`, `date`) VALUES ('38', '0', '4', '0', '1', 'Alex', 'journal@digital-atelier.com', '', 'Lorem ipsum dolor sit amet, consectetur adipiscing elit. Aliquam iaculis egestas laoreet. Etiam faucibus massa sed risus lacinia in vulputate dolor imperdiet. Curabitur pharetra, purus a commodo dignissim, sapien nulla tempus nisi, et varius nulla urna at arcu.', '1', '2014-09-15 12:08:54');
INSERT INTO `oc_journal2_blog_comments` (`comment_id`, `parent_id`, `post_id`, `customer_id`, `author_id`, `name`, `email`, `website`, `comment`, `status`, `date`) VALUES ('43', '0', '5', '0', '1', 'Michael', 'support@digital-atelier.com', '', 'I must say, the Journal Blog is a fantastic addition to an already outstanding theme. Keep up the good work guys, it\'s amazing what you come up with for the Opencart community.', '1', '2014-09-15 12:08:31');
INSERT INTO `oc_journal2_blog_comments` (`comment_id`, `parent_id`, `post_id`, `customer_id`, `author_id`, `name`, `email`, `website`, `comment`, `status`, `date`) VALUES ('44', '0', '5', '0', '1', 'Alex', 'journal@digital-atelier.com', '', 'Lorem ipsum dolor sit amet, consectetur adipiscing elit. Aliquam iaculis egestas laoreet. Etiam faucibus massa sed risus lacinia in vulputate dolor imperdiet. Curabitur pharetra, purus a commodo dignissim, sapien nulla tempus nisi, et varius nulla urna at arcu.', '1', '2014-09-15 12:08:54');
INSERT INTO `oc_journal2_blog_comments` (`comment_id`, `parent_id`, `post_id`, `customer_id`, `author_id`, `name`, `email`, `website`, `comment`, `status`, `date`) VALUES ('47', '0', '5', '0', '1', 'Ben', 'journal@digital-atelier.com', '', 'Lorem ipsum dolor sit amet, consectetur adipiscing elit. Aliquam iaculis egestas laoreet. Etiam faucibus massa sed risus lacinia in vulputate dolor imperdiet. Curabitur pharetra, purus a commodo dignissim, sapien nulla tempus nisi, et varius nulla urna at arcu.', '0', '2014-10-24 22:02:23');
INSERT INTO `oc_journal2_blog_comments` (`comment_id`, `parent_id`, `post_id`, `customer_id`, `author_id`, `name`, `email`, `website`, `comment`, `status`, `date`) VALUES ('48', '0', '5', '0', '1', 'Kevin', 'journa@digital-atelier.com', '', 'Nice theme!', '1', '2014-10-24 22:06:19');
INSERT INTO `oc_journal2_blog_comments` (`comment_id`, `parent_id`, `post_id`, `customer_id`, `author_id`, `name`, `email`, `website`, `comment`, `status`, `date`) VALUES ('49', '0', '6', '0', '1', 'Michael', 'support@digital-atelier.com', '', 'I must say, the Journal Blog is a fantastic addition to an already outstanding theme. Keep up the good work guys, it\'s amazing what you come up with for the Opencart community.', '1', '2014-09-15 12:08:31');
INSERT INTO `oc_journal2_blog_comments` (`comment_id`, `parent_id`, `post_id`, `customer_id`, `author_id`, `name`, `email`, `website`, `comment`, `status`, `date`) VALUES ('50', '0', '6', '0', '1', 'Alex', 'journal@digital-atelier.com', '', 'Lorem ipsum dolor sit amet, consectetur adipiscing elit. Aliquam iaculis egestas laoreet. Etiam faucibus massa sed risus lacinia in vulputate dolor imperdiet. Curabitur pharetra, purus a commodo dignissim, sapien nulla tempus nisi, et varius nulla urna at arcu.', '1', '2014-09-15 12:08:54');
INSERT INTO `oc_journal2_blog_comments` (`comment_id`, `parent_id`, `post_id`, `customer_id`, `author_id`, `name`, `email`, `website`, `comment`, `status`, `date`) VALUES ('55', '0', '7', '0', '1', 'Michael', 'support@digital-atelier.com', '', 'I must say, the Journal Blog is a fantastic addition to an already outstanding theme. Keep up the good work guys, it\'s amazing what you come up with for the Opencart community.', '1', '2014-09-15 12:08:31');
INSERT INTO `oc_journal2_blog_comments` (`comment_id`, `parent_id`, `post_id`, `customer_id`, `author_id`, `name`, `email`, `website`, `comment`, `status`, `date`) VALUES ('59', '0', '7', '0', '1', 'Ben', 'journal@digital-atelier.com', '', 'Lorem ipsum dolor sit amet, consectetur adipiscing elit. Aliquam iaculis egestas laoreet. Etiam faucibus massa sed risus lacinia in vulputate dolor imperdiet. Curabitur pharetra, purus a commodo dignissim, sapien nulla tempus nisi, et varius nulla urna at arcu.', '0', '2014-10-24 22:02:23');
INSERT INTO `oc_journal2_blog_comments` (`comment_id`, `parent_id`, `post_id`, `customer_id`, `author_id`, `name`, `email`, `website`, `comment`, `status`, `date`) VALUES ('61', '0', '8', '0', '1', 'Michael', 'support@digital-atelier.com', '', 'I must say, the Journal Blog is a fantastic addition to an already outstanding theme. Keep up the good work guys, it\'s amazing what you come up with for the Opencart community.', '1', '2014-09-15 12:08:31');
INSERT INTO `oc_journal2_blog_comments` (`comment_id`, `parent_id`, `post_id`, `customer_id`, `author_id`, `name`, `email`, `website`, `comment`, `status`, `date`) VALUES ('62', '0', '8', '0', '1', 'Alex', 'journal@digital-atelier.com', '', 'Lorem ipsum dolor sit amet, consectetur adipiscing elit. Aliquam iaculis egestas laoreet. Etiam faucibus massa sed risus lacinia in vulputate dolor imperdiet. Curabitur pharetra, purus a commodo dignissim, sapien nulla tempus nisi, et varius nulla urna at arcu.', '1', '2014-09-15 12:08:54');
INSERT INTO `oc_journal2_blog_comments` (`comment_id`, `parent_id`, `post_id`, `customer_id`, `author_id`, `name`, `email`, `website`, `comment`, `status`, `date`) VALUES ('65', '0', '8', '0', '1', 'Ben', 'journal@digital-atelier.com', '', 'Lorem ipsum dolor sit amet, consectetur adipiscing elit. Aliquam iaculis egestas laoreet. Etiam faucibus massa sed risus lacinia in vulputate dolor imperdiet. Curabitur pharetra, purus a commodo dignissim, sapien nulla tempus nisi, et varius nulla urna at arcu.', '0', '2014-10-24 22:02:23');
INSERT INTO `oc_journal2_blog_comments` (`comment_id`, `parent_id`, `post_id`, `customer_id`, `author_id`, `name`, `email`, `website`, `comment`, `status`, `date`) VALUES ('69', '0', '9', '0', '1', 'Kostas', 'hello@digital-atelier.com', '', 'Lorem ipsum dolor sit amet, consectetur adipiscing elit. Aliquam iaculis egestas laoreet. Etiam faucibus massa sed risus lacinia in vulputate dolor imperdiet. Curabitur pharetra, purus a commodo dignissim, sapien nulla tempus nisi, et varius nulla urna at arcu.', '1', '2014-09-15 12:10:22');
INSERT INTO `oc_journal2_blog_comments` (`comment_id`, `parent_id`, `post_id`, `customer_id`, `author_id`, `name`, `email`, `website`, `comment`, `status`, `date`) VALUES ('82', '0', '1', '51', '0', 'Dimitar Bozhilov', 'dimitarbozhilov@live.com', 'www.suhstroi.com', 'Test', '0', '2014-11-05 09:08:50');
INSERT INTO `oc_journal2_blog_comments` (`comment_id`, `parent_id`, `post_id`, `customer_id`, `author_id`, `name`, `email`, `website`, `comment`, `status`, `date`) VALUES ('71', '0', '9', '0', '1', 'Ben', 'journal@digital-atelier.com', '', 'Lorem ipsum dolor sit amet, consectetur adipiscing elit. Aliquam iaculis egestas laoreet. Etiam faucibus massa sed risus lacinia in vulputate dolor imperdiet. Curabitur pharetra, purus a commodo dignissim, sapien nulla tempus nisi, et varius nulla urna at arcu.', '0', '2014-10-24 22:02:23');
INSERT INTO `oc_journal2_blog_comments` (`comment_id`, `parent_id`, `post_id`, `customer_id`, `author_id`, `name`, `email`, `website`, `comment`, `status`, `date`) VALUES ('76', '19', '2', '0', '0', 'joe', 'ipsum@lorum.com', 'www.ipsum.com', 'congrats', '1', '2014-11-03 20:28:47');
INSERT INTO `oc_journal2_blog_comments` (`comment_id`, `parent_id`, `post_id`, `customer_id`, `author_id`, `name`, `email`, `website`, `comment`, `status`, `date`) VALUES ('83', '0', '1', '0', '0', 'Bruno', 'guntis.e@gmail.com', '', 'This is a test comment', '0', '2014-11-08 11:20:46');
INSERT INTO `oc_journal2_blog_comments` (`comment_id`, `parent_id`, `post_id`, `customer_id`, `author_id`, `name`, `email`, `website`, `comment`, `status`, `date`) VALUES ('84', '3', '1', '0', '0', 'Test', 't@m.com', 'tt', 'ASsd', '0', '2014-11-22 00:03:00');
INSERT INTO `oc_journal2_blog_comments` (`comment_id`, `parent_id`, `post_id`, `customer_id`, `author_id`, `name`, `email`, `website`, `comment`, `status`, `date`) VALUES ('85', '0', '2', '0', '0', 'asd', 'dinta@mail.ru', '', 'sd', '0', '2014-12-16 02:08:00');
INSERT INTO `oc_journal2_blog_comments` (`comment_id`, `parent_id`, `post_id`, `customer_id`, `author_id`, `name`, `email`, `website`, `comment`, `status`, `date`) VALUES ('86', '44', '5', '0', '0', 'df', 'sedf@rfw.com', '', 'sdefs', '0', '2015-01-15 05:28:49');
INSERT INTO `oc_journal2_blog_comments` (`comment_id`, `parent_id`, `post_id`, `customer_id`, `author_id`, `name`, `email`, `website`, `comment`, `status`, `date`) VALUES ('87', '2', '1', '0', '0', 'sdfs', 'sdfsdf@gmail.com', 'sdfs.com', 'Lorem ipsum dolor sit amet, consectetur adipiscing elit. Aliquam iaculis egestas laoreet.', '0', '2015-01-29 12:26:35');
INSERT INTO `oc_journal2_blog_comments` (`comment_id`, `parent_id`, `post_id`, `customer_id`, `author_id`, `name`, `email`, `website`, `comment`, `status`, `date`) VALUES ('88', '1', '1', '0', '0', 'abc', 'abc@df.com', 'df.com', 'testing', '0', '2015-01-29 12:27:01');
INSERT INTO `oc_journal2_blog_comments` (`comment_id`, `parent_id`, `post_id`, `customer_id`, `author_id`, `name`, `email`, `website`, `comment`, `status`, `date`) VALUES ('89', '0', '1', '0', '3', 'test', 'test@test.com', '', 'test', '0', '2015-02-11 23:51:04');
INSERT INTO `oc_journal2_blog_comments` (`comment_id`, `parent_id`, `post_id`, `customer_id`, `author_id`, `name`, `email`, `website`, `comment`, `status`, `date`) VALUES ('90', '0', '4', '126', '0', 'tobey linken', 'tobeylinken@gmail.com', '', 'cvxcvxcvxcvcx', '0', '2015-03-07 17:13:02');
INSERT INTO `oc_journal2_blog_comments` (`comment_id`, `parent_id`, `post_id`, `customer_id`, `author_id`, `name`, `email`, `website`, `comment`, `status`, `date`) VALUES ('91', '0', '4', '126', '0', 'tobey linken', 'tobeylinken@gmail.com', '', 'r imperdiet. Curabitur pharetr', '0', '2015-03-07 17:13:24');
INSERT INTO `oc_journal2_blog_comments` (`comment_id`, `parent_id`, `post_id`, `customer_id`, `author_id`, `name`, `email`, `website`, `comment`, `status`, `date`) VALUES ('92', '0', '1', '41', '0', 'annisa indras', 'annisaindras@live.com', '', 'Why am I seeing Annisa Indras as my name yets it not? Something is wrong with your product', '0', '2015-03-17 23:20:36');
INSERT INTO `oc_journal2_blog_comments` (`comment_id`, `parent_id`, `post_id`, `customer_id`, `author_id`, `name`, `email`, `website`, `comment`, `status`, `date`) VALUES ('93', '2', '1', '0', '0', 'test', 'test@mail.ru', 'test.ru', 'test', '0', '2015-03-31 17:42:38');
INSERT INTO `oc_journal2_blog_comments` (`comment_id`, `parent_id`, `post_id`, `customer_id`, `author_id`, `name`, `email`, `website`, `comment`, `status`, `date`) VALUES ('94', '2', '1', '0', '0', 'Ben', 'get@me.com', 'ecuras.com', 'Lorem ipsum dolor sit amet.', '0', '2015-04-15 04:13:09');
INSERT INTO `oc_journal2_blog_comments` (`comment_id`, `parent_id`, `post_id`, `customer_id`, `author_id`, `name`, `email`, `website`, `comment`, `status`, `date`) VALUES ('95', '0', '1', '0', '0', 'test', 'test@test.com', 'test.com', 'test test test test', '0', '2015-04-23 09:53:16');
INSERT INTO `oc_journal2_blog_comments` (`comment_id`, `parent_id`, `post_id`, `customer_id`, `author_id`, `name`, `email`, `website`, `comment`, `status`, `date`) VALUES ('96', '1', '1', '160', '0', 'asdasd asd', 'asuaura@yahoo.com', '', 'test', '0', '2015-05-11 22:56:28');
INSERT INTO `oc_journal2_blog_comments` (`comment_id`, `parent_id`, `post_id`, `customer_id`, `author_id`, `name`, `email`, `website`, `comment`, `status`, `date`) VALUES ('97', '0', '1', '160', '0', 'asdasd asd', 'asuaura@yahoo.com', '', '111111111111111', '0', '2015-05-11 22:56:48');
INSERT INTO `oc_journal2_blog_comments` (`comment_id`, `parent_id`, `post_id`, `customer_id`, `author_id`, `name`, `email`, `website`, `comment`, `status`, `date`) VALUES ('98', '0', '2', '0', '0', 'dsads', 'admin@webfairy.net', 'adsaads', 'adsasdasd', '0', '2015-06-26 23:17:49');
INSERT INTO `oc_journal2_blog_comments` (`comment_id`, `parent_id`, `post_id`, `customer_id`, `author_id`, `name`, `email`, `website`, `comment`, `status`, `date`) VALUES ('99', '0', '3', '0', '0', 'Forexengineer Product Expert', 'Saiful@forexengineer.us', 'Forexengineer.us', 'Well, this cool. Never opencart coming in with blog features ^_^\r\n\r\nI think we might need to try once later in 2nd store development;)', '0', '2015-07-02 08:27:27');
INSERT INTO `oc_journal2_blog_comments` (`comment_id`, `parent_id`, `post_id`, `customer_id`, `author_id`, `name`, `email`, `website`, `comment`, `status`, `date`) VALUES ('100', '0', '3', '0', '0', 'pk', 'test@gmail.com', 'abc.com', 'sdasdsadsa', '0', '2015-07-16 10:39:46');
INSERT INTO `oc_journal2_blog_comments` (`comment_id`, `parent_id`, `post_id`, `customer_id`, `author_id`, `name`, `email`, `website`, `comment`, `status`, `date`) VALUES ('101', '44', '5', '0', '0', 'Librarie Online', 'asd@asd.com', 'www.libros.ro', 'I must say, the Journal Blog is a fantastic addition to an already outstanding theme. Keep up the good work guys, it\'s amazing what you come up with for the Opencart community.', '0', '2015-07-21 21:43:22');
INSERT INTO `oc_journal2_blog_comments` (`comment_id`, `parent_id`, `post_id`, `customer_id`, `author_id`, `name`, `email`, `website`, `comment`, `status`, `date`) VALUES ('102', '9', '1', '0', '0', 'garcia', 'garcia@yahoo.com', 'www.garcia.com', 'perfect !! thanks !!', '0', '2015-08-08 23:02:55');
INSERT INTO `oc_journal2_blog_comments` (`comment_id`, `parent_id`, `post_id`, `customer_id`, `author_id`, `name`, `email`, `website`, `comment`, `status`, `date`) VALUES ('103', '0', '5', '0', '0', 'perez', 'perez@yahoo.com', '', 'esto es perfecto', '0', '2015-08-08 23:09:01');
INSERT INTO `oc_journal2_blog_comments` (`comment_id`, `parent_id`, `post_id`, `customer_id`, `author_id`, `name`, `email`, `website`, `comment`, `status`, `date`) VALUES ('104', '0', '1', '0', '0', 'John', 'test@test.com', '', 'test', '0', '2015-08-15 15:39:43');
INSERT INTO `oc_journal2_blog_comments` (`comment_id`, `parent_id`, `post_id`, `customer_id`, `author_id`, `name`, `email`, `website`, `comment`, `status`, `date`) VALUES ('105', '20', '2', '0', '0', 'demo', 'demo@example.com', '', 'I must say, the Journal Blog is a fantastic addition to an already outstanding theme. Keep up the good work guys, it\'s amazing what you come up with for the Opencart community. - See more at: http://journal.digital-atelier.com/2/blog/blog-post#sthash.zs9KAJBn.dpuf', '0', '2015-08-19 12:31:57');
INSERT INTO `oc_journal2_blog_comments` (`comment_id`, `parent_id`, `post_id`, `customer_id`, `author_id`, `name`, `email`, `website`, `comment`, `status`, `date`) VALUES ('106', '0', '1', '0', '0', 'gfhfgh', 'gfhgfh@adasd.xom', '', 'adasdasdas', '0', '2015-08-28 01:42:33');
INSERT INTO `oc_journal2_blog_comments` (`comment_id`, `parent_id`, `post_id`, `customer_id`, `author_id`, `name`, `email`, `website`, `comment`, `status`, `date`) VALUES ('107', '0', '3', '0', '0', 'Name', 'Email@mail.com', 'WWW', 'Test 123456', '0', '2015-09-07 08:40:04');
INSERT INTO `oc_journal2_blog_comments` (`comment_id`, `parent_id`, `post_id`, `customer_id`, `author_id`, `name`, `email`, `website`, `comment`, `status`, `date`) VALUES ('108', '0', '5', '0', '0', 'Joe', 'joe@demo.fr', '', 'Great theme !', '0', '2015-09-07 21:56:31');
INSERT INTO `oc_journal2_blog_comments` (`comment_id`, `parent_id`, `post_id`, `customer_id`, `author_id`, `name`, `email`, `website`, `comment`, `status`, `date`) VALUES ('109', '0', '1', '0', '0', '1234', '4142f@msdff.ru', 'fsdf', 'sdffsdffsdf', '0', '2015-09-09 09:59:12');
INSERT INTO `oc_journal2_blog_comments` (`comment_id`, `parent_id`, `post_id`, `customer_id`, `author_id`, `name`, `email`, `website`, `comment`, `status`, `date`) VALUES ('110', '9', '1', '0', '0', 'lm.,', '1111@list.com', '', '2131', '0', '2015-10-13 01:04:00');
INSERT INTO `oc_journal2_blog_comments` (`comment_id`, `parent_id`, `post_id`, `customer_id`, `author_id`, `name`, `email`, `website`, `comment`, `status`, `date`) VALUES ('111', '9', '1', '0', '0', 'fegwe', 'a@vdbsb.com', '', 'Hee great stuff', '0', '2015-11-05 21:39:34');


TRUNCATE TABLE `oc_journal2_blog_post`;

INSERT INTO `oc_journal2_blog_post` (`post_id`, `author_id`, `image`, `comments`, `status`, `sort_order`, `date_created`, `date_updated`, `views`) VALUES ('1', '1', 'data/journal2/blog/photographer-407068_1920.jpg', '2', '1', '0', '2014-09-15 12:06:26', '2014-11-19 17:17:22', '8720');
INSERT INTO `oc_journal2_blog_post` (`post_id`, `author_id`, `image`, `comments`, `status`, `sort_order`, `date_created`, `date_updated`, `views`) VALUES ('2', '1', 'data/journal2/blog/waiting-410328_1920.jpg', '2', '1', '0', '2014-09-15 12:06:26', '2014-11-03 21:57:37', '2632');
INSERT INTO `oc_journal2_blog_post` (`post_id`, `author_id`, `image`, `comments`, `status`, `sort_order`, `date_created`, `date_updated`, `views`) VALUES ('3', '1', 'data/journal2/blog/Pack.jpg', '2', '1', '0', '2014-09-15 12:06:26', '2014-11-03 21:52:02', '2176');
INSERT INTO `oc_journal2_blog_post` (`post_id`, `author_id`, `image`, `comments`, `status`, `sort_order`, `date_created`, `date_updated`, `views`) VALUES ('4', '1', 'data/journal2/blog/VeniceSurf.jpg', '2', '1', '0', '2014-09-15 12:06:26', '2014-11-03 18:21:25', '3887');
INSERT INTO `oc_journal2_blog_post` (`post_id`, `author_id`, `image`, `comments`, `status`, `sort_order`, `date_created`, `date_updated`, `views`) VALUES ('5', '1', 'data/journal2/blog/wing-221526_1920.jpg', '2', '1', '0', '2014-09-15 12:06:26', '2014-11-05 20:37:34', '2773');
INSERT INTO `oc_journal2_blog_post` (`post_id`, `author_id`, `image`, `comments`, `status`, `sort_order`, `date_created`, `date_updated`, `views`) VALUES ('6', '1', 'data/journal2/blog/picjumbo.com_IMG_5766.jpg', '2', '1', '0', '2014-09-15 12:06:26', '2014-11-03 18:22:56', '439');
INSERT INTO `oc_journal2_blog_post` (`post_id`, `author_id`, `image`, `comments`, `status`, `sort_order`, `date_created`, `date_updated`, `views`) VALUES ('7', '1', 'data/journal2/blog/wristwatch-407096_1920.jpg', '2', '1', '0', '2014-09-15 12:06:26', '2014-11-03 18:23:36', '2058');
INSERT INTO `oc_journal2_blog_post` (`post_id`, `author_id`, `image`, `comments`, `status`, `sort_order`, `date_created`, `date_updated`, `views`) VALUES ('8', '1', 'data/journal2/blog/picjumbo.com_IMG_5865.jpg', '2', '1', '0', '2014-09-15 12:06:26', '2014-11-03 18:24:39', '1036');


TRUNCATE TABLE `oc_journal2_blog_post_description`;

INSERT INTO `oc_journal2_blog_post_description` (`post_id`, `language_id`, `name`, `description`, `meta_title`, `meta_keywords`, `meta_description`, `keyword`, `tags`) VALUES ('1', '3', 'Journal Blog está aquí', '', '', '', '', 'journal-blog', '');
INSERT INTO `oc_journal2_blog_post_description` (`post_id`, `language_id`, `name`, `description`, `meta_title`, `meta_keywords`, `meta_description`, `keyword`, `tags`) VALUES ('1', '1', 'Journal Blog is Here', '<p><img alt="" height="600" src="http://127.0.0.1:8080/journal2/image/data/journal2/blog/post-wide.jpg" style="margin-bottom: 10px;" width="1500" /></p>\n\n<p>&nbsp;</p>\n\n<h1>Welcome to Journal Blog</h1>\n\n<p>&nbsp;</p>\n\n<p><strong>Journal Blog</strong> is a simple and very powerful blog system built directly into the Journal theme offering a very advanced feature set with well over <strong style="line-height: 1.6;"><a href="javascript:Journal.openPopup(\'233\')">200 customization options</a>.</strong> You can author unlimited blog posts and display them in both Grid or List views with support for our famous&nbsp;Items per Row feature. The blog comes with 6 modules including an advanced Posts Module that allows you to display articles on any page within your store and in any position. Now with support for Carousel mode even in List view.</p>\n\n<blockquote>This is a blockquoe element &nbsp;styled from the Journal admin. You can edit font settings, line-height, margin and padding as well as the red border on the left. Lorem ipsum dolor sit amet, consectetur adipiscing elit. Aliquam iaculis egestas laoreet.&nbsp;</blockquote>\n\n<p>Lorem ipsum dolor sit amet, consectetur adipiscing elit. Aliquam iaculis egestas laoreet. Etiam faucibus massa sed risus lacinia in vulputate dolor imperdiet. Curabitur pharetra, purus a commodo dignissim, sapien nulla tempus nisi, et varius nulla urna at arcu.&nbsp;Lorem ipsum dolor sit amet, consectetur adipiscing elit. Aliquam iaculis egestas laoreet. Etiam faucibus massa sed risus lacinia in vulputate dolor imperdiet. Curabitur pharetra, purus a commodo dignissim, sapien nulla tempus nisi, et varius nulla urna at arcu.</p>\n\n<h3>&nbsp;</h3>\n\n<h3>Check out the new video overviews:</h3>\n\n<p>&nbsp;</p>\n\n<div class="responsive-video"><iframe allowfullscreen="" frameborder="0" height="315" src="//www.youtube.com/embed/NZuONWtLmp8?list=PLu4m1k3oxYwaTNSo0rYbmprEWKXQa_gnd" width="560"></iframe></div>\n\n<p>&nbsp;</p>\n\n<p><span style="line-height: 20.7999992370605px;">Lorem ipsum dolor sit amet, consectetur adipiscing elit. Aliquam iaculis egestas laoreet. Etiam faucibus massa sed risus lacinia in vulputate dolor imperdiet. Curabitur pharetra, purus a commodo dignissim, sapien nulla tempus nisi, et varius nulla urna at arcu.&nbsp;Lorem ipsum dolor sit amet, consectetur adipiscing elit. Aliquam iaculis egestas laoreet. Etiam faucibus massa sed risus lacinia in vulputate dolor imperdiet. Curabitur pharetra, purus a commodo dignissim, sapien nulla tempus nisi, et varius nulla urna at arcu.</span></p>', '', '', '', 'journal-blog', 'cool, modern, smart, sweet, photography, camera, travel, shop');
INSERT INTO `oc_journal2_blog_post_description` (`post_id`, `language_id`, `name`, `description`, `meta_title`, `meta_keywords`, `meta_description`, `keyword`, `tags`) VALUES ('2', '3', '', '', '', '', '', '', '');
INSERT INTO `oc_journal2_blog_post_description` (`post_id`, `language_id`, `name`, `description`, `meta_title`, `meta_keywords`, `meta_description`, `keyword`, `tags`) VALUES ('2', '1', 'Blog Post', '<p><img alt="" height="215" src="http://digital-cdn.net/1/image/data/journal2/blog/bag2.jpg" style="margin-right: 20px; margin-bottom: 10px; float: left;" width="200" /><strong style="line-height: 1.6;">Journal Blog</strong><span style="line-height: 1.6;">&nbsp;has finally arrived. It&#39;s a simple and very powerful blog system built directly into Journal offering an advanced feature set with over </span><strong style="line-height: 1.6;"><a href="javascript:Journal.openPopup(\'234\')">200 customization options</a></strong><span style="line-height: 1.6;">. You can author unlimited blog posts and display them in both Grid or List views with support for our famous&nbsp;Items per Row feature. The blog comes with 6 modules including an advanced </span><em style="line-height: 1.6;">Posts Module</em><span style="line-height: 1.6;"> that allows you to display articles on any page within your store and in any position. Now with support for Carousel mode even in List view.</span></p>\n\n<p><span style="line-height: 20.7999992370605px;">Lorem ipsum dolor sit amet, consectetur adipiscing elit. Aliquam iaculis egestas laoreet. Etiam faucibus massa sed risus lacinia in vulputate dolor imperdiet. Curabitur pharetra, purus a commodo dignissim, sapien nulla tempus nisi, et varius nulla urna at arcu.Lorem ipsum dolor sit amet, consectetur adipiscing elit. Aliquam iaculis egestas laoreet.&nbsp;</span></p>\n\n<p><span style="line-height: 20.7999992370605px;"><img alt="" height="150" src="http://digital-cdn.net/1/image/data/journal-demo/av3.jpg" style="float: right;" width="150" />Etiam faucibus massa sed risus lacinia in vulputate dolor imperdiet. Curabitur pharetra, purus a commodo dignissim, sapien nulla tempus nisi, et varius nulla urna at arcu.Lorem ipsum dolor sit amet, consectetur adipiscing elit. Aliquam iaculis egestas laoreet. Etiam faucibus massa sed risus lacinia in vulputate dolor imperdiet. Curabitur pharetra, purus a commodo dignissim, sapien nulla tempus nisi, et varius nulla urna at arcu.Lorem ipsum dolor sit amet, consectetur adipiscing elit. Aliquam iaculis egestas laoreet. Etiam faucibus massa sed risus lacinia in vulputate dolor imperdiet. Curabitur pharetra, purus a commodo dignissim, sapien nulla tempus nisi, et varius nulla urna at arcu</span></p>\n\n<p><span style="line-height: 20.7999992370605px;">Curabitur pharetra, purus a commodo dignissim, sapien nulla tempus nisi, et varius nulla urna at arcu.Lorem ipsum dolor sit amet, consectetur adipiscing elit. Aliquam iaculis egestas laoreet. Etiam faucibus massa sed risus lacinia in vulputate dolor imperdiet. Curabitur pharetra, purus a commodo dignissim, sapien nulla tempus nisi, et varius nulla urna at arcu.Lorem ipsum dolor sit amet, consectetur adipiscing elit. Aliquam iaculis egestas laoreet. Etiam faucibus massa sed risus lacinia in vulputate dolor imperdiet. Curabitur pharetra, purus a commodo dignissim, sapien nulla tempus nisi, et varius nulla urna at arcu.Lorem ipsum dolor sit amet, consectetur adipiscing elit. Aliquam iaculis egestas laoreet. Etiam faucibus massa sed risus lacinia in vulputate dolor imperdiet. Curabitur pharetra, purus a commodo dignissim, sapien nulla tempus nisi, et varius nulla urna at arcu.Lorem ipsum dolor sit amet, consectetur adipiscing elit. Aliquam iaculis egestas laoreet. Etiam faucibus massa sed risus lacinia in vulputate dolor imperdiet. Curabitur pharetra, purus a commodo dignissim, sapien nulla tempus nisi, et varius nulla urna at arcu.</span></p>', '', '', '', 'blog-post', 'cool, watch, new, modern');
INSERT INTO `oc_journal2_blog_post_description` (`post_id`, `language_id`, `name`, `description`, `meta_title`, `meta_keywords`, `meta_description`, `keyword`, `tags`) VALUES ('3', '3', '', '', '', '', '', '', '');
INSERT INTO `oc_journal2_blog_post_description` (`post_id`, `language_id`, `name`, `description`, `meta_title`, `meta_keywords`, `meta_description`, `keyword`, `tags`) VALUES ('3', '1', 'We\'ve launched our blog', '<p><img alt="" height="167" src="http://digital-cdn.net/1/image/data/journal2/blog/Pack-small.jpg" style="float: right; margin-left: 30px; margin-bottom: 10px;" width="250" /><span style="line-height: 1.6;">Welcome to </span><strong style="line-height: 1.6;">Journal Blog</strong><span style="line-height: 1.6;">, a simple and very powerful blog system built directly into Journal offering an advanced feature set with over </span><strong style="line-height: 1.6;"><a href="javascript:Journal.openPopup(\'234\')">200 customization options</a></strong><span style="line-height: 1.6;">. You can author unlimited blog posts and display them in both Grid or List views with support for our famous&nbsp;Items per Row feature. The blog comes with 6 modules including an advanced </span><em style="line-height: 1.6;">Posts Module</em><span style="line-height: 1.6;"> that allows you to display articles on any page within your store and in any position. Now with support for Carousel mode even in List view.</span></p>\n\n<p>Lorem ipsum dolor sit amet, consectetur adipiscing elit. Aliquam iaculis egestas laoreet. Etiam faucibus massa sed risus lacinia in vulputate dolor imperdiet. Curabitur pharetra, purus a commodo dignissim, sapien nulla tempus nisi, et varius nulla urna at arcu.&nbsp;Lorem ipsum dolor sit amet, consectetur adipiscing elit. Aliquam iaculis egestas laoreet. Etiam faucibus massa sed risus lacinia in vulputate dolor imperdiet. Curabitur pharetra, purus a commodo dignissim, sapien nulla tempus nisi, et varius nulla urna at arcu.</p>\n\n<blockquote>This is a blockquoe element &nbsp;styled from the Journal admin. You can edit font settings, line-height, margin and padding as well as the red border on the left. Lorem ipsum dolor sit amet, consectetur adipiscing elit. Aliquam iaculis egestas laoreet.&nbsp;</blockquote>\n\n<p><span style="line-height: 20.7999992370605px;">Lorem ipsum dolor sit amet, consectetur adipiscing elit. Aliquam iaculis egestas laoreet. Etiam faucibus massa sed risus lacinia in vulputate dolor imperdiet. Curabitur pharetra, purus a commodo dignissim, sapien nulla tempus nisi, et varius nulla urna at arcu.&nbsp;Lorem ipsum dolor sit amet, consectetur adipiscing elit. Aliquam iaculis egestas laoreet. Etiam faucibus massa sed risus lacinia in vulputate dolor imperdiet. Curabitur pharetra, purus a commodo dignissim, sapien nulla tempus nisi, et varius nulla urna at arcu.</span></p>\n\n<p><span style="line-height: 20.7999992370605px;">Lorem ipsum dolor sit amet, consectetur adipiscing elit. Aliquam iaculis egestas laoreet. Etiam faucibus massa sed risus lacinia in vulputate dolor imperdiet. Curabitur pharetra, purus a commodo dignissim, sapien nulla tempus nisi, et varius nulla urna at arcu.&nbsp;Lorem ipsum dolor sit amet, consectetur adipiscing elit. Aliquam iaculis egestas laoreet. Etiam faucibus massa sed risus lacinia in vulputate dolor imperdiet. Curabitur pharetra, purus a commodo dignissim, sapien nulla tempus nisi, et varius nulla urna at arcu.</span></p>', '', '', '', 'blog-launch', 'cool, modern, photography, camera, travel');
INSERT INTO `oc_journal2_blog_post_description` (`post_id`, `language_id`, `name`, `description`, `meta_title`, `meta_keywords`, `meta_description`, `keyword`, `tags`) VALUES ('4', '3', '', '', '', '', '', '', '');
INSERT INTO `oc_journal2_blog_post_description` (`post_id`, `language_id`, `name`, `description`, `meta_title`, `meta_keywords`, `meta_description`, `keyword`, `tags`) VALUES ('4', '1', 'Another Blog Post', '<p><img alt="" height="507" src="http://digital-cdn.net/1/image/data/journal2/blog/VeniceSurf-wide.jpg" width="1500" /></p>\n\n<p><span style="line-height: 1.6;">Welcome to </span><strong style="line-height: 1.6;">Journal Blog</strong><span style="line-height: 1.6;">, a simple and very powerful blog system built directly into Journal offering an advanced feature set with over </span><strong style="line-height: 1.6;"><a href="javascript:Journal.openPopup(\'234\')">200 customization options</a></strong><span style="line-height: 1.6;">. You can author unlimited blog posts and display them in both Grid or List views with support for our famous&nbsp;Items per Row feature. The blog comes with 6 modules including an advanced </span><em style="line-height: 1.6;">Posts Module</em><span style="line-height: 1.6;"> that allows you to display articles on any page within your store and in any position. Now with support for Carousel mode even in List view.</span></p>\n\n<blockquote>This is a blockquoe element &nbsp;styled from the Journal admin. You can edit font settings, line-height, margin and padding as well as the red border on the left. Lorem ipsum dolor sit amet, consectetur adipiscing elit. Aliquam iaculis egestas laoreet.&nbsp;</blockquote>\n\n<p>Lorem ipsum dolor sit amet, consectetur adipiscing elit. Aliquam iaculis egestas laoreet. Etiam faucibus massa sed risus lacinia in vulputate dolor imperdiet. Curabitur pharetra, purus a commodo dignissim, sapien nulla tempus nisi, et varius nulla urna at arcu.&nbsp;Lorem ipsum dolor sit amet, consectetur adipiscing elit. Aliquam iaculis egestas laoreet. Etiam faucibus massa sed risus lacinia in vulputate dolor imperdiet. Curabitur pharetra, purus a commodo dignissim, sapien nulla tempus nisi, et varius nulla urna at arcu.</p>\n\n<p><span style="line-height: 20.7999992370605px;">Lorem ipsum dolor sit amet, consectetur adipiscing elit. Aliquam iaculis egestas laoreet. Etiam faucibus massa sed risus lacinia in vulputate dolor imperdiet. Curabitur pharetra, purus a commodo dignissim, sapien nulla tempus nisi, et varius nulla urna at arcu.&nbsp;Lorem ipsum dolor sit amet, consectetur adipiscing elit. Aliquam iaculis egestas laoreet. Etiam faucibus massa sed risus lacinia in vulputate dolor imperdiet. Curabitur pharetra, purus a commodo dignissim, sapien nulla tempus nisi, et varius nulla urna at arcu.</span></p>\n\n<p><span style="line-height: 20.7999992370605px;">Lorem ipsum dolor sit amet, consectetur adipiscing elit. Aliquam iaculis egestas laoreet. Etiam faucibus massa sed risus lacinia in vulputate dolor imperdiet. Curabitur pharetra, purus a commodo dignissim, sapien nulla tempus nisi, et varius nulla urna at arcu.&nbsp;Lorem ipsum dolor sit amet, consectetur adipiscing elit. Aliquam iaculis egestas laoreet. Etiam faucibus massa sed risus lacinia in vulputate dolor imperdiet. Curabitur pharetra, purus a commodo dignissim, sapien nulla tempus nisi, et varius nulla urna at arcu.</span></p>', '', '', '', 'another-blog-post', 'cool, waves, ocean, travel, surf');
INSERT INTO `oc_journal2_blog_post_description` (`post_id`, `language_id`, `name`, `description`, `meta_title`, `meta_keywords`, `meta_description`, `keyword`, `tags`) VALUES ('5', '3', '', '', '', '', '', '', '');
INSERT INTO `oc_journal2_blog_post_description` (`post_id`, `language_id`, `name`, `description`, `meta_title`, `meta_keywords`, `meta_description`, `keyword`, `tags`) VALUES ('5', '1', 'Traveling to Greece', '<p><strong style="line-height: 1.6;">Journal Blog</strong><span style="line-height: 1.6;">&nbsp;has finally arrived. It&#39;s a simple and very powerful blog system built directly into Journal offering an advanced feature set with over </span><strong style="line-height: 1.6;"><a href="javascript:Journal.openPopup(\'234\')">200 customization options</a></strong><span style="line-height: 1.6;">. You can author unlimited blog posts and display them in both Grid or List views with support for our famous&nbsp;Items per Row feature. The blog comes with 6 modules including an advanced </span><em style="line-height: 1.6;">Posts Module</em><span style="line-height: 1.6;"> that allows you to display articles on any page within your store and in any position. Now with support for Carousel mode even in List view.</span></p>\n\n<p><img alt="" height="189" src="http://journal.digital-atelier.com/1/image/data/journal2/blog/gr1.jpg" style="float: right; margin-left: 20px;" width="300" /></p>\n\n<p>Lorem ipsum dolor sit amet, consectetur adipiscing elit. Aliquam iaculis egestas laoreet. Etiam faucibus massa sed risus lacinia in vulputate dolor imperdiet. Curabitur pharetra, purus a commodo dignissim, sapien nulla tempus nisi, et varius nulla urna at arcu.&nbsp;Lorem ipsum dolor sit amet, consectetur adipiscing elit. Aliquam iaculis egestas laoreet. Etiam faucibus massa sed risus lacinia in vulputate dolor imperdiet. Curabitur pharetra, purus a commodo dignissim, sapien nulla tempus nisi, et varius nulla urna at arcu.</p>\n\n<p><img alt="" height="200" src="http://journal.digital-atelier.com/1/image/data/journal2/blog/gr2.jpg" style="float: left; margin-right: 20px; margin-top:10px; margin-bottom:10px;" width="300" /></p>\n\n<p><span style="line-height: 20.7999992370605px;">Lorem ipsum dolor sit amet, consectetur adipiscing elit. Aliquam iaculis egestas laoreet. Etiam faucibus massa sed risus lacinia in vulputate dolor imperdiet. Curabitur pharetra, purus a commodo dignissim, sapien nulla tempus nisi, et varius nulla urna at arcu.&nbsp;Lorem ipsum dolor sit amet, consectetur adipiscing elit. Aliquam iaculis egestas laoreet. Etiam faucibus massa sed risus lacinia in vulputate dolor imperdiet. Curabitur pharetra, purus a commodo dignissim, sapien nulla tempus nisi, et varius nulla urna at arcu.</span></p>\n\n<p><span style="line-height: 20.7999992370605px;">Lorem ipsum dolor sit amet, consectetur adipiscing elit. Aliquam iaculis egestas laoreet. Etiam faucibus massa sed risus lacinia in vulputate dolor imperdiet. Curabitur pharetra, purus a commodo dignissim, sapien nulla tempus nisi, et varius nulla urna at arcu.&nbsp;Lorem ipsum dolor sit amet, consectetur adipiscing elit. Aliquam iaculis egestas laoreet. Etiam faucibus massa sed risus lacinia in vulputate dolor imperdiet. Curabitur pharetra, purus a commodo dignissim, sapien nulla tempus nisi, et varius nulla urna at arcu.Lorem ipsum dolor sit amet, consectetur adipiscing elit. Aliquam iaculis egestas laoreet. Etiam faucibus massa sed risus lacinia in vulputate dolor imperdiet. Curabitur pharetra, purus a commodo dignissim, sapien nulla tempus nisi, et varius nulla urna at arcu.&nbsp;Lorem ipsum dolor sit amet, consectetur adipiscing elit. Aliquam iaculis egestas laoreet. Etiam faucibus massa sed risus lacinia in vulputate dolor imperdiet. Curabitur pharetra, purus a commodo dignissim, sapien nulla tempus nisi, et varius nulla urna at arcu.</span></p>', '', '', '', 'greece-travel', 'travel, greece, fun, beautiful, blue, water');
INSERT INTO `oc_journal2_blog_post_description` (`post_id`, `language_id`, `name`, `description`, `meta_title`, `meta_keywords`, `meta_description`, `keyword`, `tags`) VALUES ('6', '3', '', '', '', '', '', '', '');
INSERT INTO `oc_journal2_blog_post_description` (`post_id`, `language_id`, `name`, `description`, `meta_title`, `meta_keywords`, `meta_description`, `keyword`, `tags`) VALUES ('6', '1', 'Another Journal Blog Post', '<p><img alt="" height="600" src="http://digital-cdn.net/1/image/data/journal2/blog/post-wide.jpg" width="1500" /></p>\n\n<p><span style="line-height: 1.6;">Welcome to </span><strong style="line-height: 1.6;">Journal Blog</strong><span style="line-height: 1.6;">, a simple and very powerful blog system built directly into Journal offering an advanced feature set with over </span><strong style="line-height: 1.6;"><a href="javascript:Journal.openPopup(\'234\')">200 customization options</a></strong><span style="line-height: 1.6;">. You can author unlimited blog posts and display them in both Grid or List views with support for our famous&nbsp;Items per Row feature. The blog comes with 6 modules including an advanced </span><em style="line-height: 1.6;">Posts Module</em><span style="line-height: 1.6;"> that allows you to display articles on any page within your store and in any position. Now with support for Carousel mode even in List view.</span></p>\n\n<blockquote>This is a blockquoe element &nbsp;styled from the Journal admin. You can edit font settings, line-height, margin and padding as well as the red border on the left. Lorem ipsum dolor sit amet, consectetur adipiscing elit. Aliquam iaculis egestas laoreet.&nbsp;</blockquote>\n\n<p>Lorem ipsum dolor sit amet, consectetur adipiscing elit. Aliquam iaculis egestas laoreet. Etiam faucibus massa sed risus lacinia in vulputate dolor imperdiet. Curabitur pharetra, purus a commodo dignissim, sapien nulla tempus nisi, et varius nulla urna at arcu.&nbsp;Lorem ipsum dolor sit amet, consectetur adipiscing elit. Aliquam iaculis egestas laoreet. Etiam faucibus massa sed risus lacinia in vulputate dolor imperdiet. Curabitur pharetra, purus a commodo dignissim, sapien nulla tempus nisi, et varius nulla urna at arcu.</p>\n\n<p><span style="line-height: 20.7999992370605px;">Lorem ipsum dolor sit amet, consectetur adipiscing elit. Aliquam iaculis egestas laoreet. Etiam faucibus massa sed risus lacinia in vulputate dolor imperdiet. Curabitur pharetra, purus a commodo dignissim, sapien nulla tempus nisi, et varius nulla urna at arcu.&nbsp;Lorem ipsum dolor sit amet, consectetur adipiscing elit. Aliquam iaculis egestas laoreet. Etiam faucibus massa sed risus lacinia in vulputate dolor imperdiet. Curabitur pharetra, purus a commodo dignissim, sapien nulla tempus nisi, et varius nulla urna at arcu.</span></p>\n\n<p><span style="line-height: 20.7999992370605px;">Lorem ipsum dolor sit amet, consectetur adipiscing elit. Aliquam iaculis egestas laoreet. Etiam faucibus massa sed risus lacinia in vulputate dolor imperdiet. Curabitur pharetra, purus a commodo dignissim, sapien nulla tempus nisi, et varius nulla urna at arcu.&nbsp;Lorem ipsum dolor sit amet, consectetur adipiscing elit. Aliquam iaculis egestas laoreet. Etiam faucibus massa sed risus lacinia in vulputate dolor imperdiet. Curabitur pharetra, purus a commodo dignissim, sapien nulla tempus nisi, et varius nulla urna at arcu.</span></p>', '', '', '', 'another-blog-post', 'Cool, Tag, Smart, Sweet');
INSERT INTO `oc_journal2_blog_post_description` (`post_id`, `language_id`, `name`, `description`, `meta_title`, `meta_keywords`, `meta_description`, `keyword`, `tags`) VALUES ('7', '3', '', '', '', '', '', '', '');
INSERT INTO `oc_journal2_blog_post_description` (`post_id`, `language_id`, `name`, `description`, `meta_title`, `meta_keywords`, `meta_description`, `keyword`, `tags`) VALUES ('7', '1', 'Introducing our classic watches lineup', '<p><img alt="" height="200" src="http://digital-cdn.net/1/image/data/journal2/blog/watch-small.jpg" style="float: right; margin-left: 30px; margin-bottom: 10px;" width="236" /><span style="line-height: 1.6;">Welcome to </span><strong style="line-height: 1.6;">Journal Blog</strong><span style="line-height: 1.6;">, a simple and very powerful blog system built directly into Journal offering an advanced feature set with over </span><strong style="line-height: 1.6;"><a href="javascript:Journal.openPopup(\'234\')">200 customization options</a></strong><span style="line-height: 1.6;">. You can author unlimited blog posts and display them in both Grid or List views with support for our famous&nbsp;Items per Row feature. The blog comes with 6 modules including an advanced </span><em style="line-height: 1.6;">Posts Module</em><span style="line-height: 1.6;"> that allows you to display articles on any page within your store and in any position. Now with support for Carousel mode even in List view.</span></p>\n\n<p>Lorem ipsum dolor sit amet, consectetur adipiscing elit. Aliquam iaculis egestas laoreet. Etiam faucibus massa sed risus lacinia in vulputate dolor imperdiet. Curabitur pharetra, purus a commodo dignissim, sapien nulla tempus nisi, et varius nulla urna at arcu.&nbsp;Lorem ipsum dolor sit amet, consectetur adipiscing elit. Aliquam iaculis egestas laoreet. Etiam faucibus massa sed risus lacinia in vulputate dolor imperdiet. Curabitur pharetra, purus a commodo dignissim, sapien nulla tempus nisi, et varius nulla urna at arcu.</p>\n\n<blockquote>This is a blockquoe element &nbsp;styled from the Journal admin. You can edit font settings, line-height, margin and padding as well as the red border on the left. Lorem ipsum dolor sit amet, consectetur adipiscing elit. Aliquam iaculis egestas laoreet.&nbsp;</blockquote>\n\n<p><img alt="" height="167" src="http://127.0.0.1:8080/journal2/image/data/journal2/blog/j3.jpg" style="float: left; margin-right: 20px; margin-bottom:10px;" width="250" />Lorem ipsum dolor sit amet, consectetur adipiscing elit. Aliquam iaculis egestas laoreet. Etiam faucibus massa sed risus lacinia in vulputate dolor imperdiet. Curabitur pharetra, purus a commodo dignissim, sapien nulla tempus nisi, et varius nulla urna at arcu.&nbsp;Lorem ipsum dolor sit amet, consectetur adipiscing elit. Aliquam iaculis egestas laoreet. Etiam faucibus massa sed risus lacinia in vulputate dolor imperdiet. Curabitur pharetra, purus a commodo dignissim, sapien nulla tempus nisi, et varius nulla urna at arcu.&nbsp;Lorem ipsum dolor sit amet, consectetur adipiscing elit. Aliquam iaculis egestas laoreet. Etiam faucibus massa sed risus lacinia in vulputate dolor imperdiet. Curabitur pharetra, purus a commodo dignissim, sapien nulla tempus nisi, et varius nulla urna at arcu.Lorem ipsum dolor sit amet, consectetur adipiscing elit. Aliquam iaculis egestas laoreet. Etiam faucibus massa sed risus lacinia in vulputate dolor imperdiet. Curabitur pharetra, purus a commodo dignissim, sapien nulla tempus nisi, et varius nulla urna at arcu.</p>', '', '', '', 'classic-watches', 'classic, watch, new, product');
INSERT INTO `oc_journal2_blog_post_description` (`post_id`, `language_id`, `name`, `description`, `meta_title`, `meta_keywords`, `meta_description`, `keyword`, `tags`) VALUES ('8', '3', '', '', '', '', '', '', '');
INSERT INTO `oc_journal2_blog_post_description` (`post_id`, `language_id`, `name`, `description`, `meta_title`, `meta_keywords`, `meta_description`, `keyword`, `tags`) VALUES ('8', '1', 'The wool jackets are back in stock', '<p>Lorem ipsum dolor sit amet, consectetur adipiscing elit. Aliquam iaculis egestas laoreet. Etiam faucibus massa sed risus lacinia in vulputate dolor imperdiet. Curabitur pharetra, purus a commodo dignissim, sapien nulla tempus nisi, et varius nulla urna at arcu.&nbsp;Lorem ipsum dolor sit amet, consectetur adipiscing elit. Aliquam iaculis egestas laoreet. Etiam faucibus massa sed risus lacinia in vulputate dolor imperdiet. Curabitur pharetra, purus a commodo dignissim, sapien nulla tempus nisi, et varius nulla urna at arcu.</p>\n\n<p><img alt="" height="167" src="http://digital-cdn.net/1/image/data/journal2/blog/j2.jpg" style="margin-left: 30px; margin-bottom: 10px; float: right;" width="250" />Welcome to <strong style="line-height: 1.6;">Journal Blog</strong>, a simple and very powerful blog system built directly into Journal offering an advanced feature set with over <strong style="line-height: 1.6;"><a href="javascript:Journal.openPopup(\'234\')">200 customization options</a></strong>. You can author unlimited blog posts and display them in both Grid or List views with support for our famous Items per Row feature. The blog comes with 6 modules including an advanced Posts Module that allows you to display articles on any page within your store and in any position. Now with support for Carousel mode even in List view.</p>\n\n<p>Lorem ipsum dolor sit amet, consectetur adipiscing elit. Aliquam iaculis egestas laoreet. Etiam faucibus massa sed risus lacinia in vulputate dolor imperdiet. Curabitur pharetra, purus a commodo dignissim, sapien nulla tempus nisi, et varius nulla urna at arcu.&nbsp;Lorem ipsum dolor sit amet, consectetur adipiscing elit. Aliquam iaculis egestas laoreet. Etiam faucibus massa sed risus lacinia in vulputate dolor imperdiet. Curabitur pharetra, purus a commodo dignissim, sapien nulla tempus nisi, et varius nulla urna at arcu.</p>', '', '', '', 'wool-jackets', 'Cool, Tag, Smart, Sweet');
INSERT INTO `oc_journal2_blog_post_description` (`post_id`, `language_id`, `name`, `description`, `meta_title`, `meta_keywords`, `meta_description`, `keyword`, `tags`) VALUES ('9', '2', '', '', '', '', '', '', '');
INSERT INTO `oc_journal2_blog_post_description` (`post_id`, `language_id`, `name`, `description`, `meta_title`, `meta_keywords`, `meta_description`, `keyword`, `tags`) VALUES ('9', '1', 'Journal Blog is Here', '<p><img alt="" height="600" src="http://127.0.0.1:8080/journal2/image/data/journal2/blog/post-wide.jpg" width="1500" /></p>\n\n<p>&nbsp;</p>\n\n<p>Welcome to <strong>Journal Blog</strong>, a simple and very powerful blog system built directly into Journal offering an advanced feature set with over <strong><a href="javascript:Journal.openPopup(\'234\')">200 customization options</a></strong>. You can author unlimited blog posts and display them in both Grid or List views with support for our famous&nbsp;Items per Row feature. The blog comes with 6 modules including an advanced <em>Posts Module</em> that allows you to display articles on any page within your store and in any position. Now with support for Carousel mode even in List view.</p>\n\n<blockquote>This is a blockquoe element &nbsp;styled from the Journal admin. You can edit font settings, line-height, margin and padding as well as the red border on the left. Lorem ipsum dolor sit amet, consectetur adipiscing elit. Aliquam iaculis egestas laoreet.&nbsp;</blockquote>\n\n<p>Lorem ipsum dolor sit amet, consectetur adipiscing elit. Aliquam iaculis egestas laoreet. Etiam faucibus massa sed risus lacinia in vulputate dolor imperdiet. Curabitur pharetra, purus a commodo dignissim, sapien nulla tempus nisi, et varius nulla urna at arcu.&nbsp;Lorem ipsum dolor sit amet, consectetur adipiscing elit. Aliquam iaculis egestas laoreet. Etiam faucibus massa sed risus lacinia in vulputate dolor imperdiet. Curabitur pharetra, purus a commodo dignissim, sapien nulla tempus nisi, et varius nulla urna at arcu.</p>\n\n<p><span style="line-height: 20.7999992370605px;">Lorem ipsum dolor sit amet, consectetur adipiscing elit. Aliquam iaculis egestas laoreet. Etiam faucibus massa sed risus lacinia in vulputate dolor imperdiet. Curabitur pharetra, purus a commodo dignissim, sapien nulla tempus nisi, et varius nulla urna at arcu.&nbsp;Lorem ipsum dolor sit amet, consectetur adipiscing elit. Aliquam iaculis egestas laoreet. Etiam faucibus massa sed risus lacinia in vulputate dolor imperdiet. Curabitur pharetra, purus a commodo dignissim, sapien nulla tempus nisi, et varius nulla urna at arcu.</span></p>\n\n<p><span style="line-height: 20.7999992370605px;">Lorem ipsum dolor sit amet, consectetur adipiscing elit. Aliquam iaculis egestas laoreet. Etiam faucibus massa sed risus lacinia in vulputate dolor imperdiet. Curabitur pharetra, purus a commodo dignissim, sapien nulla tempus nisi, et varius nulla urna at arcu.&nbsp;Lorem ipsum dolor sit amet, consectetur adipiscing elit. Aliquam iaculis egestas laoreet. Etiam faucibus massa sed risus lacinia in vulputate dolor imperdiet. Curabitur pharetra, purus a commodo dignissim, sapien nulla tempus nisi, et varius nulla urna at arcu.</span></p>', '', '', '', 'journal-blog', 'Cool, Tag, Smart, Sweet');


TRUNCATE TABLE `oc_journal2_blog_post_to_category`;

INSERT INTO `oc_journal2_blog_post_to_category` (`post_id`, `category_id`) VALUES ('1', '2');
INSERT INTO `oc_journal2_blog_post_to_category` (`post_id`, `category_id`) VALUES ('1', '3');
INSERT INTO `oc_journal2_blog_post_to_category` (`post_id`, `category_id`) VALUES ('1', '4');
INSERT INTO `oc_journal2_blog_post_to_category` (`post_id`, `category_id`) VALUES ('1', '5');
INSERT INTO `oc_journal2_blog_post_to_category` (`post_id`, `category_id`) VALUES ('2', '2');
INSERT INTO `oc_journal2_blog_post_to_category` (`post_id`, `category_id`) VALUES ('2', '5');
INSERT INTO `oc_journal2_blog_post_to_category` (`post_id`, `category_id`) VALUES ('3', '2');
INSERT INTO `oc_journal2_blog_post_to_category` (`post_id`, `category_id`) VALUES ('3', '3');
INSERT INTO `oc_journal2_blog_post_to_category` (`post_id`, `category_id`) VALUES ('4', '3');
INSERT INTO `oc_journal2_blog_post_to_category` (`post_id`, `category_id`) VALUES ('4', '4');
INSERT INTO `oc_journal2_blog_post_to_category` (`post_id`, `category_id`) VALUES ('5', '2');
INSERT INTO `oc_journal2_blog_post_to_category` (`post_id`, `category_id`) VALUES ('5', '3');
INSERT INTO `oc_journal2_blog_post_to_category` (`post_id`, `category_id`) VALUES ('5', '4');
INSERT INTO `oc_journal2_blog_post_to_category` (`post_id`, `category_id`) VALUES ('5', '5');
INSERT INTO `oc_journal2_blog_post_to_category` (`post_id`, `category_id`) VALUES ('6', '2');
INSERT INTO `oc_journal2_blog_post_to_category` (`post_id`, `category_id`) VALUES ('6', '3');
INSERT INTO `oc_journal2_blog_post_to_category` (`post_id`, `category_id`) VALUES ('6', '4');
INSERT INTO `oc_journal2_blog_post_to_category` (`post_id`, `category_id`) VALUES ('6', '5');
INSERT INTO `oc_journal2_blog_post_to_category` (`post_id`, `category_id`) VALUES ('7', '2');
INSERT INTO `oc_journal2_blog_post_to_category` (`post_id`, `category_id`) VALUES ('7', '3');
INSERT INTO `oc_journal2_blog_post_to_category` (`post_id`, `category_id`) VALUES ('7', '4');
INSERT INTO `oc_journal2_blog_post_to_category` (`post_id`, `category_id`) VALUES ('7', '5');
INSERT INTO `oc_journal2_blog_post_to_category` (`post_id`, `category_id`) VALUES ('8', '2');
INSERT INTO `oc_journal2_blog_post_to_category` (`post_id`, `category_id`) VALUES ('8', '3');
INSERT INTO `oc_journal2_blog_post_to_category` (`post_id`, `category_id`) VALUES ('8', '4');
INSERT INTO `oc_journal2_blog_post_to_category` (`post_id`, `category_id`) VALUES ('8', '5');


TRUNCATE TABLE `oc_journal2_blog_post_to_layout`;



TRUNCATE TABLE `oc_journal2_blog_post_to_product`;

INSERT INTO `oc_journal2_blog_post_to_product` (`post_id`, `product_id`) VALUES ('1', '63');
INSERT INTO `oc_journal2_blog_post_to_product` (`post_id`, `product_id`) VALUES ('1', '156');
INSERT INTO `oc_journal2_blog_post_to_product` (`post_id`, `product_id`) VALUES ('1', '183');
INSERT INTO `oc_journal2_blog_post_to_product` (`post_id`, `product_id`) VALUES ('1', '271');
INSERT INTO `oc_journal2_blog_post_to_product` (`post_id`, `product_id`) VALUES ('1', '272');
INSERT INTO `oc_journal2_blog_post_to_product` (`post_id`, `product_id`) VALUES ('2', '80');
INSERT INTO `oc_journal2_blog_post_to_product` (`post_id`, `product_id`) VALUES ('2', '179');
INSERT INTO `oc_journal2_blog_post_to_product` (`post_id`, `product_id`) VALUES ('2', '180');
INSERT INTO `oc_journal2_blog_post_to_product` (`post_id`, `product_id`) VALUES ('2', '272');
INSERT INTO `oc_journal2_blog_post_to_product` (`post_id`, `product_id`) VALUES ('2', '273');
INSERT INTO `oc_journal2_blog_post_to_product` (`post_id`, `product_id`) VALUES ('3', '34');
INSERT INTO `oc_journal2_blog_post_to_product` (`post_id`, `product_id`) VALUES ('3', '54');
INSERT INTO `oc_journal2_blog_post_to_product` (`post_id`, `product_id`) VALUES ('3', '63');
INSERT INTO `oc_journal2_blog_post_to_product` (`post_id`, `product_id`) VALUES ('3', '156');
INSERT INTO `oc_journal2_blog_post_to_product` (`post_id`, `product_id`) VALUES ('3', '183');
INSERT INTO `oc_journal2_blog_post_to_product` (`post_id`, `product_id`) VALUES ('4', '34');
INSERT INTO `oc_journal2_blog_post_to_product` (`post_id`, `product_id`) VALUES ('4', '54');
INSERT INTO `oc_journal2_blog_post_to_product` (`post_id`, `product_id`) VALUES ('4', '63');
INSERT INTO `oc_journal2_blog_post_to_product` (`post_id`, `product_id`) VALUES ('4', '156');
INSERT INTO `oc_journal2_blog_post_to_product` (`post_id`, `product_id`) VALUES ('4', '183');
INSERT INTO `oc_journal2_blog_post_to_product` (`post_id`, `product_id`) VALUES ('5', '34');
INSERT INTO `oc_journal2_blog_post_to_product` (`post_id`, `product_id`) VALUES ('5', '54');
INSERT INTO `oc_journal2_blog_post_to_product` (`post_id`, `product_id`) VALUES ('5', '63');
INSERT INTO `oc_journal2_blog_post_to_product` (`post_id`, `product_id`) VALUES ('5', '156');
INSERT INTO `oc_journal2_blog_post_to_product` (`post_id`, `product_id`) VALUES ('5', '183');
INSERT INTO `oc_journal2_blog_post_to_product` (`post_id`, `product_id`) VALUES ('6', '34');
INSERT INTO `oc_journal2_blog_post_to_product` (`post_id`, `product_id`) VALUES ('6', '54');
INSERT INTO `oc_journal2_blog_post_to_product` (`post_id`, `product_id`) VALUES ('6', '63');
INSERT INTO `oc_journal2_blog_post_to_product` (`post_id`, `product_id`) VALUES ('6', '156');
INSERT INTO `oc_journal2_blog_post_to_product` (`post_id`, `product_id`) VALUES ('6', '183');
INSERT INTO `oc_journal2_blog_post_to_product` (`post_id`, `product_id`) VALUES ('7', '34');
INSERT INTO `oc_journal2_blog_post_to_product` (`post_id`, `product_id`) VALUES ('7', '54');
INSERT INTO `oc_journal2_blog_post_to_product` (`post_id`, `product_id`) VALUES ('7', '63');
INSERT INTO `oc_journal2_blog_post_to_product` (`post_id`, `product_id`) VALUES ('7', '156');
INSERT INTO `oc_journal2_blog_post_to_product` (`post_id`, `product_id`) VALUES ('7', '183');
INSERT INTO `oc_journal2_blog_post_to_product` (`post_id`, `product_id`) VALUES ('8', '34');
INSERT INTO `oc_journal2_blog_post_to_product` (`post_id`, `product_id`) VALUES ('8', '54');
INSERT INTO `oc_journal2_blog_post_to_product` (`post_id`, `product_id`) VALUES ('8', '63');
INSERT INTO `oc_journal2_blog_post_to_product` (`post_id`, `product_id`) VALUES ('8', '156');
INSERT INTO `oc_journal2_blog_post_to_product` (`post_id`, `product_id`) VALUES ('8', '183');


TRUNCATE TABLE `oc_journal2_blog_post_to_store`;

INSERT INTO `oc_journal2_blog_post_to_store` (`post_id`, `store_id`) VALUES ('1', '0');
INSERT INTO `oc_journal2_blog_post_to_store` (`post_id`, `store_id`) VALUES ('2', '0');
INSERT INTO `oc_journal2_blog_post_to_store` (`post_id`, `store_id`) VALUES ('3', '0');
INSERT INTO `oc_journal2_blog_post_to_store` (`post_id`, `store_id`) VALUES ('4', '0');
INSERT INTO `oc_journal2_blog_post_to_store` (`post_id`, `store_id`) VALUES ('5', '0');
INSERT INTO `oc_journal2_blog_post_to_store` (`post_id`, `store_id`) VALUES ('6', '0');
INSERT INTO `oc_journal2_blog_post_to_store` (`post_id`, `store_id`) VALUES ('7', '0');
INSERT INTO `oc_journal2_blog_post_to_store` (`post_id`, `store_id`) VALUES ('8', '0');


DELETE FROM `oc_extension` WHERE `type` = "module" AND `code` LIKE "journal2%";

INSERT INTO `oc_extension` (`extension_id`, `type`, `code`) VALUES (NULL, 'module', 'journal2');
INSERT INTO `oc_extension` (`extension_id`, `type`, `code`) VALUES (NULL, 'module', 'journal2_static_banners');
INSERT INTO `oc_extension` (`extension_id`, `type`, `code`) VALUES (NULL, 'module', 'journal2_custom_sections');
INSERT INTO `oc_extension` (`extension_id`, `type`, `code`) VALUES (NULL, 'module', 'journal2_text_rotator');
INSERT INTO `oc_extension` (`extension_id`, `type`, `code`) VALUES (NULL, 'module', 'journal2_advanced_grid');
INSERT INTO `oc_extension` (`extension_id`, `type`, `code`) VALUES (NULL, 'module', 'journal2_slider');
INSERT INTO `oc_extension` (`extension_id`, `type`, `code`) VALUES (NULL, 'module', 'journal2_carousel');
INSERT INTO `oc_extension` (`extension_id`, `type`, `code`) VALUES (NULL, 'module', 'journal2_side_category');
INSERT INTO `oc_extension` (`extension_id`, `type`, `code`) VALUES (NULL, 'module', 'journal2_side_products');
INSERT INTO `oc_extension` (`extension_id`, `type`, `code`) VALUES (NULL, 'module', 'journal2_cms_blocks');
INSERT INTO `oc_extension` (`extension_id`, `type`, `code`) VALUES (NULL, 'module', 'journal2_fullscreen_slider');
INSERT INTO `oc_extension` (`extension_id`, `type`, `code`) VALUES (NULL, 'module', 'journal2_blog_categories');
INSERT INTO `oc_extension` (`extension_id`, `type`, `code`) VALUES (NULL, 'module', 'journal2_side_blocks');
INSERT INTO `oc_extension` (`extension_id`, `type`, `code`) VALUES (NULL, 'module', 'journal2_headline_rotator');
INSERT INTO `oc_extension` (`extension_id`, `type`, `code`) VALUES (NULL, 'module', 'journal2_popup');
INSERT INTO `oc_extension` (`extension_id`, `type`, `code`) VALUES (NULL, 'module', 'journal2_simple_slider');
INSERT INTO `oc_extension` (`extension_id`, `type`, `code`) VALUES (NULL, 'module', 'journal2_blog_side_posts');
INSERT INTO `oc_extension` (`extension_id`, `type`, `code`) VALUES (NULL, 'module', 'journal2_blog_comments');
INSERT INTO `oc_extension` (`extension_id`, `type`, `code`) VALUES (NULL, 'module', 'journal2_blog_search');
INSERT INTO `oc_extension` (`extension_id`, `type`, `code`) VALUES (NULL, 'module', 'journal2_blog_tags');
INSERT INTO `oc_extension` (`extension_id`, `type`, `code`) VALUES (NULL, 'module', 'journal2_blog_posts');
INSERT INTO `oc_extension` (`extension_id`, `type`, `code`) VALUES (NULL, 'module', 'journal2_super_filter');
INSERT INTO `oc_extension` (`extension_id`, `type`, `code`) VALUES (NULL, 'module', 'journal2_photo_gallery');
INSERT INTO `oc_extension` (`extension_id`, `type`, `code`) VALUES (NULL, 'module', 'journal2_newsletter');
INSERT INTO `oc_extension` (`extension_id`, `type`, `code`) VALUES (NULL, 'module', 'journal2_header_notice');
